971
CXCA52 TJSJ 031748
CLMISX


CLIMATE REPORT
NATIONAL WEATHER SERVICE SAN JUAN, PR
147 PM AST WED AUG 3 2016

...................................

...THE HENRY E. ROHLSEN AP/ST CROIX CLIMATE SUMMARY FOR THE MONTH OF JULY 2016...

CLIMATE NORMAL PERIOD 1981 TO 2010
CLIMATE RECORD PERIOD 1951 TO 2016

WEATHER         OBSERVED          NORMAL  DEPART  LAST YEAR`S
                 VALUE   DATE(S)  VALUE   FROM    VALUE  DATE(S)
                                          NORMAL
................................................................
TEMPERATURE (F)
RECORD
 HIGH              94   07/20/1972
                        07/08/1972
 LOW               64   07/05/1998
HIGHEST            93   07/29        92       1       93  07/30
LOWEST             75   07/02        81      -6       76  07/20
                                                          07/19
                                                          07/18
AVG. MAXIMUM     89.9              88.7     1.2     90.0
AVG. MINIMUM     78.6              78.5     0.1     78.4
MEAN             84.3              83.6     0.7     84.2
DAYS MAX >= 90     20               7.9    12.1       23
DAYS MAX <= 32      0               0.0     0.0        0
DAYS MIN <= 32      0               0.0     0.0        0
DAYS MIN <= 0       0               0.0     0.0        0

PRECIPITATION (INCHES)
RECORD
 MAXIMUM         7.62   1958
 MINIMUM         0.49   1976
TOTALS           3.54              3.04    0.50     0.77
DAILY AVG.       0.11              0.09    0.02     0.02
DAYS >= .01        21              17.0     4.0       14
DAYS >= .10         8               7.8     0.2        3
DAYS >= .50         1               1.6    -0.6        0
DAYS >= 1.00        0               0.5    -0.5        0
GREATEST
 24 HR. TOTAL    0.84   07/02 TO 07/02

SNOWFALL (INCHES)
TOTALS            0.0               0.0     0.0      0.0

DEGREE_DAYS
HEATING TOTAL       0                 0       0        0
COOLING TOTAL     607               577      30      600
.................................................................

WIND (MPH)
AVERAGE WIND SPEED              12.0
HIGHEST WIND SPEED/DIRECTION    31/080    DATE  07/31
HIGHEST GUST SPEED/DIRECTION    39/080    DATE  07/31

SKY COVER
AVERAGE SKY COVER           0.40

AVERAGE RH (PERCENT)     76

WEATHER CONDITIONS. NUMBER OF DAYS WITH
THUNDERSTORM              0     MIXED PRECIP               0
HEAVY RAIN                4     RAIN                       2
LIGHT RAIN               15     FREEZING RAIN              0
LT FREEZING RAIN          0     HAIL                       0
HEAVY SNOW                0     SNOW                       0
LIGHT SNOW                0     SLEET                      0
FOG                      10     FOG W/VIS <= 1/4 MILE      0
HAZE                      5

-  INDICATES NEGATIVE NUMBERS.
R  INDICATES RECORD WAS SET OR TIED.
MM INDICATES DATA IS MISSING.
T  INDICATES TRACE AMOUNT.

$$
