000
CXUS53 KGLD 020949
CLMITR

CLIMATE REPORT
NATIONAL WEATHER SERVICE GOODLAND
346 AM MDT TUE AUG 2 2016

...................................

...THE BURLINGTON CLIMATE SUMMARY FOR THE MONTH OF JULY 2016...

CLIMATE NORMAL PERIOD 1981 TO 2010
CLIMATE RECORD PERIOD 1896 TO 2016

WEATHER         OBSERVED          NORMAL  DEPART  LAST YEAR`S
                 VALUE   DATE(S)  VALUE   FROM    VALUE  DATE(S)
                                          NORMAL
................................................................
TEMPERATURE (F)
RECORD
 HIGH             108   07/07/2001
 LOW               36   07/03/1905
HIGHEST           103   07/20       101       2       99  07/05
LOWEST             53   07/12        52       1       52  07/07
AVG. MAXIMUM     91.9              88.5     3.4     88.9
AVG. MINIMUM     61.6              60.4     1.2     60.9
MEAN             76.7              74.5     2.2     74.9
DAYS MAX >= 90     23              15.0     8.0       16
DAYS MAX <= 32      0               0.0     0.0        0
DAYS MIN <= 32      0               0.0     0.0        0
DAYS MIN <= 0       0               0.0     0.0        0

PRECIPITATION (INCHES)
RECORD
 MAXIMUM         7.13   1958
 MINIMUM         0.29   1955
TOTALS           2.16              3.13   -0.97     4.65
DAILY AVG.       0.07              0.10   -0.03     0.15
DAYS >= .01        11                MM      MM       13
DAYS >= .10         7                MM      MM       10
DAYS >= .50         1                MM      MM        3
DAYS >= 1.00        0                MM      MM        2
GREATEST
 24 HR. TOTAL    1.53   06/30 TO 07/01              1.36


.................................................................



-  INDICATES NEGATIVE NUMBERS.
R  INDICATES RECORD WAS SET OR TIED.
MM INDICATES DATA IS MISSING.
T  INDICATES TRACE AMOUNT.

$$
