217
CXUS51 KCTP 011218
CLMJST

PHLCLMJST 000
TTAA00 KCTP 010845

CLIMATE REPORT
NATIONAL WEATHER SERVICE STATE COLLEGE PA
718 AM EST WED FEB 1 2017

...................................

...THE JOHNSTOWN CLIMATE SUMMARY FOR THE MONTH OF JANUARY 2017...

CLIMATE NORMAL PERIOD 1981 TO 2010
CLIMATE RECORD PERIOD 1892 TO 2017

WEATHER         OBSERVED          NORMAL  DEPART  LAST YEAR`S
                 VALUE   DATE(S)  VALUE   FROM    VALUE  DATE(S)
                                          NORMAL
................................................................
TEMPERATURE (F)
RECORD
 HIGH              80   01/26/1950
 LOW              -20   01/30/1977
HIGHEST            63   01/12                         57  01/31
LOWEST              1   01/09                         -1  01/05
AVG. MAXIMUM     38.5              32.1     6.4     31.7
AVG. MINIMUM     25.7              18.4     7.3     16.5
MEAN             32.1              25.2     6.9     24.1
DAYS MAX >= 90      0                MM      MM        0
DAYS MAX <= 32     11                MM      MM       17
DAYS MIN <= 32     21                MM      MM       28
DAYS MIN <= 0       0                MM      MM        1

PRECIPITATION (INCHES)
RECORD
 MAXIMUM         9.69   1937
 MINIMUM         0.66   1896
TOTALS           3.19              2.88    0.31     0.87
DAILY AVG.       0.10              0.09    0.01     0.03
DAYS >= .01        17                MM      MM        6
DAYS >= .10        12                MM      MM        5
DAYS >= .50         1                MM      MM        0
DAYS >= 1.00        0                MM      MM        0
GREATEST
 24 HR. TOTAL    0.73   01/11 TO 01/12

DEGREE_DAYS
HEATING TOTAL    1013              1232    -219     1260
 SINCE 7/1       3155              3817    -662     3052
COOLING TOTAL       0                 0       0        0
 SINCE 1/1          0                 0       0        0
.................................................

WIND (MPH)
AVERAGE WIND SPEED              11.3
HIGHEST WIND SPEED/DIRECTION    35/230    DATE  01/12
HIGHEST GUST SPEED/DIRECTION    49/230    DATE  01/12

SKY COVER
POSSIBLE SUNSHINE (PERCENT)   MM
AVERAGE SKY COVER           0.80
NUMBER OF DAYS FAIR            3
NUMBER OF DAYS PC              8
NUMBER OF DAYS CLOUDY         20

AVERAGE RH (PERCENT)     81

WEATHER CONDITIONS. NUMBER OF DAYS WITH
THUNDERSTORM              0     MIXED PRECIP               0
HEAVY RAIN                4     RAIN                       7
LIGHT RAIN               16     FREEZING RAIN              1
LT FREEZING RAIN          2     HAIL                       0
HEAVY SNOW                3     SNOW                       7
LIGHT SNOW               16     SLEET                      0
FOG                      30     FOG W/VIS <= 1/4 MILE     14
HAZE                      5

-  INDICATES NEGATIVE NUMBERS.
R  INDICATES RECORD WAS SET OR TIED.
MM INDICATES DATA IS MISSING.
T  INDICATES TRACE AMOUNT.

$$
