000
CXUS51 KCTP 010922
CLMJST

CLIMATE REPORT
NATIONAL WEATHER SERVICE STATE COLLEGE PA
230 AM EST THU DEC 1 2016

...................................

...THE JOHNSTOWN CLIMATE SUMMARY FOR THE MONTH OF NOVEMBER 2016...

CLIMATE NORMAL PERIOD 1981 TO 2010
CLIMATE RECORD PERIOD 1892 TO 2016

WEATHER         OBSERVED          NORMAL  DEPART  LAST YEAR`S
                 VALUE   DATE(S)  VALUE   FROM    VALUE  DATE(S)
                                          NORMAL
................................................................
TEMPERATURE (F)
RECORD
 HIGH              83   11/07/1938
 LOW                1   11/29/1930
HIGHEST            75   11/02                         74  11/03
LOWEST             22   11/23                         19  11/23
AVG. MAXIMUM     51.5              45.7     5.8     53.6
AVG. MINIMUM     35.4              33.4     2.0     38.3
MEAN             43.4              39.5     3.9     45.9
DAYS MAX >= 90      0                MM      MM        0
DAYS MAX <= 32      3                MM      MM        1
DAYS MIN <= 32     12                MM      MM        7
DAYS MIN <= 0       0                MM      MM        0

PRECIPITATION (INCHES)
RECORD
 MAXIMUM        10.24   1985
 MINIMUM         0.45   1917
TOTALS           1.53              3.70   -2.17     1.65
DAILY AVG.       0.05              0.12   -0.07     0.05
DAYS >= .01        11                MM      MM        9
DAYS >= .10         5                MM      MM        5
DAYS >= .50         1                MM      MM        2
DAYS >= 1.00        0                MM      MM        0
GREATEST
 24 HR. TOTAL    0.76   11/30 TO 11/30

DEGREE_DAYS
HEATING TOTAL     639               764    -125      563
 SINCE 7/1       1069              1457    -388     1118
COOLING TOTAL       0                 0       0        0
 SINCE 1/1        705               382     323      556
..........................................................

WIND (MPH)
AVERAGE WIND SPEED              10.0
HIGHEST WIND SPEED/DIRECTION    33/270    DATE  11/11
HIGHEST GUST SPEED/DIRECTION    44/280    DATE  11/20

SKY COVER
POSSIBLE SUNSHINE (PERCENT)   MM
AVERAGE SKY COVER           0.40
NUMBER OF DAYS FAIR           13
NUMBER OF DAYS PC              9
NUMBER OF DAYS CLOUDY          8

AVERAGE RH (PERCENT)     68

WEATHER CONDITIONS. NUMBER OF DAYS WITH
THUNDERSTORM              0     MIXED PRECIP               0
HEAVY RAIN                3     RAIN                       4
LIGHT RAIN               10     FREEZING RAIN              0
LT FREEZING RAIN          1     HAIL                       0
HEAVY SNOW                0     SNOW                       2
LIGHT SNOW                4     SLEET                      0
FOG                      13     FOG W/VIS <= 1/4 MILE      4
HAZE                      3

-  INDICATES NEGATIVE NUMBERS.
R  INDICATES RECORD WAS SET OR TIED.
MM INDICATES DATA IS MISSING.
T  INDICATES TRACE AMOUNT.

$$

LA CORTE
