000
CXUS55 KCYS 052050
CLMLAR


CLIMATE REPORT
NATIONAL WEATHER SERVICE CHEYENNE WY
150 PM MST WED NOV 5 2014

...................................

...THE LARAMIE WY AIRPORT CLIMATE SUMMARY FOR THE MONTH OF OCTOBER 2014...

CLIMATE NORMAL PERIOD 1981 TO 2010
CLIMATE RECORD PERIOD 1948 TO 2014

WEATHER         OBSERVED          NORMAL  DEPART  LAST YEAR`S
                 VALUE   DATE(S)  VALUE   FROM    VALUE
                                          NORMAL
.............................................................
TEMPERATURE (F)
RECORD
 HIGH              78   10/22/2003
                        10/04/1963
                        10/14/1958
 LOW              -18   10/30/1993
HIGHEST            74   10/15        MM      MM       72
LOWEST             24   10/28        MM      MM       18
                        10/27
                        10/02
AVG. MAXIMUM     61.1              55.7     5.4     50.8
AVG. MINIMUM     31.6              28.0     3.6     26.0
MEAN             46.3              41.8     4.5     38.4
DAYS MAX >= 90      0               0.0                0
DAYS MAX <= 32      0               1.1                2
DAYS MIN <= 32     19              20.5               27
DAYS MIN <= 0       0               0.4                0

PRECIPITATION (INCHES)
RECORD
 MAXIMUM         2.28   1972
 MINIMUM         0.00   1964
TOTALS           0.30              0.80   -0.50     2.08
DAYS >= .01         5               6.4    -1.4        9
DAYS >= .10         1               2.6    -1.6        4
DAYS >= .50         0               0.3    -0.3        2
DAYS >= 1.00        0               0.0     0.0        0
GREATEST
 24 HR. TOTAL    0.15   10/12 TO 10/12

DEGREE_DAYS
HEATING TOTAL     572               718    -146      817
 SINCE 7/1       1023              1243    -220     1141
COOLING TOTAL       0                 0       0        0
 SINCE 1/1         67                67       0      162
..............................................................

WIND (MPH)
AVERAGE WIND SPEED              11.6
HIGHEST WIND SPEED/DIRECTION    36/280    DATE  10/29
HIGHEST GUST SPEED/DIRECTION    45/270    DATE  10/29

SKY COVER
POSSIBLE SUNSHINE (PERCENT)   MM
AVERAGE SKY COVER           0.20
NUMBER OF DAYS FAIR           24
NUMBER OF DAYS PC              7
NUMBER OF DAYS CLOUDY          0

AVERAGE RH (PERCENT)     53

WEATHER CONDITIONS. NUMBER OF DAYS WITH
THUNDERSTORM              0     MIXED PRECIP               0
HEAVY RAIN                0     RAIN                       2
LIGHT RAIN                4     FREEZING RAIN              0
LT FREEZING RAIN          0     HAIL                       0
HEAVY SNOW                1     SNOW                       1
LIGHT SNOW                4     SLEET                      0
FOG                       8     FOG W/VIS <= 1/4 MILE      1
HAZE                      1

-  INDICATES NEGATIVE NUMBERS.
R  INDICATES RECORD WAS SET OR TIED.
MM INDICATES DATA IS MISSING.
T  INDICATES TRACE AMOUNT.

$$
