000
CXUS53 KLBF 011158
CLMLBF


CLIMATE REPORT
NATIONAL WEATHER SERVICE NORTH PLATTE
657 AM CDT SAT JUL 1 2017

...................................

...THE NORTH PLATTE NE CLIMATE SUMMARY FOR THE MONTH OF JUNE 2017...

CLIMATE NORMAL PERIOD 1981 TO 2010
CLIMATE RECORD PERIOD 1874 TO 2017

WEATHER         OBSERVED          NORMAL  DEPART  LAST YEAR`S
                 VALUE   DATE(S)  VALUE   FROM    VALUE  DATE(S)
                                          NORMAL
................................................................
TEMPERATURE (F)
RECORD
 HIGH             107   06/21/2017
                        06/26/2012
                        06/15/1952
 LOW               29   06/02/1969
HIGHEST           107R  06/21        96      11       96  06/16
LOWEST             44   06/25        41       3       42  06/05
AVG. MAXIMUM     87.9              81.8     6.1     87.4
AVG. MINIMUM     55.3              54.0     1.3     57.9
MEAN             71.6              67.9     3.7     72.6
DAYS MAX >= 90     14               5.4     8.6       12
DAYS MAX <= 32      0               0.0     0.0        0
DAYS MIN <= 32      0               0.0     0.0        0
DAYS MIN <= 0       0               0.0     0.0        0

PRECIPITATION (INCHES)
RECORD
 MAXIMUM        10.47   1951
 MINIMUM         0.33   1952
TOTALS           0.43              3.42   -2.99     3.26
DAILY AVG.       0.01              0.11   -0.10     0.11
DAYS >= .01         7              10.5    -3.5       10
DAYS >= .10         2               6.6    -4.6       10
DAYS >= .50         0               2.6    -2.6        1
DAYS >= 1.00        0               0.6    -0.6        0
GREATEST
 24 HR. TOTAL    0.23   06/27 TO 06/27           06/08 TO 06/09
                                                          06/30 TO 06/30
                                                          06/30 TO 06/30

SNOWFALL (INCHES)
RECORDS
 TOTAL              T   2014
                        2013
                        2009
TOTALS            0.0               0.0     0.0      0.0
SINCE 7/1        21.3              28.5    -7.2     32.4
SNOWDEPTH AVG.      0                MM      MM        0
DAYS >= 1.0         0               0.0     0.0        0
GREATEST
 SNOW DEPTH         0   MM                             0  MM
 24 HR TOTAL      0.0   06/30 TO 06/30

DEGREE_DAYS
HEATING TOTAL       7                51     -44       10
 SINCE 7/1       5672              6686   -1014     5716
COOLING TOTAL     212               138      74      248
 SINCE 1/1        229               166      63      258
.................................................

WIND (MPH)
AVERAGE WIND SPEED              7.9
HIGHEST WIND SPEED/DIRECTION    45/310    DATE  06/27
HIGHEST GUST SPEED/DIRECTION    64/300    DATE  06/27

SKY COVER
POSSIBLE SUNSHINE (PERCENT)   MM
AVERAGE SKY COVER           0.20
NUMBER OF DAYS FAIR           21
NUMBER OF DAYS PC              9
NUMBER OF DAYS CLOUDY          0

AVERAGE RH (PERCENT)     61

WEATHER CONDITIONS. NUMBER OF DAYS WITH
THUNDERSTORM              0     MIXED PRECIP               0
HEAVY RAIN                1     RAIN                       2
LIGHT RAIN               14     FREEZING RAIN              0
LT FREEZING RAIN          0     HAIL                       0
HEAVY SNOW                0     SNOW                       0
LIGHT SNOW                0     SLEET                      0
FOG                       5     FOG W/VIS <= 1/4 MILE      0
HAZE                      2

-  INDICATES NEGATIVE NUMBERS.
R  INDICATES RECORD WAS SET OR TIED.
MM INDICATES DATA IS MISSING.
T  INDICATES TRACE AMOUNT.

$$
