957
CXUS52 KILM 011923
CLMLBT


CLIMATE REPORT
NATIONAL WEATHER SERVICE WILMINGTON NC
321 PM EDT MON MAY 1 2017

...................................

...THE LUMBERTON NC CLIMATE SUMMARY FOR THE MONTH OF APRIL 2017...

CLIMATE NORMAL PERIOD 1981 TO 2010
CLIMATE RECORD PERIOD 9999 TO 9999

WEATHER         OBSERVED          NORMAL  DEPART  LAST YEAR`S
                 VALUE   DATE(S)  VALUE   FROM    VALUE  DATE(S)
                                          NORMAL
................................................................
TEMPERATURE (F)
HIGHEST            89   04/28                         90
LOWEST             35   04/08                         29
AVG. MAXIMUM     77.9              74.5     3.4     75.0
AVG. MINIMUM     56.3              49.0     7.3     49.9
MEAN             67.1              61.7     5.4     62.4
DAYS MAX >= 90      0               0.6    -0.6        1
DAYS MAX <= 32      0               0.0     0.0        0
DAYS MIN <= 32      0               1.0    -1.0        2
DAYS MIN <= 0       0               0.0     0.0        0

PRECIPITATION (INCHES)
RECORD
 MAXIMUM        13.74   1918
 MINIMUM         0.11   1976
TOTALS           6.07              2.82    3.25     3.17
DAILY AVG.       0.20              0.09    0.11     0.11
DAYS >= .01         8                                  5
DAYS >= .10         6                                  4
DAYS >= .50         4                                  3
DAYS >= 1.00        2                                  1
GREATEST
 24 HR. TOTAL    2.96   04/24 TO 04/24

DEGREE_DAYS
HEATING TOTAL      53               153    -100      136
COOLING TOTAL     122                55      67       70
...................................................

WIND (MPH)
AVERAGE WIND SPEED              7.3
RESULTANT WIND SPEED/DIRECTION   3/215
HIGHEST WIND SPEED/DIRECTION    38/250    DATE  04/06
HIGHEST GUST SPEED/DIRECTION    52/250    DATE  04/06

SKY COVER
POSSIBLE SUNSHINE (PERCENT)   MM
AVERAGE SKY COVER           0.30
NUMBER OF DAYS FAIR           16
NUMBER OF DAYS PC             10
NUMBER OF DAYS CLOUDY          4

AVERAGE RH (PERCENT)     73

WEATHER CONDITIONS. NUMBER OF DAYS WITH
THUNDERSTORM              5     MIXED PRECIP              MM
HEAVY RAIN                5     RAIN                       6
LIGHT RAIN               12     FREEZING RAIN              0
LT FREEZING RAIN          0     HAIL                      MM
HEAVY SNOW                0     SNOW                       0
LIGHT SNOW                0     SLEET                     MM
FOG                      13     FOG W/VIS <= 1/4 MILE      2
HAZE                      0

-  INDICATES NEGATIVE NUMBERS.
R  INDICATES RECORD WAS SET OR TIED.
MM INDICATES DATA IS MISSING.
T  INDICATES TRACE AMOUNT.

$$
