000
CXUS51 KOKX 011432
CLMLGA

CLIMATE REPORT
NATIONAL WEATHER SERVICE NEW YORK NY
924 AM EST THU DEC 1 2016



...THE LAGUARDIA NY CLIMATE SUMMARY FOR THE MONTH OF NOVEMBER 2016...

CLIMATE NORMAL PERIOD 1981 TO 2010
CLIMATE RECORD PERIOD 1939 TO 2016

WEATHER         OBSERVED          NORMAL  DEPART  LAST YEAR`S
                 VALUE   DATE(S)  VALUE   FROM    VALUE  DATE(S)
                                          NORMAL
................................................................
TEMPERATURE (F)
RECORD
 HIGH              83   11/02/1950
 LOW               17   11/29/1955
HIGHEST            75   11/03        MM      MM       75  11/06
LOWEST             37   11/23        MM      MM       33  11/24
                        11/20
AVG. MAXIMUM     58.7              54.7     4.0     59.6
AVG. MINIMUM     46.0              41.8     4.2     47.0
MEAN             52.3              48.3     4.0     53.3
DAYS MAX >= 90      0               0.0     0.0        0
DAYS MAX <= 32      0               0.0     0.0        0
DAYS MIN <= 32      0               2.5    -2.5        0
DAYS MIN <= 0       0               0.0     0.0        0

PRECIPITATION (INCHES)
RECORD
 MAXIMUM         9.92   1972
 MINIMUM         0.31   1976
TOTALS           5.37              3.41    1.96     1.70
DAILY AVG.       0.18              0.11    0.07     0.06
DAYS >= .01         8               9.2    -1.2        5
DAYS >= .10         5               5.9    -0.9        3
DAYS >= .50         3               2.6     0.4        1
DAYS >= 1.00        2               0.8     1.2        1
GREATEST
 24 HR. TOTAL    2.23   11/29 TO 11/29           11/19 TO 11/19
                                                          11/19 TO 11/20
                                                          11/20 TO 11/20
 STORM TOTAL       MM                                 MM
 (MM/DD(HH))            MM                    11/19(00) TO 11/19(00)
                                                 11/20(00) TO 11/20(00)0
                                                 11/20(00) TO 11/20(00)0

SNOWFALL (INCHES)
RECORDS
 TOTAL             MM   5
 24 HR TOTAL       MM
TOTALS              T               0.3    -0.3      0.0
 LIQUID EQUIV      MM              0.00      MM     0.00
SINCE 7/1           T               0.3    -0.3      0.0
 LIQUID 7/1        MM              0.00             0.00
DAYS >= TRACE       2               0.2     1.8        0
DAYS >= 1.0         0               0.1    -0.1        0
GREATEST
 SNOW DEPTH         0   MM                             0  MM
 24 HR TOTAL        T   11/21 TO 11/21           11/30 TO 11/30
                                                          11/20 TO 11/20
                                                          11/20 TO 11/20
 STORM TOTAL       MM                                 MM
 (MM/DD(HH))            MM                    11/30(00) TO 11/30(00)
                                                 11/20(00) TO 11/20(00)0
                                                 11/20(00) TO 11/20(00)0

DEGREE_DAYS
HEATING TOTAL     373               503    -130      348
 SINCE 7/1        538               775    -237      562
COOLING TOTAL       2                 1       1        5
 SINCE 1/1       1745              1214     531     1554
.................................................

WIND (MPH)
AVERAGE WIND SPEED              11.2
HIGHEST WIND SPEED/DIRECTION    37/310    DATE  11/22
HIGHEST GUST SPEED/DIRECTION    55/310    DATE  11/22

SKY COVER
POSSIBLE SUNSHINE (PERCENT)   MM
AVERAGE SKY COVER           0.50
NUMBER OF DAYS FAIR            9
NUMBER OF DAYS PC             12
NUMBER OF DAYS CLOUDY          9

AVERAGE RH (PERCENT)     56

WEATHER CONDITIONS. NUMBER OF DAYS WITH
THUNDERSTORM              0     MIXED PRECIP               0
HEAVY RAIN                5     RAIN                       4
LIGHT RAIN                8     FREEZING RAIN              0
LT FREEZING RAIN          0     HAIL                       0
HEAVY SNOW                0     SNOW                       0
LIGHT SNOW                2     SLEET                      0
FOG                       6     FOG W/VIS <= 1/4 MILE      0
HAZE                      4

-  INDICATES NEGATIVE NUMBERS.
R  INDICATES RECORD WAS SET OR TIED.
MM INDICATES DATA IS MISSING.
T  INDICATES TRACE AMOUNT.

$$
