000
CXUS51 KOKX 012244
CLMLGA

CLIMATE REPORT
NATIONAL WEATHER SERVICE NEW YORK NY
644 PM EDT SUN MAY 1 2016

...................................

...THE LAGUARDIA NY CLIMATE SUMMARY FOR THE MONTH OF APRIL 2016...

CLIMATE NORMAL PERIOD 1981 TO 2010
CLIMATE RECORD PERIOD 1945 TO 2016

WEATHER         OBSERVED          NORMAL  DEPART  LAST YEAR`S
                 VALUE   DATE(S)  VALUE   FROM    VALUE  DATE(S)
                                          NORMAL
................................................................
TEMPERATURE (F)
RECORD
 HIGH              94   04/17/2002
 LOW               22   04/07/1982
                        04/06/1982
HIGHEST            80   04/18        MM      MM       79  04/18
LOWEST             27   04/05        MM      MM       34  04/01
AVG. MAXIMUM     61.2              60.9     0.3     61.5
AVG. MINIMUM     45.2              44.4     0.8     45.2
MEAN             53.2              52.7     0.5     53.3
DAYS MAX >= 90      0               0.1    -0.1        0
DAYS MAX <= 32      0               0.0     0.0        0
DAYS MIN <= 32      3               0.7     2.3        0
DAYS MIN <= 0       0               0.0     0.0        0

PRECIPITATION (INCHES)
RECORD
 MAXIMUM        11.78   2007
 MINIMUM         0.99   1985
TOTALS           1.66              4.00   -2.34     1.82
DAILY AVG.       0.06              0.13   -0.07     0.06
DAYS >= .01        11              10.9     0.1        8
DAYS >= .10         7               6.6     0.4        5
DAYS >= .50         1               2.4    -1.4        1
DAYS >= 1.00        0               1.2    -1.2        0
GREATEST
 24 HR. TOTAL    0.50   04/04 TO 04/04           04/20 TO 04/21
                        04/03 TO 04/04                    04/30 TO 04/30
                        04/04 TO 04/04                    04/30 TO 04/30
 STORM TOTAL       MM                                 MM
 (MM/DD(HH))            MM                    04/21(00) TO 04/21(00)
                                                 04/30(00) TO 04/30(00)0
                                                 04/30(00) TO 04/30(00)0

SNOWFALL (INCHES)
RECORDS
 TOTAL             MM   5
 24 HR TOTAL       MM
TOTALS              T               0.5    -0.5      0.0
 LIQUID EQUIV      MM              0.10      MM     0.00
SINCE 7/1        36.2              26.9     9.3     53.8
 LIQUID 7/1      3.62              2.70             5.38
DAYS >= TRACE       2               0.2     1.8        0
DAYS >= 1.0         0               0.1    -0.1        0
GREATEST
 SNOW DEPTH         0   MM                             0  MM
 24 HR TOTAL        T   04/04 TO 04/04           04/30 TO 04/30
                                                          04/30 TO 04/30
                                                          04/30 TO 04/30
 STORM TOTAL       MM                                 MM
 (MM/DD(HH))            MM                    04/30(00) TO 04/30(00)
                                                 04/30(00) TO 04/30(00)0
                                                 04/30(00) TO 04/30(00)0

DEGREE_DAYS
HEATING TOTAL     354               378     -24      344
 SINCE 7/1       3511              4514   -1003     4900
COOLING TOTAL       8                 8       0        2
 SINCE 1/1         13                 8       5        2
.................................................

WIND (MPH)
AVERAGE WIND SPEED              10.4
HIGHEST WIND SPEED/DIRECTION    43/300    DATE  04/03
HIGHEST GUST SPEED/DIRECTION    54/310    DATE  04/03

SKY COVER
POSSIBLE SUNSHINE (PERCENT)   MM
AVERAGE SKY COVER           0.60
NUMBER OF DAYS FAIR            7
NUMBER OF DAYS PC             13
NUMBER OF DAYS CLOUDY         10

AVERAGE RH (PERCENT)     52

WEATHER CONDITIONS. NUMBER OF DAYS WITH
THUNDERSTORM              0     MIXED PRECIP               0
HEAVY RAIN                1     RAIN                       4
LIGHT RAIN               13     FREEZING RAIN              0
LT FREEZING RAIN          0     HAIL                       0
HEAVY SNOW                0     SNOW                       0
LIGHT SNOW                2     SLEET                      0
FOG                       6     FOG W/VIS <= 1/4 MILE      0
HAZE                      2

-  INDICATES NEGATIVE NUMBERS.
R  INDICATES RECORD WAS SET OR TIED.
MM INDICATES DATA IS MISSING.
T  INDICATES TRACE AMOUNT.

$$
