000
CXHW51 PHFO 080151
CLMLIH


CLIMATE REPORT
NATIONAL WEATHER SERVICE HONOLULU HI
351 PM HST THU JUL 7 2016

...................................

...THE LIHUE HI CLIMATE SUMMARY FOR THE MONTH OF JUNE 2016...

CLIMATE NORMAL PERIOD 1981 TO 2010
CLIMATE RECORD PERIOD 1946 TO 2016

WEATHER         OBSERVED          NORMAL  DEPART  LAST YEAR`S
                 VALUE   DATE(S)  VALUE   FROM    VALUE  DATE(S)
                                          NORMAL
................................................................
TEMPERATURE (F)
RECORD
 HIGH              89   06/15/1969
 LOW               61   06/03/1987
HIGHEST            83   06/30        83       0       MM  MM
                        06/14
LOWEST             66   06/05        73      -7       MM  MM
                        06/03
AVG. MAXIMUM     81.4              83.3    -1.9       MM
AVG. MINIMUM     71.1              73.0    -1.9       MM
MEAN             76.2              78.1    -1.9       MM
DAYS MAX >= 90      0               0.0     0.0       MM
DAYS MAX <= 32      0               0.0     0.0       MM
DAYS MIN <= 32      0               0.0     0.0       MM
DAYS MIN <= 0       0               0.0     0.0       MM

PRECIPITATION (INCHES)
RECORD
 MAXIMUM         4.83   1991
 MINIMUM         0.32   2007
TOTALS           1.08              1.61   -0.53       MM
DAILY AVG.       0.04              0.05   -0.01       MM
DAYS >= .01        19              17.2     1.8       MM
DAYS >= .10         5               5.0     0.0       MM
DAYS >= .50         0               0.4    -0.4       MM
DAYS >= 1.00        0               0.2    -0.2       MM
GREATEST
 24 HR. TOTAL    0.23   06/19 TO 06/20                MM

SNOWFALL (INCHES)
RECORDS
 TOTAL             MM   0
TOTALS            0.0               0.0     0.0       MM
SINCE 7/1         0.0               0.0     0.0       MM
SNOWDEPTH AVG.      0                MM      MM       MM
DAYS >= 1.0         0               0.0     0.0       MM
GREATEST
 SNOW DEPTH         0   MM                            MM  MM
 24 HR TOTAL      0.0   06/30 TO 06/30                MM

DEGREE_DAYS
HEATING TOTAL       0                 0       0       MM
 SINCE 7/1          0                 0       0       MM
COOLING TOTAL     345               394     -49       MM
 SINCE 1/1       1747              1633     114       MM
.................................................................

WIND (MPH)
AVERAGE WIND SPEED              15.5
HIGHEST WIND SPEED/DIRECTION    28/050    DATE  06/24
HIGHEST GUST SPEED/DIRECTION    34/050    DATE  06/24

SKY COVER
POSSIBLE SUNSHINE (PERCENT)   MM
AVERAGE SKY COVER           0.70
NUMBER OF DAYS FAIR            1
NUMBER OF DAYS PC             21
NUMBER OF DAYS CLOUDY          8

AVERAGE RH (PERCENT)     78

WEATHER CONDITIONS. NUMBER OF DAYS WITH
THUNDERSTORM              0     MIXED PRECIP               0
HEAVY RAIN                2     RAIN                       4
LIGHT RAIN               20     FREEZING RAIN              0
LT FREEZING RAIN          0     HAIL                       0
HEAVY SNOW                0     SNOW                       0
LIGHT SNOW                0     SLEET                      0
FOG                      20     FOG W/VIS <= 1/4 MILE      0
HAZE                      5

-  INDICATES NEGATIVE NUMBERS.
R  INDICATES RECORD WAS SET OR TIED.
MM INDICATES DATA IS MISSING.
T  INDICATES TRACE AMOUNT.

$$
