000
CXUS53 KLOT 011131
CLMLOT


CLIMATE REPORT
NATIONAL WEATHER SERVICE CHICAGO IL
625 AM CDT MON AUG 1 2016

...................................

...THE ROMEOVILLE  WFO CLIMATE SUMMARY FOR THE MONTH OF JULY 2016...

CLIMATE NORMAL PERIOD 1981 TO 2010
CLIMATE RECORD PERIOD 1992 TO 2016

WEATHER         OBSERVED          NORMAL  DEPART  LAST YEAR`S
                 VALUE   DATE(S)  VALUE   FROM    VALUE
                                          NORMAL
.............................................................
TEMPERATURE (F)
RECORD
 HIGH             102   07/24/2005
 LOW               48   07/02/2001
HIGHEST            91   07/24                         92
                        07/21
LOWEST             53   07/02                         52
AVG. MAXIMUM     83.6              84.0    -0.4     81.7
AVG. MINIMUM     65.8              64.1     1.7     62.3
MEAN             74.7              74.0     0.7     72.0

PRECIPITATION (INCHES)
RECORD
 MAXIMUM        12.91   1996
 MINIMUM         0.69   2013
TOTALS           7.57              4.71    2.86     4.15

DEGREE_DAYS
HEATING TOTAL       2                 2       0       11
 SINCE 7/1          2                 2       0       11
COOLING TOTAL     311               282      29      237
 SINCE 1/1        622               520     102      450
..............................................................

WIND (MPH)
AVERAGE WIND SPEED              5.9
HIGHEST WIND SPEED/DIRECTION    25/MM     DATE   MM
HIGHEST GUST SPEED/DIRECTION    73/270    DATE  07/25

AVERAGE RH (PERCENT)     72


-  INDICATES NEGATIVE NUMBERS.
R  INDICATES RECORD WAS SET OR TIED.
MM INDICATES DATA IS MISSING.
T  INDICATES TRACE AMOUNT.

$$
