000
CXUS53 KTOP 011442
CLMLWC


CLIMATE REPORT
NATIONAL WEATHER SERVICE TOPEKA KS
939 AM CDT WED JUL 1 2015

...................................

...THE LAWRENCE KS CLIMATE SUMMARY FOR THE MONTH OF JUNE 2015...

CLIMATE NORMAL PERIOD 1981 TO 2010
CLIMATE RECORD PERIOD 9999 TO 9999

WEATHER         OBSERVED          NORMAL  DEPART  LAST YEAR`S
                 VALUE   DATE(S)  VALUE   FROM    VALUE
                                          NORMAL
.............................................................
TEMPERATURE (F)
HIGHEST            96   06/25                         94
                        06/24
                        06/20
LOWEST             56   06/01                         51
AVG. MAXIMUM     86.1              84.9     1.2     85.8
AVG. MINIMUM     66.1              62.9     3.2     65.0
MEAN             76.1              73.9     2.2     75.4
DAYS MAX >= 90     10               6.3     3.7        9
DAYS MAX <= 32      0               0.0     0.0        0
DAYS MIN <= 32      0               0.0     0.0        0
DAYS MIN <= 0       0               0.0     0.0        0

PRECIPITATION (INCHES)
TOTALS           4.31              5.46   -1.15     9.16
DAILY AVG.       0.14                               0.31
DAYS >= .01        12                                 13
DAYS >= .10        10                                 11
DAYS >= .50         3                                  9
DAYS >= 1.00        1                                  2
GREATEST
 24 HR. TOTAL    1.39   06/04 TO 06/05              2.68

DEGREE_DAYS
HEATING TOTAL       3                 8      -5        0
 SINCE 7/1       5228              5092     136     5635
COOLING TOTAL     340               275      65      318
 SINCE 1/1        416               394      22      511
..............................................................

WIND (MPH)
AVERAGE WIND SPEED              7.8
HIGHEST WIND SPEED/DIRECTION    41/360    DATE  06/26
HIGHEST GUST SPEED/DIRECTION    52/360    DATE  06/26

SKY COVER
POSSIBLE SUNSHINE (PERCENT)   MM
AVERAGE SKY COVER           0.30
NUMBER OF DAYS FAIR           19
NUMBER OF DAYS PC              8
NUMBER OF DAYS CLOUDY          3

AVERAGE RH (PERCENT)     73

WEATHER CONDITIONS. NUMBER OF DAYS WITH
THUNDERSTORM             12     MIXED PRECIP               0
HEAVY RAIN                5     RAIN                       6
LIGHT RAIN               13     FREEZING RAIN              0
LT FREEZING RAIN          0     HEAVY SNOW                 0
SNOW                      0     LIGHT SNOW                 0
FOG                      14     FOG W/VIS <= 1/4 MILE      1
HAZE                      5

-  INDICATES NEGATIVE NUMBERS.
R  INDICATES RECORD WAS SET OR TIED.
MM INDICATES DATA IS MISSING.
T  INDICATES TRACE AMOUNT.

$$
