000
CXUS51 KRNK 011332
CLMLYH


CLIMATE REPORT
NATIONAL WEATHER SERVICE BLACKSBURG VA
831 AM EST FRI DEC 1 2017

...................................

...THE LYNCHBURG VA CLIMATE SUMMARY FOR THE MONTH OF NOVEMBER 2017...

CLIMATE NORMAL PERIOD 1981 TO 2010
CLIMATE RECORD PERIOD 1893 TO 2017

WEATHER         OBSERVED          NORMAL  DEPART  LAST YEAR`S
                 VALUE   DATE(S)  VALUE   FROM    VALUE
                                          NORMAL
.............................................................
TEMPERATURE (F)
RECORD
 HIGH              83   11/02/2016
                        11/02/1974
                        11/01/1974
 LOW                8   11/25/1970
HIGHEST            80   11/03                         83
LOWEST             23   11/24                         21
                        11/11
AVG. MAXIMUM     58.1              58.5    -0.4     62.8
AVG. MINIMUM     33.9              35.1    -1.2     35.9
MEAN             46.0              46.8    -0.8     49.4
DAYS MAX >= 90      0               0.0     0.0        0
DAYS MAX <= 32      0               0.0     0.0        0
DAYS MIN <= 32     18              12.0     6.0       13
DAYS MIN <= 0       0               0.0     0.0        0

PRECIPITATION (INCHES)
RECORD
 MAXIMUM         8.77   1985
 MINIMUM         0.19   1922
TOTALS           1.02              3.41   -2.39     1.17
DAILY AVG.       0.03              0.11   -0.08     0.04
DAYS >= .01        11               8.3     2.7        5
DAYS >= .10         3               5.4    -2.4        3
DAYS >= .50         0               2.5    -2.5        1
DAYS >= 1.00        0               1.1    -1.1        0
GREATEST
 24 HR. TOTAL    0.30                               0.64

SNOWFALL (INCHES)
TOTALS            0.0                                0.0
DAYS >= TRACE       0                                  0
DAYS >= 1.0         0                                  0
GREATEST
 24 HR TOTAL      0.0                                0.0

DEGREE_DAYS
HEATING TOTAL     563               547      16      469
COOLING TOTAL       0                 1      -1        6
..............................................................

WIND (MPH)
AVERAGE WIND SPEED              4.4
HIGHEST WIND SPEED/DIRECTION    23/200    DATE  11/18
HIGHEST GUST SPEED/DIRECTION    33/200    DATE  11/18

SKY COVER
AVERAGE SKY COVER           0.30

AVERAGE RH (PERCENT)     69

WEATHER CONDITIONS. NUMBER OF DAYS WITH
THUNDERSTORM              0     MIXED PRECIP               0
HEAVY RAIN                1     RAIN                       2
LIGHT RAIN               12     FREEZING RAIN              0
LT FREEZING RAIN          0     HAIL                       0
HEAVY SNOW                0     SNOW                       0
LIGHT SNOW                0     SLEET                      0
FOG                      14     FOG W/VIS <= 1/4 MILE      3
HAZE                      0

-  INDICATES NEGATIVE NUMBERS.
R  INDICATES RECORD WAS SET OR TIED.
MM INDICATES DATA IS MISSING.
T  INDICATES TRACE AMOUNT.

$$
