000
CXUS56 KHNX 020220
CLMMAE


CLIMATE REPORT
NATIONAL WEATHER SERVICE SAN JOAQUIN VALLEY - HANFORD CA
720 PM PDT SAT NOV 1 2014

...................................

...THE MADERA CA AIRPORT CLIMATE SUMMARY FOR THE MONTH OF OCTOBER 2014...

CLIMATE NORMAL PERIOD 1981 TO 2010
CLIMATE RECORD PERIOD 1998 TO 2014

WEATHER         OBSERVED          NORMAL  DEPART  LAST YEAR`S
                 VALUE   DATE(S)  VALUE   FROM    VALUE  DATE(S)
                                          NORMAL
................................................................
TEMPERATURE (F)
RECORD
 HIGH              99   10/03/2012
                        10/03/2001
 LOW               33   10/29/2009
                        10/12/2008
HIGHEST            96   10/06        MM      MM       87  10/07
                                                          10/06
LOWEST             41   10/27        MM      MM       39  10/31
                                                          10/30
AVG. MAXIMUM     84.0              79.2     4.8     78.5
AVG. MINIMUM     51.4              48.8     2.6     45.2
MEAN             67.7              64.0     3.7     61.9
DAYS MAX >= 90     10               3.2     6.8        0
DAYS MIN <= 32      0               0.0     0.0        0

PRECIPITATION (INCHES)
RECORD
 MAXIMUM         2.57   2004
TOTALS           0.38              0.88   -0.50     0.03
DAYS >= .01         1                MM      MM        1
DAYS >= .10         1                MM      MM        0
DAYS >= .50         0                MM      MM        0
DAYS >= 1.00        0                MM      MM        0
GREATEST
 24 HR. TOTAL    0.38   10/31 TO 10/31

SNOWFALL (INCHES)
RECORDS
 TOTAL             MM   MM
TOTALS            0.0                MM

DEGREE_DAYS
HEATING TOTAL      32                90     -58       98
 SINCE 7/1         32                97     -65      107
COOLING TOTAL     122                59      63        9
 SINCE 1/1       2952              1521    1431     1688
.................................................................

WIND (MPH)
AVERAGE WIND SPEED              5.0
HIGHEST WIND SPEED/DIRECTION    26/330    DATE  10/20
HIGHEST GUST SPEED/DIRECTION    35/320    DATE  10/20

AVERAGE RH (PERCENT)     52

WEATHER CONDITIONS. NUMBER OF DAYS WITH
THUNDERSTORM              0     RAIN                       4
HAIL                      0     FOG                        6
FOG W/VIS <= 1/4 MILE     0     HAZE                      15

-  INDICATES NEGATIVE NUMBERS.
R  INDICATES RECORD WAS SET OR TIED.
MM INDICATES DATA IS MISSING.
T  INDICATES TRACE AMOUNT.

$$

SANGER/OCHS

WEATHER.GOV/HANFORD
