000
CXUS54 KMAF 011406
CLMMAF


CLIMATE REPORT
NATIONAL WEATHER SERVICE MIDLAND TX
906 AM CDT MON AUG 1 2016

...................................

...THE MIDLAND CLIMATE SUMMARY FOR THE MONTH OF JULY 2016...

CLIMATE NORMAL PERIOD 1981 TO 2010
CLIMATE RECORD PERIOD 1930 TO 2016

WEATHER         OBSERVED          NORMAL  DEPART  LAST YEAR`S
                 VALUE   DATE(S)  VALUE   FROM    VALUE  DATE(S)
                                          NORMAL
................................................................
TEMPERATURE (F)
RECORD
 HIGH             112   07/02/1989
 LOW               49   07/13/1936
HIGHEST           108   07/12        94      14      103  07/27
                        07/04
LOWEST             71   07/29        69       2       68  07/14
                        07/28                             07/08
AVG. MAXIMUM    101.4              94.6     6.8     96.8
AVG. MINIMUM     75.0              69.7     5.3     72.6
MEAN             88.2              82.1     6.1     84.7
DAYS MAX >= 90     31              25.6     5.4       28
DAYS MAX <= 32      0               0.0     0.0        0
DAYS MIN <= 32      0               0.0     0.0        0
DAYS MIN <= 0       0               0.0     0.0        0

PRECIPITATION (INCHES)
RECORD
 MAXIMUM         8.50   1991
 MINIMUM         0.00   1946
TOTALS           0.24              1.82   -1.58     0.72
DAILY AVG.       0.01              0.06   -0.05     0.02
DAYS >= .01         4               4.9    -0.9        5
DAYS >= .10         2               2.9    -0.9        3
DAYS >= .50         0               1.3    -1.3        0
DAYS >= 1.00        0               0.4    -0.4        0
GREATEST
 24 HR. TOTAL    0.12   07/28 TO 07/28              1.94
                        07/27 TO 07/28
                        07/28 TO 07/28

DEGREE_DAYS
COOLING TOTAL     726               532     194      620
 SINCE 1/1       1692              1382     310     1427
.................................................................

WIND (MPH)
AVERAGE WIND SPEED              12.3
HIGHEST WIND SPEED/DIRECTION    53/300    DATE  07/06
HIGHEST GUST SPEED/DIRECTION    64/300    DATE  07/06

SKY COVER
POSSIBLE SUNSHINE (PERCENT)   MM
AVERAGE SKY COVER           0.10
NUMBER OF DAYS FAIR           30
NUMBER OF DAYS PC              1
NUMBER OF DAYS CLOUDY          0

AVERAGE RH (PERCENT)     43

WEATHER CONDITIONS. NUMBER OF DAYS WITH
THUNDERSTORM              0     MIXED PRECIP               0
HEAVY RAIN                1     RAIN                       2
LIGHT RAIN                7     FREEZING RAIN              0
LT FREEZING RAIN          0     HAIL                       0
HEAVY SNOW                0     SNOW                       0
LIGHT SNOW                0     SLEET                      0
FOG                       2     FOG W/VIS <= 1/4 MILE      0
HAZE                      8

-  INDICATES NEGATIVE NUMBERS.
R  INDICATES RECORD WAS SET OR TIED.
MM INDICATES DATA IS MISSING.
T  INDICATES TRACE AMOUNT.

$$
