000
CXUS53 KEAX 032034
CLMMCI

STLCLMWRK 000
TTAA00 KEAX 032032


CLIMATE REPORT
NATIONAL WEATHER SERVICE KANSAS CITY/PLEASANT HILL MO
329 PM CDT FRI JUL 3 2015

...................................

...THE KANSAS CITY INTERNATIONAL MO CLIMATE SUMMARY FOR THE MONTH OF JUNE 2015...

CLIMATE NORMAL PERIOD 1981 TO 2010
CLIMATE RECORD PERIOD 1888 TO 2015

WEATHER         OBSERVED          NORMAL  DEPART  LAST YEAR`S
                 VALUE   DATE(S)  VALUE   FROM    VALUE  DATE(S)
                                          NORMAL
................................................................
TEMPERATURE (F)
RECORD
 HIGH             108   06/23/1934
 LOW               37   06/27/2013
HIGHEST            95   06/20        93       2       91  06/30
LOWEST             57   06/02        50       7       52  06/13
                        06/01
AVG. MAXIMUM     83.7              83.5     0.2     82.9
AVG. MINIMUM     65.8              63.6     2.2     65.0
MEAN             74.8              73.5     1.3     74.0
DAYS MAX >= 90      7               4.5     2.5        2
DAYS MAX <= 32      0               0.0     0.0        0
DAYS MIN <= 32      0               0.0     0.0        0
DAYS MIN <= 0       0               0.0     0.0        0

PRECIPITATION (INCHES)
RECORD
 MAXIMUM        11.86   2001
 MINIMUM         0.33   1911
TOTALS           7.58              5.23    2.35     6.91
DAILY AVG.       0.25              0.17    0.08     0.23
DAYS >= .01        14              10.8     3.2       15
DAYS >= .10        12               7.5     4.5       12
DAYS >= .50         5               3.8     1.2        6
DAYS >= 1.00        2               1.7     0.3        2
GREATEST
 24 HR. TOTAL    2.25   06/03 TO 06/03

SNOWFALL (INCHES)
RECORDS
 TOTAL            0.0   0
                        0
                        0
TOTALS            0.0               0.0     0.0      0.0
SINCE 7/1        14.2              18.8    -4.6     26.1
SNOWDEPTH AVG.      0                MM      MM        0
DAYS >= 1.0         0               0.0     0.0        0
GREATEST
 SNOW DEPTH         0   MM                             0  MM
 24 HR TOTAL      0.0   06/30 TO 06/30

DEGREE_DAYS
HEATING TOTAL       3                 9      -6        1
 SINCE 7/1       5119              5133     -14     5786
COOLING TOTAL     305               266      39      277
 SINCE 1/1        373               382      -9      438
.................................................................

WIND (MPH)
AVERAGE WIND SPEED              9.4
HIGHEST WIND SPEED/DIRECTION    44/010    DATE  06/26
HIGHEST GUST SPEED/DIRECTION    53/010    DATE  06/26

SKY COVER
POSSIBLE SUNSHINE (PERCENT)   MM
AVERAGE SKY COVER           0.60
NUMBER OF DAYS FAIR            4
NUMBER OF DAYS PC             14
NUMBER OF DAYS CLOUDY         12

AVERAGE RH (PERCENT)     76

WEATHER CONDITIONS. NUMBER OF DAYS WITH
THUNDERSTORM             14     MIXED PRECIP               0
HEAVY RAIN                6     RAIN                       6
LIGHT RAIN               15     FREEZING RAIN              0
LT FREEZING RAIN          0     HAIL                       1
HEAVY SNOW                0     SNOW                       0
LIGHT SNOW                0     SLEET                      0
FOG                      17     FOG W/VIS <= 1/4 MILE      0
HAZE                      6

-  INDICATES NEGATIVE NUMBERS.
R  INDICATES RECORD WAS SET OR TIED.
MM INDICATES DATA IS MISSING.
T  INDICATES TRACE AMOUNT.

$$
