000
CXUS53 KGLD 032204 RRA
CLMMCK

CLIMATE REPORT
NATIONAL WEATHER SERVICE GOODLAND
400 PM MDT SAT SEP 3 2016

...................................

...THE MCCOOK CLIMATE SUMMARY FOR THE MONTH OF AUGUST 2016...

CLIMATE NORMAL PERIOD 1981 TO 2010
CLIMATE RECORD PERIOD 1896 TO 2016

WEATHER         OBSERVED          NORMAL  DEPART  LAST YEAR`S
                 VALUE   DATE(S)  VALUE   FROM    VALUE  DATE(S)
                                          NORMAL
................................................................
TEMPERATURE (F)
RECORD
 HIGH             111   08/03/1930
 LOW               39   08/24/1928
                        08/28/1911
HIGHEST           102   08/01       101       1      101  08/26
LOWEST             44   08/21        52      -8       42  08/24
AVG. MAXIMUM     87.2              87.6    -0.4     88.2
AVG. MINIMUM     61.1              59.9     1.2     60.0
MEAN             74.1              73.8     0.3     74.1
DAYS MAX >= 90     14              12.4     1.6       15
DAYS MAX <= 32      0               0.0     0.0        0
DAYS MIN <= 32      0               0.0     0.0        0
DAYS MIN <= 0       0               0.0     0.0        0

PRECIPITATION (INCHES)
RECORD
 MAXIMUM         6.16   1992
 MINIMUM         0.08   1971
TOTALS           2.70              3.14   -0.44     2.48
DAILY AVG.       0.09              0.10   -0.01     0.08
DAYS >= .01         6               7.7    -1.7        6
DAYS >= .10         5               5.1    -0.1        2
DAYS >= .50         2               2.3    -0.3        2
DAYS >= 1.00        1               1.0     0.0        1
GREATEST
 24 HR. TOTAL    1.40   08/12 TO 08/13              1.70



.................................................................



-  INDICATES NEGATIVE NUMBERS.
R  INDICATES RECORD WAS SET OR TIED.
MM INDICATES DATA IS MISSING.
T  INDICATES TRACE AMOUNT.

$$
