000
CXUS53 KGLD 011722
CLMMCK

CLIMATE REPORT
NATIONAL WEATHER SERVICE GOODLAND
1115 AM MDT FRI APR 1 2016

...................................

...THE MCCOOK CLIMATE SUMMARY FOR THE MONTH OF MARCH 2016...

CLIMATE NORMAL PERIOD 1981 TO 2010
CLIMATE RECORD PERIOD 1896 TO 2016

WEATHER         OBSERVED          NORMAL  DEPART  LAST YEAR`S
                 VALUE   DATE(S)  VALUE   FROM    VALUE  DATE(S)
                                          NORMAL
................................................................
TEMPERATURE (F)
RECORD
 HIGH              93   03/16/2015
                        03/30/1943
                        03/10/1989
 LOW              -20   03/03/1960
HIGHEST            83   03/21        80       3       93  03/16
LOWEST              9   03/20         9       0        7  03/05
AVG. MAXIMUM     62.7              54.1     8.6     66.4
AVG. MINIMUM     28.8              24.6     4.2     28.6
MEAN             45.7              39.4     6.3     47.5
DAYS MAX >= 90      0               0.0     0.0        1
DAYS MAX <= 32      0               2.3    -2.3        0
DAYS MIN <= 32     21              25.0    -4.0       20
DAYS MIN <= 0       0               0.6    -0.6        0

PRECIPITATION (INCHES)
RECORD
 MAXIMUM         4.20   1977
 MINIMUM         0.00   1968
TOTALS           0.48              1.36   -0.88     0.03
DAILY AVG.       0.02              0.04   -0.02     0.00
DAYS >= .01         2               5.9    -3.9        2
DAYS >= .10         1               3.1    -2.1        0
DAYS >= .50         0               0.8    -0.8        0
DAYS >= 1.00        0               0.2    -0.2        0
GREATEST
 24 HR. TOTAL    0.47   03/23 TO 03/23              0.02


.................................................................



-  INDICATES NEGATIVE NUMBERS.
R  INDICATES RECORD WAS SET OR TIED.
MM INDICATES DATA IS MISSING.
T  INDICATES TRACE AMOUNT.

$$
