000
CXUS42 KFFC 021315
CLMMCN


CLIMATE REPORT
NATIONAL WEATHER SERVICE PEACHTREE CITY GA
913 AM EDT FRI SEP 2 2016

...................................

...THE MACON CLIMATE SUMMARY FOR THE MONTH OF AUGUST 2016...

CLIMATE NORMAL PERIOD 1981 TO 2010
CLIMATE RECORD PERIOD 1899 TO 2016

WEATHER         OBSERVED          NORMAL  DEPART  LAST YEAR`S
                 VALUE   DATE(S)  VALUE   FROM    VALUE  DATE(S)
                                          NORMAL
................................................................
TEMPERATURE (F)
RECORD
 HIGH             105   08/10/2007
                        08/01/1986
                        08/21/1980
 LOW               55   08/28/1952
HIGHEST            99   08/17        MM      MM      100  08/04
LOWEST             68   08/26        MM      MM       57  08/26
                        08/25
AVG. MAXIMUM     93.9              91.4     2.5     91.0
AVG. MINIMUM     72.3              70.3     2.0     70.2
MEAN             83.1              80.9     2.2     80.6
DAYS MAX >= 90     28              20.2     7.8       23
DAYS MAX <= 32      0               0.0     0.0        0
DAYS MIN <= 32      0               0.0     0.0        0
DAYS MIN <= 0       0               0.0     0.0        0

PRECIPITATION (INCHES)
RECORD
 MAXIMUM        20.52   1928
 MINIMUM         0.70   1925
TOTALS           2.03              4.10   -2.07
DAILY AVG.       0.07              0.13   -0.06     0.16
DAYS >= .01        15              10.4     4.6       10
DAYS >= .10         6               6.5    -0.5        9
DAYS >= .50         1               2.7    -1.7        4
DAYS >= 1.00        0               1.3    -1.3        2
GREATEST
 24 HR. TOTAL    0.72   08/18 TO 08/19           08/06 TO 08/06
                                                          08/31 TO 08/31
                                                          08/31 TO 08/31

DEGREE_DAYS
HEATING TOTAL       0                 0       0        0
 SINCE 7/1          0                 0       0        0
COOLING TOTAL     569               491      78      489
 SINCE 1/1       2027              1744     283     1946
..................................................

WIND (MPH)
AVERAGE WIND SPEED              4.9
HIGHEST WIND SPEED/DIRECTION    26/210    DATE  08/01
HIGHEST GUST SPEED/DIRECTION    35/210    DATE  08/12

SKY COVER
POSSIBLE SUNSHINE (PERCENT)   MM
AVERAGE SKY COVER           0.30
NUMBER OF DAYS FAIR           20
NUMBER OF DAYS PC              9
NUMBER OF DAYS CLOUDY          2

AVERAGE RH (PERCENT)     71

WEATHER CONDITIONS. NUMBER OF DAYS WITH
THUNDERSTORM              0     MIXED PRECIP               0
HEAVY RAIN                2     RAIN                       1
LIGHT RAIN               12     FREEZING RAIN              0
LT FREEZING RAIN          0     HAIL                       0
HEAVY SNOW                0     SNOW                       0
LIGHT SNOW                0     SLEET                      0
FOG                      20     FOG W/VIS <= 1/4 MILE      0
HAZE                      2

-  INDICATES NEGATIVE NUMBERS.
R  INDICATES RECORD WAS SET OR TIED.
MM INDICATES DATA IS MISSING.
T  INDICATES TRACE AMOUNT.

$$
