000
CXUS52 KMLB 011627 AAA
CLMMCO

CLIMATE REPORT
NATIONAL WEATHER SERVICE MELBOURNE FL
1230 PM EDT MON JUN 1 2015

...................................

...THE ORLANDO AREA CLIMATE SUMMARY FOR THE MONTH OF MAY 2015...

CLIMATE NORMAL PERIOD 1981 TO 2010
CLIMATE RECORD PERIOD 1892 TO 2015

WEATHER         OBSERVED          NORMAL  DEPART  LAST YEAR`S
                 VALUE   DATE(S)  VALUE   FROM    VALUE  DATE(S)
                                          NORMAL
................................................................
TEMPERATURE (F)
MONTHLY RECORD
 WARMEST         80.6   1915
 COOLEST         72.5   1931
DAILY RECORD
 HIGH             102   05/31/1945
 LOW               47   05/03/1925
                        05/11/1923
MAY 2015
HIGHEST            95   05/22                         96
                        05/20
LOWEST             60   05/02                         60
AVG. MAXIMUM     89.5              88.1     1.4     88.4
AVG. MINIMUM     69.3              66.4     2.9     67.8
MEAN             79.4              77.3     2.1     78.1
DAYS MAX >= 90     18              11.3     6.7       14
DAYS MAX <= 32      0               0.0     0.0        0
DAYS MIN <= 32      0               0.0     0.0        0
DAYS MIN <= 0       0               0.0     0.0        0

PRECIPITATION (INCHES)
MONTHLY RECORD
 MAXIMUM        14.56   2009
 MINIMUM         0.43   1961
DAILY RECORD
 MAXIMUM         4.44   05/29/1932
MAY 2015
TOTALS           0.93              3.45   -2.52     3.59
DAYS >= .01         5               7.5    -2.5        9
DAYS >= .10         4               5.0    -1.0        4
DAYS >= .50         0               2.6    -2.6        2
DAYS >= 1.00        0               1.1    -1.1        1
GREATEST
 24 HR. TOTAL    0.39   05/14 TO 05/15

SNOWFALL (INCHES)
TOTALS            0.0               0.0     0.0      0.0
SINCE 7/1         0.0               0.0     0.0      0.0
DAYS >= TRACE       0                                  0

DEGREE_DAYS
HEATING TOTAL       0                 1      -1        0
 SINCE 7/1        486               571     -85      406
COOLING TOTAL     454               380      74      412
 SINCE 1/1       1180               801     379      934
.................................................................

WIND (MPH)
AVERAGE WIND SPEED              8.0
HIGHEST WIND SPEED/DIRECTION    25/280    DATE  05/20
HIGHEST GUST SPEED/DIRECTION    33/080    DATE  05/04

SKY COVER
POSSIBLE SUNSHINE (PERCENT)   MM
AVERAGE SKY COVER           0.40
NUMBER OF DAYS FAIR           10
NUMBER OF DAYS PC             19
NUMBER OF DAYS CLOUDY          2

AVERAGE RH (PERCENT)     67

WEATHER CONDITIONS. NUMBER OF DAYS WITH
THUNDERSTORM              7     MIXED PRECIP               0
HEAVY RAIN                1     RAIN                       4
LIGHT RAIN               10     LT FREEZING RAIN           0
HAIL                      0     LIGHT SNOW                 0
SLEET                     0     FOG                        8
FOG W/VIS <= 1/4 MILE     0     HAZE                       1

-  INDICATES NEGATIVE NUMBERS.
R  INDICATES RECORD WAS SET OR TIED.
MM INDICATES DATA IS MISSING.
T  INDICATES TRACE AMOUNT.

================================================================

...THE ORLANDO AREA CLIMATE SUMMARY FOR THE SPRING SEASON, FROM
3/1/2015 TO 5/31/2015...

CLIMATE NORMAL PERIOD 1981 TO 2010
CLIMATE RECORD PERIOD 1892 TO 2015

WEATHER         OBSERVED          NORMAL  DEPART  LAST YEAR`S
                 VALUE   DATE(S)  VALUE   FROM    VALUE  DATE(S)
                                          NORMAL
................................................................
TEMPERATURE (F)
SPRING RECORDS
 WARMEST         76.6   2015
 COOLEST         66.5   1931
DAILY RECORDS
 HIGH             102   05/31/1945
 LOW               25   03/03/1980
SPRING 2015
HIGHEST            95   05/22                         96
                        05/20
LOWEST             45   03/30                         45
AVG. MAXIMUM     86.7              82.9     3.8     83.4
AVG. MINIMUM     66.5              60.8     5.7     62.3
MEAN             76.6              71.8     4.8     72.9
DAYS MAX >= 90     26              13.4    12.6       18
DAYS MAX <= 32      0               0.0     0.0        0
DAYS MIN <= 32      0               0.0     0.0        0
DAYS MIN <= 0       0               0.0                0

PRECIPITATION (INCHES)
SPRING RECORDS
 MAXIMUM        23.86   1991
 MINIMUM         1.88   1898
SPRING 2015
TOTALS           5.89              9.90   -4.01    12.31
DAYS >= .01        19              21.1    -2.1       23
DAYS >= .10        14              13.7     0.3       13
DAYS >= .50         4               6.8    -2.8        9
DAYS >= 1.00        1               3.0    -2.0        5
GREATEST
 24 HR. TOTAL    1.50   04/11 TO 04/11

SNOWFALL (INCHES)
TOTALS            0.0               0.0     0.0      0.0
SINCE 7/1         0.0               0.0     0.0      0.0
DAYS >= TRACE       0                                  0

DEGREE_DAYS
HEATING TOTAL      16                71     -55       42
COOLING TOTAL    1106               697     409      784
.................................................................

WIND (MPH)
AVERAGE WIND SPEED              7.6
HIGHEST WIND SPEED/DIRECTION    35/270    DATE  03/27
HIGHEST GUST SPEED/DIRECTION    46/250    DATE  03/27

SKY COVER
POSSIBLE SUNSHINE (PERCENT)   MM
AVERAGE SKY COVER           0.50
NUMBER OF DAYS FAIR           22
NUMBER OF DAYS PC             53
NUMBER OF DAYS CLOUDY         17

AVERAGE RH (PERCENT)     70

WEATHER CONDITIONS. NUMBER OF DAYS WITH
THUNDERSTORM             19     MIXED PRECIP               0
HEAVY RAIN                7     RAIN                      12
LIGHT RAIN               30     LT FREEZING RAIN           0
HAIL                      0     LIGHT SNOW                 0
SLEET                     0     FOG                       45
FOG W/VIS <= 1/4 MILE     6     HAZE                       5

-  INDICATES NEGATIVE NUMBERS.
R  INDICATES RECORD WAS SET OR TIED.
MM INDICATES DATA IS MISSING.
T  INDICATES TRACE AMOUNT.

$$

ULRICH
