000
CXUS53 KLOT 011131
CLMMDW


CLIMATE REPORT
NATIONAL WEATHER SERVICE CHICAGO IL
625 AM CDT MON AUG 1 2016

...................................

...THE CHICAGO-MIDWAY CLIMATE SUMMARY FOR THE MONTH OF JULY 2016...

CLIMATE NORMAL PERIOD 1981 TO 2010
CLIMATE RECORD PERIOD 1928 TO 2016

WEATHER         OBSERVED          NORMAL  DEPART  LAST YEAR`S
                 VALUE   DATE(S)  VALUE   FROM    VALUE
                                          NORMAL
.............................................................
TEMPERATURE (F)
RECORD
 HIGH             109   07/23/1934
 LOW               46   07/05/1972
HIGHEST            94   07/24                         94
LOWEST             59   07/02                         56
AVG. MAXIMUM     85.2              84.2     1.0     83.6
AVG. MINIMUM     69.3              67.5     1.8     66.9
MEAN             77.3              75.9     1.4     75.2

PRECIPITATION (INCHES)
RECORD
 MAXIMUM        10.39   2010
 MINIMUM         0.31   1936
TOTALS           4.95              4.01    0.94     2.25

DEGREE_DAYS
HEATING TOTAL       0                 1      -1        4
 SINCE 7/1          0                 1      -1        4
COOLING TOTAL     388               338      50      329
 SINCE 1/1        783               622     161      617
..............................................................

WIND (MPH)
AVERAGE WIND SPEED              8.3
HIGHEST WIND SPEED/DIRECTION    33/350    DATE  07/21
HIGHEST GUST SPEED/DIRECTION    47/350    DATE  07/21

AVERAGE RH (PERCENT)     66


-  INDICATES NEGATIVE NUMBERS.
R  INDICATES RECORD WAS SET OR TIED.
MM INDICATES DATA IS MISSING.
T  INDICATES TRACE AMOUNT.

$$
