000
CXUS54 KMEG 021625
CLMMEG


CLIMATE REPORT
NATIONAL WEATHER SERVICE MEMPHIS TN
1022 AM CST THU FEB 2 2017

...................................

...THE MEMPHIS/GERMANTOWN WFO CLIMATE SUMMARY FOR THE MONTH OF JANUARY 2017...

CLIMATE NORMAL PERIOD 1981 TO 2010
CLIMATE RECORD PERIOD 1988 TO 2017

WEATHER         OBSERVED          NORMAL  DEPART  LAST YEAR`S
                 VALUE   DATE(S)  VALUE   FROM    VALUE  DATE(S)
                                          NORMAL
................................................................
TEMPERATURE (F)
RECORD
 HIGH              77   01/31/2002
                        01/30/2002
 LOW                5   01/07/2014
HIGHEST            75   01/12        77      -2       72  01/31
LOWEST             11   01/08         6       5       17  01/11
AVG. MAXIMUM     56.1              48.5     7.6     49.5
AVG. MINIMUM     39.1              29.6     9.5     29.9
MEAN             47.6              39.1     8.5     39.7
DAYS MAX >= 90      0               0.0     0.0        0
DAYS MAX <= 32      3               2.6     0.4        1
DAYS MIN <= 32     10              19.5    -9.5       23
DAYS MIN <= 0       0               0.0     0.0        0

PRECIPITATION (INCHES)
RECORD
 MAXIMUM        10.57   2013
 MINIMUM         1.34   2015
TOTALS           3.66              3.96   -0.30     2.74
DAILY AVG.       0.12              0.13   -0.01     0.09
DAYS >= .01        10              10.8    -0.8        8
DAYS >= .10         6               7.1    -1.1        5
DAYS >= .50         4               3.3     0.7        1
DAYS >= 1.00        0               1.3    -1.3        1
GREATEST
 24 HR. TOTAL    0.83   01/02 TO 01/02

SNOWFALL (INCHES)
RECORDS
 TOTAL            7.6   2011
TOTALS            1.0               0.3     0.7      0.9
SINCE 7/1         1.0               0.4     0.6      0.9
SNOWDEPTH AVG.      0                MM      MM        0
DAYS >= 1.0         1               0.1     0.9        0
GREATEST
 SNOW DEPTH         0   MM                             1  01/22
 24 HR TOTAL      1.0   01/06 TO 01/06

DEGREE_DAYS
HEATING TOTAL     532               805    -273      776
 SINCE 7/1       1529              2129    -600     1554
COOLING TOTAL       0                 0       0        0
 SINCE 1/1          0                 0       0        0
.................................................................



-  INDICATES NEGATIVE NUMBERS.
R  INDICATES RECORD WAS SET OR TIED.
MM INDICATES DATA IS MISSING.
T  INDICATES TRACE AMOUNT.

$$
