000
CXUS44 KBRO 011128
CLMMFE


CLIMATE REPORT
NATIONAL WEATHER SERVICE BROWNSVILLE TX
626 AM CDT MON MAY 1 2017

...................................

...THE MCALLEN CLIMATE SUMMARY FOR THE MONTH OF APRIL 2017...

CLIMATE NORMAL PERIOD 1981 TO 2010
CLIMATE RECORD PERIOD 1961 TO 2017

WEATHER         OBSERVED          NORMAL  DEPART  LAST YEAR`S
                 VALUE   DATE(S)  VALUE   FROM    VALUE  DATE(S)
                                          NORMAL
................................................................
TEMPERATURE (F)
HIGHEST           105   04/26        97       8      101  04/30
LOWEST             56   04/06        50       6       51  04/03
AVG. MAXIMUM     92.4              87.1     5.3
AVG. MINIMUM     69.6              66.0     3.6
MEAN             81.0              76.5     4.5     80.1
DAYS MAX >= 90     23              11.0    12.0
DAYS MAX <= 32      0               0.0     0.0
DAYS MIN <= 32      0               0.0     0.0
DAYS MIN <= 0       0               0.0     0.0

PRECIPITATION (INCHES)
TOTALS           0.73              1.34   -0.61     0.59
DAILY AVG.       0.02              0.04   -0.02     0.02
DAYS >= .01         4               4.2    -0.2        5
DAYS >= .10         2               2.0     0.0        1
DAYS >= .50         1               0.8     0.2        1
DAYS >= 1.00        0               0.3    -0.3        0
GREATEST
 24 HR. TOTAL    0.52   04/12 TO 04/12           04/23 TO 04/24

DEGREE_DAYS
HEATING TOTAL       0                 8      -8        1
 SINCE 7/1        189               579    -390      318
COOLING TOTAL     487               354     133      461
 SINCE 1/1       1329               731     598     1027
.................................................

WIND (MPH)
AVERAGE WIND SPEED              12.3
HIGHEST WIND SPEED/DIRECTION    35/350    DATE  04/30
HIGHEST GUST SPEED/DIRECTION    46/350    DATE  04/30

SKY COVER
AVERAGE SKY COVER           0.40
NUMBER OF DAYS FAIR           13
NUMBER OF DAYS PC             15
NUMBER OF DAYS CLOUDY          2

AVERAGE RH (PERCENT)     61

WEATHER CONDITIONS. NUMBER OF DAYS WITH
THUNDERSTORM              0     MIXED PRECIP               0
HEAVY RAIN                1     RAIN                       1
LIGHT RAIN                8     FREEZING RAIN              0
LT FREEZING RAIN          0     HAIL                       0
HEAVY SNOW                0     SNOW                       0
LIGHT SNOW                0     SLEET                      0
FOG                       8     FOG W/VIS <= 1/4 MILE      0
HAZE                      8

-  INDICATES NEGATIVE NUMBERS.
R  INDICATES RECORD WAS SET OR TIED.
MM INDICATES DATA IS MISSING.
T  INDICATES TRACE AMOUNT.

$$
