000
CXUS54 KBMX 011345
CLMMGM


CLIMATE REPORT
NATIONAL WEATHER SERVICE BIRMINGHAM, AL
844 AM CDT TUE SEP 1 2015

...................................

...THE MONTGOMERY CLIMATE SUMMARY FOR THE MONTH OF AUGUST 2015...

CLIMATE NORMAL PERIOD 1981 TO 2010
CLIMATE RECORD PERIOD 1994 TO 2015

WEATHER         OBSERVED          NORMAL  DEPART  LAST YEAR`S
                 VALUE   DATE(S)  VALUE   FROM    VALUE  DATE(S)
                                          NORMAL
................................................................
TEMPERATURE (F)
RECORD
 HIGH             106   08/14/2007
                        08/12/2007
                        08/11/2007
 LOW               56   08/29/1992
HIGHEST           100   08/04        MM      MM      100  08/23
LOWEST             60   08/26        MM      MM       63  08/15
AVG. MAXIMUM     94.2              91.9     2.3     93.8
AVG. MINIMUM     71.8              71.0     0.8     71.5
MEAN             83.0                               82.7
DAYS MAX >= 90     26              21.5     4.5       29
DAYS MAX <= 32      0               0.0     0.0        0
DAYS MIN <= 32      0               0.0     0.0        0
DAYS MIN <= 0       0               0.0     0.0        0

PRECIPITATION (INCHES)
RECORD
 MAXIMUM        15.58   1939
 MINIMUM         0.44   1925
TOTALS           1.64              3.96   -2.32     3.41
DAILY AVG.       0.05              0.13   -0.08     0.11
DAYS >= .01         8               9.1    -1.1        9
DAYS >= .10         6               5.6     0.4        7
DAYS >= .50         0               2.5    -2.5        4
DAYS >= 1.00        0               1.3    -1.3        0

DEGREE_DAYS
HEATING TOTAL       0                 0       0        0
 SINCE 7/1          0                 0       0        0
COOLING TOTAL     568               510      58      553
 SINCE 1/1       2221              1789     432     1899
.................................................................

WIND (MPH)
AVERAGE WIND SPEED              4.9
HIGHEST WIND SPEED/DIRECTION    29/260    DATE  08/11
HIGHEST GUST SPEED/DIRECTION    39/260    DATE  08/11

AVERAGE RH (PERCENT)     67

WEATHER CONDITIONS. NUMBER OF DAYS WITH
THUNDERSTORM              0     MIXED PRECIP               0
HEAVY RAIN                4     RAIN                       6
LIGHT RAIN                9     FREEZING RAIN              0
LT FREEZING RAIN          0     HAIL                       0
HEAVY SNOW                0     SNOW                       0
LIGHT SNOW                0     SLEET                      0
FOG                      17     FOG W/VIS <= 1/4 MILE      2
HAZE                      5

-  INDICATES NEGATIVE NUMBERS.
R  INDICATES RECORD WAS SET OR TIED.
MM INDICATES DATA IS MISSING.
T  INDICATES TRACE AMOUNT.

$$
