000
CXUS53 KIND 011523
CLMMIE


CLIMATE REPORT
NATIONAL WEATHER SERVICE INDIANAPOLIS IN
1114 AM EDT SAT JUL 1 2017

...................................

...THE MUNCIE IN CLIMATE SUMMARY FOR THE MONTH OF JUNE 2017...

CLIMATE NORMAL PERIOD 1981 TO 2010
CLIMATE RECORD PERIOD 9999 TO 9999

WEATHER         OBSERVED          NORMAL  DEPART  LAST YEAR`S
                 VALUE   DATE(S)  VALUE   FROM    VALUE  DATE(S)
                                          NORMAL
................................................................
TEMPERATURE (F)
HIGHEST            93   06/12                         93  06/26
                                                          06/11
LOWEST             49   06/08                         51  06/09
                                                          06/08
AVG. MAXIMUM     83.1              81.3     1.8     84.6
AVG. MINIMUM     62.9              61.5     1.4     63.3
MEAN             73.0              71.4     1.6     73.9
DAYS MAX >= 90      3               3.2    -0.2        6
DAYS MAX <= 32      0               0.0     0.0        0
DAYS MIN <= 32      0               0.0     0.0        0
DAYS MIN <= 0       0               0.0     0.0        0

PRECIPITATION (INCHES)
TOTALS           9.16              4.66    4.50     3.62
DAILY AVG.       0.31              0.16    0.15     0.12
DAYS >= .01        11              11.3    -0.3       11
DAYS >= .10         8               7.7     0.3        6
DAYS >= .50         3               3.0     0.0        2
DAYS >= 1.00        3               1.2     1.8        2
GREATEST
 24 HR. TOTAL    3.67   06/23 TO 06/23

DEGREE_DAYS
HEATING TOTAL       3                24     -21        3
 SINCE 7/1       4364              5783   -1419     4640
COOLING TOTAL     248               216      32      279
 SINCE 1/1        364               299      65      386
.................................................................

WIND (MPH)
AVERAGE WIND SPEED              8.1
HIGHEST WIND SPEED/DIRECTION    30/280    DATE  06/18
HIGHEST GUST SPEED/DIRECTION    39/280    DATE  06/18

SKY COVER
POSSIBLE SUNSHINE (PERCENT)   MM
AVERAGE SKY COVER           0.20
NUMBER OF DAYS FAIR           24
NUMBER OF DAYS PC              5
NUMBER OF DAYS CLOUDY          1

AVERAGE RH (PERCENT)     61

WEATHER CONDITIONS. NUMBER OF DAYS WITH
THUNDERSTORM              9     MIXED PRECIP               0
HEAVY RAIN                6     RAIN                       8
LIGHT RAIN               12     FREEZING RAIN              0
LT FREEZING RAIN          0     HAIL                       0
HEAVY SNOW                0     SNOW                       0
LIGHT SNOW                0     SLEET                      0
FOG                       9     FOG W/VIS <= 1/4 MILE      2
HAZE                      2

-  INDICATES NEGATIVE NUMBERS.
R  INDICATES RECORD WAS SET OR TIED.
MM INDICATES DATA IS MISSING.
T  INDICATES TRACE AMOUNT.

$$
