000
CXUS53 KIND 011607
CLMMIE


CLIMATE REPORT
NATIONAL WEATHER SERVICE INDIANAPOLIS IN
1107 AM EST MON DEC 1 2014

...................................

...THE MUNCIE IN CLIMATE SUMMARY FOR THE MONTH OF NOVEMBER 2014...

CLIMATE NORMAL PERIOD 1981 TO 2010
CLIMATE RECORD PERIOD 9999 TO 9999

WEATHER         OBSERVED          NORMAL  DEPART  LAST YEAR`S
                 VALUE   DATE(S)  VALUE   FROM    VALUE  DATE(S)
                                          NORMAL
................................................................
TEMPERATURE (F)
HIGHEST            65   11/03                         65  11/17
LOWEST              9   11/18                         13  11/24
AVG. MAXIMUM     43.7              51.2    -7.5     46.3
AVG. MINIMUM     28.7              34.1    -5.4     31.1
MEAN             36.2              42.6    -6.4     38.7
DAYS MAX >= 90      0               0.0     0.0        0
DAYS MAX <= 32      8               1.3     6.7        4
DAYS MIN <= 32     18              13.9     4.1       18
DAYS MIN <= 0       0               0.0     0.0        0

PRECIPITATION (INCHES)
TOTALS           2.45              3.45   -1.00     1.81
DAILY AVG.       0.08              0.12   -0.04     0.06
DAYS >= .01        10              11.0    -1.0        7
DAYS >= .10         6               7.1    -1.1        4
DAYS >= .50         1               2.7    -1.7        1
DAYS >= 1.00        1               0.8     0.2        1
GREATEST
 24 HR. TOTAL    1.55   11/23 TO 11/24

DEGREE_DAYS
HEATING TOTAL     858               671     187      779
 SINCE 7/1       1353              1135     218     1251
COOLING TOTAL       0                 1      -1        0
 SINCE 1/1        831               956    -125      973
.................................................................

WIND (MPH)
AVERAGE WIND SPEED              11.0
HIGHEST WIND SPEED/DIRECTION    35/260    DATE  11/24
HIGHEST GUST SPEED/DIRECTION    47/250    DATE  11/24

SKY COVER
POSSIBLE SUNSHINE (PERCENT)   MM
AVERAGE SKY COVER           0.60
NUMBER OF DAYS FAIR            8
NUMBER OF DAYS PC             10
NUMBER OF DAYS CLOUDY         12

AVERAGE RH (PERCENT)     69

WEATHER CONDITIONS. NUMBER OF DAYS WITH
THUNDERSTORM              1     MIXED PRECIP               0
HEAVY RAIN                2     RAIN                       2
LIGHT RAIN                8     FREEZING RAIN              0
LT FREEZING RAIN          0     HAIL                       0
HEAVY SNOW                0     SNOW                       2
LIGHT SNOW                6     SLEET                      0
FOG                      12     FOG W/VIS <= 1/4 MILE      0
HAZE                      7

-  INDICATES NEGATIVE NUMBERS.
R  INDICATES RECORD WAS SET OR TIED.
MM INDICATES DATA IS MISSING.
T  INDICATES TRACE AMOUNT.

$$
