000
CXUS53 KIND 011644
CLMMIE


CLIMATE REPORT
NATIONAL WEATHER SERVICE INDIANAPOLIS IN
1238 PM EDT WED JUL 1 2015

...................................

...THE MUNCIE IN CLIMATE SUMMARY FOR THE MONTH OF JUNE 2015...

CLIMATE NORMAL PERIOD 1981 TO 2010
CLIMATE RECORD PERIOD 9999 TO 9999

WEATHER         OBSERVED          NORMAL  DEPART  LAST YEAR`S
                 VALUE   DATE(S)  VALUE   FROM    VALUE  DATE(S)
                                          NORMAL
................................................................
TEMPERATURE (F)
HIGHEST            90   06/11                         90  06/18
                        06/10                             06/17
LOWEST             46   06/02                         47  06/14
AVG. MAXIMUM     79.3              81.3    -2.0     81.7
AVG. MINIMUM     63.1              61.5     1.6     63.5
MEAN             71.2              71.4    -0.2     72.6
DAYS MAX >= 90      2               3.2    -1.2        2
DAYS MAX <= 32      0               0.0     0.0        0
DAYS MIN <= 32      0               0.0     0.0        0
DAYS MIN <= 0       0               0.0     0.0        0

PRECIPITATION (INCHES)
TOTALS           7.69              4.66    3.03     5.46
DAILY AVG.       0.27              0.16    0.11     0.18
DAYS >= .01        15              11.3     3.7       15
DAYS >= .10        11               7.7     3.3       10
DAYS >= .50         7               3.0     4.0        4
DAYS >= 1.00        1               1.2    -0.2        2
GREATEST
 24 HR. TOTAL    2.29   06/19 TO 06/19

DEGREE_DAYS
HEATING TOTAL      28                24       4        8
 SINCE 7/1       6219              5783     436     6419
COOLING TOTAL     220               216       4      245
 SINCE 1/1        364               299      65      360
.................................................................

WIND (MPH)
AVERAGE WIND SPEED              7.9
HIGHEST WIND SPEED/DIRECTION    33/320    DATE  06/08
HIGHEST GUST SPEED/DIRECTION    44/330    DATE  06/08

SKY COVER
POSSIBLE SUNSHINE (PERCENT)   MM
AVERAGE SKY COVER           0.50
NUMBER OF DAYS FAIR           13
NUMBER OF DAYS PC             12
NUMBER OF DAYS CLOUDY          5

AVERAGE RH (PERCENT)     74

WEATHER CONDITIONS. NUMBER OF DAYS WITH
THUNDERSTORM             12     MIXED PRECIP               0
HEAVY RAIN               11     RAIN                      13
LIGHT RAIN               17     FREEZING RAIN              0
LT FREEZING RAIN          0     HAIL                       0
HEAVY SNOW                0     SNOW                       0
LIGHT SNOW                0     SLEET                      0
FOG                      21     FOG W/VIS <= 1/4 MILE      1
HAZE                     11

-  INDICATES NEGATIVE NUMBERS.
R  INDICATES RECORD WAS SET OR TIED.
MM INDICATES DATA IS MISSING.
T  INDICATES TRACE AMOUNT.

$$
