000
CXUS52 KMLB 011415
CLMMLB


CLIMATE REPORT
NATIONAL WEATHER SERVICE MELBOURNE FL
859 AM EST WED FEB 1 2017

...................................

...THE MELBOURNE CLIMATE SUMMARY FOR THE MONTH OF JANUARY 2017...

CLIMATE NORMAL PERIOD 1981 TO 2010
CLIMATE RECORD PERIOD 1939 TO 2017

WEATHER         OBSERVED          NORMAL  DEPART  LAST YEAR`S
                 VALUE   DATE(S)  VALUE   FROM    VALUE  DATE(S)
                                          NORMAL
................................................................
TEMPERATURE (F)
MONTHLY RECORD
 HOTTEST         71.2   1974
 COLDEST         52.2   1981
DAILY RECORD
 HIGH              89   01/07/1960
                        01/16/1957
 LOW               17   01/19/1977
JANUARY 2017
HIGHEST            87   01/22                         84
LOWEST             37   01/31                         33
AVG. MAXIMUM     75.2              71.4     3.8     69.3
AVG. MINIMUM     52.9              49.2     3.7     51.6
MEAN             64.0              60.3     3.7     60.5
DAYS MAX >= 90      0               0.0     0.0        0
DAYS MAX <= 32      0               0.0     0.0        0
DAYS MIN <= 32      0               1.6    -1.6        0
DAYS MIN <= 0       0               0.0     0.0        0

PRECIPITATION (INCHES)
MONTHLY RECORD
 MAXIMUM         8.17   1979
 MINIMUM            T   2012
DAILY RECORD
 MAXIMUM         4.70   01/12/1979
JANUARY 2017
TOTALS           1.46              2.27   -0.81     7.83
DAYS >= .01         7               7.8    -0.8       14
DAYS >= .10         4               4.2    -0.2        9
DAYS >= .50         1               1.4    -0.4        5
DAYS >= 1.00        0               0.6    -0.6        3
GREATEST
 24 HR. TOTAL    0.76   01/22 TO 01/23

SNOWFALL (INCHES)
TOTALS            0.0               0.0     0.0      0.0
SINCE 7/1         0.0               0.0     0.0      0.0
DAYS >= TRACE       0                                  0

DEGREE_DAYS
HEATING TOTAL     101               190     -89      171
 SINCE 7/1        148               369    -221      183
COOLING TOTAL      78                44      34       36
 SINCE 1/1         78                37      41       36
.................................................................

WIND (MPH)
AVERAGE WIND SPEED              7.9
HIGHEST WIND SPEED/DIRECTION    37/260    DATE  01/23
HIGHEST GUST SPEED/DIRECTION    45/260    DATE  01/23

SKY COVER
POSSIBLE SUNSHINE (PERCENT)   MM
AVERAGE SKY COVER           0.30
NUMBER OF DAYS FAIR           17
NUMBER OF DAYS PC             11
NUMBER OF DAYS CLOUDY          3

AVERAGE RH (PERCENT)     73

WEATHER CONDITIONS. NUMBER OF DAYS WITH
THUNDERSTORM              3     MIXED PRECIP               0
HEAVY RAIN                3     RAIN                       4
LIGHT RAIN               13     LT FREEZING RAIN           0
HAIL                      0     LIGHT SNOW                 0
SLEET                     0     FOG                       22
FOG W/VIS <= 1/4 MILE     3     HAZE                       4

-  INDICATES NEGATIVE NUMBERS.
R  INDICATES RECORD WAS SET OR TIED.
MM INDICATES DATA IS MISSING.
T  INDICATES TRACE AMOUNT.

$$
