513
CXUS51 KCAR 081315
CLMMLT


CLIMATE REPORT
NATIONAL WEATHER SERVICE CARIBOU, ME
915 AM EDT THU SEP 8 2016

...................................

...THE MILLINOCKET ME CLIMATE SUMMARY FOR THE SEASON, FROM
6/1/2016 TO 8/31/2016...

CLIMATE NORMAL PERIOD 1981 TO 2010
CLIMATE RECORD PERIOD 1903 TO 2016

WEATHER         OBSERVED          NORMAL  DEPART  LAST YEAR`S
                 VALUE   DATE(S)  VALUE   FROM    VALUE  DATE(S)
                                          NORMAL
................................................................
TEMPERATURE (F)
RECORD
 HIGH             101   06/18/1907
 LOW                0   06/23/2016
HIGHEST            90   07/22        MM      MM       91  08/18
LOWEST             40   06/17        MM      MM       41  06/02
AVG. MAXIMUM     76.8              76.2     0.6     75.7
AVG. MINIMUM     55.5              54.9     0.6     55.9
MEAN             66.1              65.5     0.6     65.8
DAYS MAX >= 90      1               2.3    -1.3        2
DAYS MAX <= 32      0               0.0     0.0        0
DAYS MIN <= 32      0               0.0     0.0        0
DAYS MIN <= 0       0               0.0     0.0        0

PRECIPITATION (INCHES)
RECORD
 MAXIMUM        18.62   2006
 MINIMUM        11.24   2014
TOTALS           9.39R                    -2.47
DAILY AVG.       0.10              0.13   -0.03     0.15
DAYS >= .01        34                MM      MM       40
DAYS >= .10        20                MM      MM       30
DAYS >= .50         6                MM      MM       10
DAYS >= 1.00        1                MM      MM        5
GREATEST
 24 HR. TOTAL    1.17   MM                       08/31 TO 08/31
                                                          08/31 TO 08/31
                                                          08/31 TO 08/31

SNOWFALL (INCHES)
RECORDS
 TOTAL             MM   MM
TOTALS             MM                MM      MM      0.0
SINCE 7/1          MM                MM      MM      0.0
SNOWDEPTH AVG.     MM                MM      MM        0
DAYS >= 1.0         0                MM      MM        0
GREATEST
 SNOW DEPTH        MM                                  0  MM
 24 HR TOTAL       MM                            08/31 TO 08/31
                                                          08/31 TO 08/31
                                                          08/31 TO 08/31

DEGREE_DAYS
HEATING TOTAL     156               195     -39      181
 SINCE 7/1         40                79     -39       21
COOLING TOTAL     301               245      56      278
 SINCE 1/1        307               251      56      312
..................................................

WIND (MPH)
AVERAGE WIND SPEED              4.7
HIGHEST WIND SPEED/DIRECTION    25/310    DATE  08/08
HIGHEST GUST SPEED/DIRECTION    38/360    DATE  06/14

SKY COVER
POSSIBLE SUNSHINE (PERCENT)   MM
AVERAGE SKY COVER           0.40
NUMBER OF DAYS FAIR           46
NUMBER OF DAYS PC             27
NUMBER OF DAYS CLOUDY         19

AVERAGE RH (PERCENT)     69

WEATHER CONDITIONS. NUMBER OF DAYS WITH
THUNDERSTORM              0     MIXED PRECIP               0
HEAVY RAIN               17     RAIN                      17
LIGHT RAIN               41     FREEZING RAIN              0
LT FREEZING RAIN          0     HAIL                       0
HEAVY SNOW                0     SNOW                       0
LIGHT SNOW                0     SLEET                      0
FOG                      38     FOG W/VIS <= 1/4 MILE      7
HAZE                      5

-  INDICATES NEGATIVE NUMBERS.
R  INDICATES RECORD WAS SET OR TIED.
MM INDICATES DATA IS MISSING.
T  INDICATES TRACE AMOUNT.

$$
