000
CXUS56 KPQR 011551
CLMMMV


CLIMATE REPORT
NATIONAL WEATHER SERVICE PORTLAND OREGON
751 AM PST THU JAN 1 2015

...................................

...THE MCMINNVILLE OR CLIMATE SUMMARY FOR THE MONTH OF DECEMBER 2014...

CLIMATE NORMAL PERIOD 1981 TO 2010
CLIMATE RECORD PERIOD 1894 TO 2014

WEATHER         OBSERVED          NORMAL  DEPART  LAST YEAR`S
                 VALUE   DATE(S)  VALUE   FROM    VALUE  DATE(S)
                                          NORMAL
................................................................
TEMPERATURE (F)
HIGHEST            63                                 57  12/01
LOWEST             23                                  9  12/08
AVG. MAXIMUM     50.6              45.7     4.9     41.2
AVG. MINIMUM     39.2              33.8     5.4     29.5
MEAN             44.9              39.8     5.1     35.4
DAYS MAX >= 90      0               0.0     0.0        0
DAYS MAX <= 32      0               1.0    -1.0        5
DAYS MIN <= 32      5              11.5    -6.5       20
DAYS MIN <= 0       0               0.0     0.0        0

PRECIPITATION (INCHES)
RECORD
 MAXIMUM        17.65   1917
 MINIMUM         0.20   1989
TOTALS           6.04              6.09   -0.05     1.32
DAYS >= .01        20                MM      MM       10
DAYS >= .10         9                MM      MM        3
DAYS >= .50         4                MM      MM        1
DAYS >= 1.00        2                MM      MM        0
GREATEST
 24 HR. TOTAL    1.65   12/20 TO 12/21

DEGREE_DAYS
HEATING TOTAL     603               783    -180      912
 SINCE 7/1       1390              2005    -615     2040
COOLING TOTAL       0                 0       0        0
 SINCE 1/1        529               215     314      405
.................................................................

WIND (MPH)
AVERAGE WIND SPEED              6.6
RESULTANT WIND SPEED/DIRECTION   1/325
HIGHEST WIND SPEED/DIRECTION    38/180    DATE  12/11
HIGHEST GUST SPEED/DIRECTION    61/180    DATE  12/11

SKY COVER
POSSIBLE SUNSHINE (PERCENT)   MM
AVERAGE SKY COVER           0.70

AVERAGE RH (PERCENT)     81

WEATHER CONDITIONS. NUMBER OF DAYS WITH
THUNDERSTORM              0     MIXED PRECIP               0
HEAVY RAIN                2     RAIN                       8
LIGHT RAIN               24     FREEZING RAIN              0
LT FREEZING RAIN          0     HAIL                       0
HEAVY SNOW                0     SNOW                       0
LIGHT SNOW                0     SLEET                      0
FOG                      21     FOG W/VIS <= 1/4 MILE      8
HAZE                      0

-  INDICATES NEGATIVE NUMBERS.
R  INDICATES RECORD WAS SET OR TIED.
MM INDICATES DATA IS MISSING.
T  INDICATES TRACE AMOUNT.

$$
