000
CXUS51 KPHI 011145
CLMMPO


CLIMATE REPORT
NATIONAL WEATHER SERVICE MOUNT HOLLY NJ
743 AM EDT FRI SEP 1 2017

...................................

...THE MOUNT POCONO PA CLIMATE SUMMARY FOR THE MONTH OF AUGUST 2017...

CLIMATE NORMAL PERIOD 1981 TO 2010
CLIMATE RECORD PERIOD 1901 TO 2017

WEATHER         OBSERVED          NORMAL  DEPART  LAST YEAR`S
                 VALUE   DATE(S)  VALUE   FROM    VALUE
                                          NORMAL
.............................................................
TEMPERATURE (F)
RECORD
 HIGH              95   08/14/1911
                        08/08/1909
 LOW               31   08/30/1986
HIGHEST            82                MM      MM       88
LOWEST             44                MM      MM       45
AVG. MAXIMUM     73.0              76.4    -3.4     78.3
AVG. MINIMUM     53.9              57.0    -3.1     58.6
MEAN             63.5              66.7    -3.2     68.5
DAYS MAX >= 90      0               0.1    -0.1        0
DAYS MAX <= 32      0               0.0     0.0        0
DAYS MIN <= 32      0               0.0     0.0        0
DAYS MIN <= 0       0               0.0     0.0        0

PRECIPITATION (INCHES)
RECORD
 MAXIMUM        23.66   1955
 MINIMUM         0.64   1914
TOTALS           4.27              4.46   -0.19     3.93
DAILY AVG.       0.14              0.14    0.00     0.13
DAYS >= .01        12                MM      MM       12
DAYS >= .10         7                MM      MM        9
DAYS >= .50         3                MM      MM        3
DAYS >= 1.00        2                MM      MM        1
GREATEST
 24 HR. TOTAL    1.65   08/02 TO 08/02              2.04

DEGREE_DAYS
HEATING TOTAL      86                41      45       16
 SINCE 7/1         98                63      35       32
COOLING TOTAL      46                94     -48      130
 SINCE 1/1        229               296     -67      346
..............................................................

WIND (MPH)
AVERAGE WIND SPEED              6.1
HIGHEST WIND SPEED/DIRECTION    32/090    DATE  08/02
HIGHEST GUST SPEED/DIRECTION    47/090    DATE  08/02

SKY COVER
POSSIBLE SUNSHINE (PERCENT)   MM
AVERAGE SKY COVER           0.40
NUMBER OF DAYS FAIR           16
NUMBER OF DAYS PC              9
NUMBER OF DAYS CLOUDY          4

AVERAGE RH (PERCENT)     80

WEATHER CONDITIONS. NUMBER OF DAYS WITH
THUNDERSTORM              0     MIXED PRECIP               0
HEAVY RAIN                3     RAIN                       7
LIGHT RAIN               16     FREEZING RAIN              0
LT FREEZING RAIN          0     HEAVY SNOW                 0
SNOW                      0     LIGHT SNOW                 0
SLEET                     0     FOG                       12
FOG W/VIS <= 1/4 MILE     3     HAZE                       1

-  INDICATES NEGATIVE NUMBERS.
R  INDICATES RECORD WAS SET OR TIED.
MM INDICATES DATA IS MISSING.
T  INDICATES TRACE AMOUNT.

$$
