000
CXUS51 KOKX 011537
CLMNYC

CLIMATE REPORT
NATIONAL WEATHER SERVICE NEW YORK NY
1036 AM EST MON FEB 1 2016

...................................

...THE CENTRAL PARK NY CLIMATE SUMMARY FOR THE MONTH OF JANUARY 2016...

CLIMATE NORMAL PERIOD 1981 TO 2010
CLIMATE RECORD PERIOD 1869 TO 2016

WEATHER         OBSERVED          NORMAL  DEPART  LAST YEAR`S
                 VALUE   DATE(S)  VALUE   FROM    VALUE  DATE(S)
                                          NORMAL
................................................................
TEMPERATURE (F)
RECORD
 HIGH              72   01/06/2007
                        01/26/1950
 LOW               -6   01/24/1882
                        01/10/1875
HIGHEST            59   01/10        MM      MM       56  01/04
LOWEST             11   01/05        MM      MM        8  01/08
AVG. MAXIMUM     40.8              38.3     2.5     36.1
AVG. MINIMUM     28.1              26.9     1.2     23.6
MEAN             34.5              32.6     1.9     29.9
DAYS MAX >= 90      0               0.0     0.0        0
DAYS MAX <= 32      6               8.3    -2.3        9
DAYS MIN <= 32     22              20.4     1.6       25
DAYS MIN <= 0       0               0.0     0.0        0

PRECIPITATION (INCHES)
RECORD
 MAXIMUM        10.52   1979
 MINIMUM         0.58   1981
TOTALS           4.41              3.65    0.76     5.23
DAILY AVG.       0.14              0.12    0.02     0.17
DAYS >= .01         5              10.4    -5.4       11
DAYS >= .10         3               6.3    -3.3        7
DAYS >= .50         2               2.6    -0.6        3
DAYS >= 1.00        2               0.9     1.1        1
GREATEST
 24 HR. TOTAL    2.32   01/22 TO 01/23           01/18 TO 01/18
                                                          01/17 TO 01/18
                                                          01/18 TO 01/18
 STORM TOTAL       MM                                 MM
 (MM/DD(HH))            MM                    01/18(00) TO 01/18(00)
                                                 01/18(00) TO 01/18(00)8
                                                 01/18(00) TO 01/18(00)8

SNOWFALL (INCHES)
TOTALS           27.2               7.0    20.2     16.9
 LIQUID EQUIV    2.72              0.70    2.02     1.69
SINCE 7/1        27.2              12.1    15.1     18.1
 LIQUID 7/1      2.72              1.20    1.52     1.81
SNOWDEPTH AVG.      3                 3       0        1
DAYS >= TRACE       7               4.0     3.0        9
DAYS >= 1.0         1               2.0    -1.0        6
GREATEST
 SNOW DEPTH        22   01/24                          8  01/28
                                                          01/27
 24 HR TOTAL     26.6R  MM                       01/26 TO 01/26
                                                          01/18 TO 01/18
                                                          01/18 TO 01/18
 STORM TOTAL       MM                                 MM
 (MM/DD(HH))            MM                    01/26(00) TO 01/26(00)
                                                 01/18(00) TO 01/18(00)8
                                                 01/18(00) TO 01/18(00)8

DEGREE_DAYS
HEATING TOTAL     940              1004     -64     1080
 SINCE 7/1       1962              2689    -727     2616
COOLING TOTAL       0                 0       0        0
 SINCE 1/1          0                 0       0        0
.........................................................

WIND (MPH)
AVERAGE WIND SPEED              7.0
HIGHEST WIND SPEED/DIRECTION    25/030    DATE  01/23
HIGHEST GUST SPEED/DIRECTION    42/040    DATE  01/23

AVERAGE RH (PERCENT)     51

WEATHER CONDITIONS. NUMBER OF DAYS WITH
THUNDERSTORM              0     MIXED PRECIP               0
HEAVY RAIN                1     RAIN                       2
LIGHT RAIN                5     FREEZING RAIN              0
LT FREEZING RAIN          0     HAIL                       0
HEAVY SNOW                1     SNOW                       2
LIGHT SNOW                6     SLEET                      0
FOG                       5     FOG W/VIS <= 1/4 MILE      1
HAZE                      9

-  INDICATES NEGATIVE NUMBERS.
R  INDICATES RECORD WAS SET OR TIED.
MM INDICATES DATA IS MISSING.
T  INDICATES TRACE AMOUNT.

$$
