000
CXUS55 KPSR 010854
CLMNYL

CLIMATE REPORT
NATIONAL WEATHER SERVICE PHOENIX AZ
154 AM MST FRI DEC 1 2017

...................................

...THE YUMA AZ CLIMATE SUMMARY FOR THE MONTH OF NOVEMBER 2017...

CLIMATE NORMAL PERIOD 1981 TO 2010
CLIMATE RECORD PERIOD 1876 TO 2017

WEATHER         OBSERVED          NORMAL  DEPART
                 VALUE   DATE(S)  VALUE   FROM
                                          NORMAL
................................................
TEMPERATURE (F)
RECORD
 HIGH              98   11/03/1962
 LOW               29   11/30/1906
HIGHEST            91   11/23        89       2
LOWEST             52   11/20        44       8
AVG. MAXIMUM     82.4              77.5     4.9
AVG. MINIMUM     59.6R             53.9     5.7
MEAN             71.0R             65.7     5.3
DAYS MAX >= 90      4               1.0     3.0
DAYS MAX <= 32      0               0.0     0.0
DAYS MIN <= 32      0               0.0     0.0
DAYS MIN <= 0       0               0.0     0.0

PRECIPITATION (INCHES)
RECORD
 MAXIMUM         2.44   1905
 MINIMUM         0.00   2010
                        2009
                        2007
TOTALS           0.07              0.22   -0.15
DAYS >= .01         1               1.2    -0.2
DAYS >= .10         0               0.4    -0.4
DAYS >= .50         0               0.1    -0.1
DAYS >= 1.00        0               0.0     0.0
GREATEST
 24 HR. TOTAL    0.07   11/07 TO 11/07

DEGREE_DAYS
HEATING TOTAL       1                66     -65
 SINCE 7/1          1                68     -67
COOLING TOTAL     188                87     101
 SINCE 1/1       5055              4649     406
.................................................

WIND (MPH)
AVERAGE WIND SPEED              4.8
HIGHEST GUST SPEED/DIRECTION    31/030    DATE  11/18

AVERAGE RH (PERCENT)     38

WEATHER CONDITIONS. NUMBER OF DAYS WITH
THUNDERSTORM              1     HEAVY RAIN                 0
RAIN                      1     LIGHT RAIN                 0
FOG W/VIS <= 1/4 MILE     0

-  INDICATES NEGATIVE NUMBERS.
R  INDICATES RECORD WAS SET OR TIED.
MM INDICATES DATA IS MISSING.
T  INDICATES TRACE AMOUNT.

$$
