000
CXUS53 KGID 011416
CLMODX


CLIMATE REPORT
NATIONAL WEATHER SERVICE HASTINGS NE
916 AM CDT MON MAY 1 2017

...................................

...THE ORD NE CLIMATE SUMMARY FOR THE MONTH OF APRIL 2017...

CLIMATE NORMAL PERIOD 1981 TO 2010
CLIMATE RECORD PERIOD 1895 TO 2017

WEATHER         OBSERVED          NORMAL  DEPART  LAST YEAR`S
                 VALUE   DATE(S)  VALUE   FROM    VALUE
                                          NORMAL
.............................................................
TEMPERATURE (F)
HIGHEST            84   04/08        MM      MM       80
LOWEST             24   04/11        MM      MM       25
AVG. MAXIMUM     61.7              61.6     0.1     61.7
AVG. MINIMUM     37.9              35.9     2.0     38.7
MEAN             49.8              48.8     1.0     50.2
DAYS MAX >= 90      0               0.0     0.0        0
DAYS MAX <= 32      0
DAYS MIN <= 32      5               9.3    -4.3        7
DAYS MIN <= 0       0

PRECIPITATION (INCHES)
TOTALS           4.25              2.59    1.66     8.99
DAILY AVG.       0.14              0.09    0.05     0.30
DAYS >= .01        10                MM      MM        9
DAYS >= .10         8                MM      MM        7
DAYS >= .50         2                MM      MM        5
DAYS >= 1.00        1                MM      MM        5
GREATEST
 24 HR. TOTAL    1.73   04/30 TO 04/30

DEGREE_DAYS
HEATING TOTAL     449
 SINCE 7/1       5689
COOLING TOTAL       0
 SINCE 1/1          0
..............................................................

WIND (MPH)
AVERAGE WIND SPEED              10.8
HIGHEST WIND SPEED/DIRECTION    38/360    DATE  04/30
HIGHEST GUST SPEED/DIRECTION    48/010    DATE  04/30

SKY COVER
POSSIBLE SUNSHINE (PERCENT)   MM
NUMBER OF DAYS FAIR           14
NUMBER OF DAYS PC              8
NUMBER OF DAYS CLOUDY          8

AVERAGE RH (PERCENT)     65

WEATHER CONDITIONS. NUMBER OF DAYS WITH
THUNDERSTORM              6     MIXED PRECIP               0
HEAVY RAIN                6     RAIN                       7
LIGHT RAIN               14     FREEZING RAIN              0
LT FREEZING RAIN          0     HAIL                       0
HEAVY SNOW                1     SNOW                       1
LIGHT SNOW                3     SLEET                      0
FOG                      15     FOG W/VIS <= 1/4 MILE      2
HAZE                      3

-  INDICATES NEGATIVE NUMBERS.
R  INDICATES RECORD WAS SET OR TIED.
MM INDICATES DATA IS MISSING.
T  INDICATES TRACE AMOUNT.

$$
