000
CXUS53 KGID 011733 CCA
CLMODX

CLIMATE REPORT...CORRECTED
NATIONAL WEATHER SERVICE HASTINGS NE
1233 PM CDT THU JUN 1 2017

...................................

...THE ORD NE CLIMATE SUMMARY FOR THE MONTH OF MAY 2017...

CLIMATE NORMAL PERIOD 1981 TO 2010
CLIMATE RECORD PERIOD 1895 TO 2017

WEATHER         OBSERVED          NORMAL  DEPART  LAST YEAR`S
                 VALUE   DATE(S)  VALUE   FROM    VALUE
                                          NORMAL
.............................................................
TEMPERATURE (F)
HIGHEST            87   05/07        MM      MM       84
LOWEST             33   05/21        MM      MM       30
                        05/05
                        05/01
AVG. MAXIMUM     69.7              71.7    -2.0     71.1
AVG. MINIMUM     44.1              46.8    -2.7     45.7
MEAN             56.9              59.3    -2.4     58.4
DAYS MAX >= 90      0               0.7    -0.7        0
DAYS MAX <= 32      0
DAYS MIN <= 32      0               1.0    -1.0        3
DAYS MIN <= 0       0

PRECIPITATION (INCHES)
TOTALS           3.10              3.81   -0.71     5.05
DAILY AVG.       0.10              0.12   -0.02     0.16
DAYS >= .01        11                MM      MM       14
DAYS >= .10         7                MM      MM        9
DAYS >= .50         2                MM      MM        4
DAYS >= 1.00        0                MM      MM        1
GREATEST
 24 HR. TOTAL    1.73   04/30 TO 05/01
                        05/01 TO 05/02
                        05/02 TO 05/03

DEGREE_DAYS
HEATING TOTAL     259
 SINCE 7/1       5948
COOLING TOTAL      14
 SINCE 1/1         14
..............................................................

WIND (MPH)
AVERAGE WIND SPEED              9.8
HIGHEST WIND SPEED/DIRECTION    38/190    DATE  05/15
HIGHEST GUST SPEED/DIRECTION    48/190    DATE  05/15

SKY COVER
POSSIBLE SUNSHINE (PERCENT)   MM
NUMBER OF DAYS FAIR           19
NUMBER OF DAYS PC              6
NUMBER OF DAYS CLOUDY          6

AVERAGE RH (PERCENT)     64

WEATHER CONDITIONS. NUMBER OF DAYS WITH
THUNDERSTORM              4     MIXED PRECIP               0
HEAVY RAIN                4     RAIN                       5
LIGHT RAIN               13     FREEZING RAIN              0
LT FREEZING RAIN          0     HAIL                       0
HEAVY SNOW                0     SNOW                       0
LIGHT SNOW                1     SLEET                      0
FOG                       7     FOG W/VIS <= 1/4 MILE      0
HAZE                      1

-  INDICATES NEGATIVE NUMBERS.
R  INDICATES RECORD WAS SET OR TIED.
MM INDICATES DATA IS MISSING.
T  INDICATES TRACE AMOUNT.

$$

KELLEY
