000
CXUS53 KOAX 060651
CLMOFK

CLIMATE REPORT
NATIONAL WEATHER SERVICE OMAHA NEBRASKA
1251 AM CST WED DEC 6 2017

...................................

...THE NORFOLK CLIMATE SUMMARY FOR THE MONTH OF NOVEMBER 2017...

CLIMATE NORMAL PERIOD 1981 TO 2010
CLIMATE RECORD PERIOD 1888 TO 2017

WEATHER         OBSERVED          NORMAL  DEPART
                 VALUE   DATE(S)  VALUE   FROM
                                          NORMAL
................................................
TEMPERATURE (F)
HIGHEST            72   11/27
                        11/23
LOWEST             10   11/22
AVG. MAXIMUM     51.4              47.1     4.3
AVG. MINIMUM     25.4              25.6    -0.2
MEAN             38.4              36.4     2.0
DAYS MAX >= 90      0
DAYS MAX <= 32      0
DAYS MIN <= 32     26
DAYS MIN <= 0       0

PRECIPITATION (INCHES)
RECORD
 MAXIMUM         3.97   1983
 MINIMUM            T   1939
TOTALS           0.09              1.37   -1.28
DAILY AVG.       0.00
DAYS >= .01         3
DAYS >= .10         0
DAYS >= .50         0
DAYS >= 1.00        0
GREATEST
 24 HR. TOTAL    0.07   11/17 TO 11/18

SNOWFALL (INCHES)
RECORDS
 TOTAL           22.6   1983
TOTALS              T               4.1
SINCE 7/1           T
SNOWDEPTH AVG.      0
DAYS >= 1.0         0
GREATEST
 SNOW DEPTH         0
 24 HR TOTAL        T   11/21 TO 11/21

DEGREE DAYS
HEATING TOTAL     793               860     -67
 SINCE 7/1       1306              1445    -139
COOLING TOTAL       0                 0       0
 SINCE 1/1        879               915     -36
.................................................

WIND (MPH)
AVERAGE WIND SPEED              10.3
HIGHEST WIND SPEED/DIRECTION    40/330    DATE  11/21
HIGHEST GUST SPEED/DIRECTION    49/340    DATE  11/21

SKY COVER
AVERAGE SKY COVER           0.30


WEATHER CONDITIONS. NUMBER OF DAYS WITH
THUNDERSTORM              0     MIXED PRECIP               0
HEAVY RAIN                0     RAIN                       0
LIGHT RAIN                5     FREEZING RAIN              0
LT FREEZING RAIN          0     HAIL                       0
HEAVY SNOW                0     SNOW                       0
LIGHT SNOW                2     SLEET                      0
FOG                       4     FOG W/VIS <= 1/4 MILE      0
HAZE                      1

-  INDICATES NEGATIVE NUMBERS.
R  INDICATES RECORD WAS SET OR TIED.
MM INDICATES DATA IS MISSING.
T  INDICATES TRACE AMOUNT.
>= INDICATES GREATER THAN OR EQUAL TO.
<= INDICATES LESS THAN OR EQUAL TO.

&&

...NOVEMBER WAS MUCH DRIER AND SLIGHTLY WARMER THAN NORMAL...

WITH A TOTAL OF JUST 0.09 INCHES OF PRECIPITATION, NOVEMBER WAS THE
13TH DRIEST ON RECORD IN NORFOLK. THE AVERAGE TEMPERATURE OF 38.4
DEGREES WAS 2.0 DEGREES ABOVE NORMAL AND THE 38TH WARMEST. A TRACE
OF SNOW WAS RECORDED.

TEMPERATURES WERE BELOW NORMAL ON MOST DAYS FROM THE 1ST THROUGH THE
13TH. THOUGH LARGELY A QUIET WEATHER PERIOD, MEASURABLE RAIN OF 0.02
INCHES DID FALL ON THE 12TH. FROM THE 14TH THROUGH THE 30TH, ALL BUT
FIVE DAYS HAD ABOVE-NORMAL TEMPERATURES. A COLD FRONT ON THE 17TH TO
18TH BROUGHT 0.07 INCHES OF RAIN, THE LAST MEASURABLE RAIN OF THE
MONTH. A BRIEF COOLDOWN ON THE 21ST AND 22ND BROUGHT THE LOWEST
TEMPERATURE OF THE MONTH, AT 10 DEGREES ON THE 22ND, AS WELL AS THE
TRACE OF SNOW ON THE 21ST, BUT IT WAS FOLLOWED BY SEVERAL DAYS OF
MUCH ABOVE NORMAL TEMPERATURES CLOSE TO THANKSGIVING. THE WARMEST
TEMPERATURE OF THE MONTH WAS 72 DEGREES ON THE 23RD AND 27TH, WHICH
WAS A DAILY RECORD HIGH ON THE 23RD.


FOR THE FALL MONTHS OF SEPTEMBER THROUGH NOVEMBER, THE AVERAGE
TEMPERATURE WAS 51.9 DEGREES, WHICH WAS 1.5 DEGREES ABOVE NORMAL AND
THE 34TH WARMEST ON RECORD. THE TOTAL PRECIPITATION WAS 5.69 INCHES,
WHICH WAS 0.44 INCHES BELOW NORMAL. ONLY A TRACE OF SNOW WAS
RECORDED.


DAILY RECORDS SET IN NOVEMBER 2017:
DATE          RECORD           READING  PREVIOUS RECORD
NOVEMBER 23   WARM MAX TEMP     72      66 (1902)


$$

MAYES/KLISH
