000
CXUS52 KMFL 011127
CLMPBI


CLIMATE REPORT
NATIONAL WEATHER SERVICE MIAMI, FL
724 AM EDT MON AUG 1 2016

...................................

...THE WEST PALM BEACH CLIMATE SUMMARY FOR THE MONTH OF JULY 2016...

CLIMATE NORMAL PERIOD 1981 TO 2010
CLIMATE RECORD PERIOD 1888 TO 2016

WEATHER         OBSERVED          NORMAL  DEPART  LAST YEAR`S
                 VALUE   DATE(S)  VALUE   FROM    VALUE
                                          NORMAL
.............................................................
TEMPERATURE (F)
RECORD
 HIGH             101   07/21/1942
 LOW               64   07/26/1940
                        07/18/1940
HIGHEST            95   07/10                         96
                        07/09
                        07/08
LOWEST             75   07/24                         72
AVG. MAXIMUM     92.6              89.9     2.7     91.1
AVG. MINIMUM     79.9              75.5     4.4     75.8
MEAN             86.2              82.7     3.5     83.5
DAYS MAX >= 90     30                                 25
DAYS MAX <= 32      0                                  0
DAYS MIN <= 32      0                                  0
DAYS MIN <= 0       0                                  0

PRECIPITATION (INCHES)
RECORD
 MAXIMUM        23.28   1933
 MINIMUM         0.51   1892
TOTALS           1.59              5.76   -4.17     6.04
DAILY AVG.       0.05              0.19   -0.14     0.19
DAYS >= .01        10                                 15
DAYS >= .10         5                                 10
DAYS >= .50         0                                  5
DAYS >= 1.00        0                                  2
GREATEST
 24 HR. TOTAL    0.59   07/19 TO 07/20              1.27

DEGREE_DAYS
HEATING TOTAL       0                 0       0        0
 SINCE 7/1          0                 0       0        0
COOLING TOTAL     665               549     116      580
 SINCE 1/1       2495              2148     347     2649
..............................................................

WIND (MPH)
AVERAGE WIND SPEED              8.5
HIGHEST WIND SPEED/DIRECTION    28/130    DATE  07/31
HIGHEST GUST SPEED/DIRECTION    33/130    DATE  07/31

SKY COVER
POSSIBLE SUNSHINE (PERCENT)   MM
AVERAGE SKY COVER           0.50
NUMBER OF DAYS FAIR            3
NUMBER OF DAYS PC             28
NUMBER OF DAYS CLOUDY          0

AVERAGE RH (PERCENT)     69

WEATHER CONDITIONS. NUMBER OF DAYS WITH
THUNDERSTORM             14     MIXED PRECIP               0
HEAVY RAIN                3     RAIN                       4
LIGHT RAIN                8     FREEZING RAIN              0
LT FREEZING RAIN          0     HAIL                       0
HEAVY SNOW                0     SNOW                       0
LIGHT SNOW                0     SLEET                      0
FOG                       2     FOG W/VIS <= 1/4 MILE      0
HAZE                      2

-  INDICATES NEGATIVE NUMBERS.
R  INDICATES RECORD WAS SET OR TIED.
MM INDICATES DATA IS MISSING.
T  INDICATES TRACE AMOUNT.

$$
