000
CXUS56 KPDT 011509
CLMPDT

CLIMATE REPORT
NATIONAL WEATHER SERVICE PENDLETON OREGON
708 AM PST WED MAR 01 2017

....................................

...THE PENDLETON OR CLIMATE SUMMARY FOR THE MONTH OF FEBRUARY 2017...

CLIMATE NORMAL PERIOD 1981 TO 2010
CLIMATE RECORD PERIOD 1934 TO 2017

WEATHER         OBSERVED          NORMAL  DEPART  LAST YEAR`S
                 VALUE   DATE(S)  VALUE   FROM    VALUE  DATE(S)
                                          NORMAL

................................................................

TEMPERATURE (F)
RECORD
 HIGH              75   2/ 8/1996
 LOW              -18   2/ 3/1950
HIGHEST            63   2/20       62         1            60   2/27
LOWEST             11   2/ 1       15        -4            26   2/23
AVG. MAXIMUM     42.8            46.8      -4.0          53.0
AVG. MINUMUM     27.5            30.3      -2.8          33.1
MEAN             35.2            38.5      -3.3          43.1
DAYS MAX >= 90      0               0         0             0
DAYS MAX <= 32      4               3         1             0
DAYS MIN <= 32     21              17         4            14
DAYS MIN <= 0       0               0         0            14


PRECIPITATION (INCHES)
RECORD
 MAXIMUM          3.03   1940
 MINIMUM          0.07   1964
TOTALS            2.27            1.11      1.16          0.86
DAILY AVG.        0.08            0.04      0.04          0.03
DAYS >=  0.01       16               9         7            10
DAYS >=  0.10        8               4         4             4
DAYS >=  0.50        0               0         0             0
DAYS >=  1.00        0               0         0             0
GREATEST
 24 HR. TOTAL     0.47   2/21



SNOWFALL (INCHES)
RECORD
 MAXIMUM          16.8   1994
 MINIMUM           0.0   2013
TOTALS             6.7             3.3       3.4             T
SINCE 7/1         43.7            14.6      29.1           4.1
DAYS >=  TRACE       9               2         7             1
DAYS >=  1.0         3               1         2             0
GREATEST
 24 HR. TOTAL      3.0   2/ 7


DEGREE DAYS
HEATING TOTAL      829             742        87           626
 SINCE 7/1        4302            3917       385          3592
COOLING TOTAL        0               0         0             0
 SINCE 1/1           0               0         0             0

.............................................................

WIND (MPH)
AVERAGE WIND SPEED                     7.0
RESULTANT WIND SPEED/DIRECTION         4/219
HIGHEST WIND SPEED/DIRECTION          46/240      DATE          02/20
HIGHEST GUST SPEED/DIRECTION          59/240      DATE          02/20


WEATHER CONDITIONS. NUMBER OF DAYS WITH
THUNDERSTORM               0    MIXED PRECIP                           0
HEAVY RAIN                 0    RAIN                                   6
LIGHT RAIN                13    FREEZING RAIN                          1
LT FREEZING RAIN           7    HAIL                                   0
HEAVY SNOW                 1    SNOW                                   1
LIGHT SNOW                 8    SLEET                                  0
FOG                       22    FOG W/VIS <=1/4 MILE                  12
HAZE                       4

-  INDICATES NEGATIVE NUMBERS.
R  INDICATES RECORD WAS SET OR TIED.
MM INDICATES DATA IS MISSING.
T  INDICATES TRACE AMOUNT.

$$
