172
CXUS53 KILX 011648
CLMPIA


CLIMATE REPORT
NATIONAL WEATHER SERVICE LINCOLN IL
1002 AM CST THU DEC 1 2016

...................................

...THE PEORIA IL CLIMATE SUMMARY FOR THE MONTH OF NOVEMBER 2016...

CLIMATE NORMAL PERIOD 1981 TO 2010
CLIMATE RECORD PERIOD 1883 TO 2016

WEATHER         OBSERVED          NORMAL  DEPART  LAST YEAR`S
                 VALUE   DATE(S)  VALUE   FROM    VALUE
                                          NORMAL
.............................................................
TEMPERATURE (F)
RECORD
 HIGH              81   11/01/1950
                        11/01/1937
                        11/01/1888
 LOW               -2   11/26/1977
HIGHEST            77   11/01        49      28       75
LOWEST             22   11/21        32     -10       11
AVG. MAXIMUM     56.9              50.3     6.6     57.2
AVG. MINIMUM     38.5              32.9     5.6     38.6
MEAN             47.7              41.6     6.1     47.9
DAYS MAX >= 90      0               0.0     0.0        0
DAYS MAX <= 32      0               1.6    -1.6        0
DAYS MIN <= 32      7              14.0    -7.0        9
DAYS MIN <= 0       0               0.0     0.0        0

PRECIPITATION (INCHES)
RECORD
 MAXIMUM         7.62   1985
 MINIMUM         0.07   1917
TOTALS           2.52              3.13   -0.61     6.17
DAILY AVG.       0.08              0.10   -0.02     0.21
DAYS >= .01         6               9.6    -3.6       12
DAYS >= .10         4               5.8    -1.8       11
DAYS >= .50         2               2.2    -0.2        4
DAYS >= 1.00        1               0.7     0.3        1
GREATEST
 24 HR. TOTAL    1.10   11/02 TO 11/02              1.88

SNOWFALL (INCHES)
RECORDS
 TOTAL           10.7   1926
TOTALS            0.0               1.1    -1.1      4.6
SINCE 7/1         0.0               1.1    -1.1      4.6
DAYS >= 1.0         0               0.3    -0.3        1
GREATEST
 SNOW DEPTH         0   MM                             5
 24 HR TOTAL      0.0   MM                           4.6

DEGREE_DAYS
HEATING TOTAL     516               702    -186      507
 SINCE 7/1        738              1148    -410      757
COOLING TOTAL       5                 0       5        3
 SINCE 1/1       1423              1039     384     1419
..............................................................

WIND (MPH)
AVERAGE WIND SPEED              7.8
HIGHEST WIND SPEED/DIRECTION    32/140    DATE  11/28
HIGHEST GUST SPEED/DIRECTION    50/130    DATE  11/28

SKY COVER
POSSIBLE SUNSHINE (PERCENT)   MM
AVERAGE SKY COVER           0.30
NUMBER OF DAYS FAIR           18
NUMBER OF DAYS PC              7
NUMBER OF DAYS CLOUDY          5

AVERAGE RH (PERCENT)     74

WEATHER CONDITIONS. NUMBER OF DAYS WITH
THUNDERSTORM              2     MIXED PRECIP               0
HEAVY RAIN                3     RAIN                       4
LIGHT RAIN                7     FREEZING RAIN              0
LT FREEZING RAIN          0     HAIL                       0
HEAVY SNOW                0     SNOW                       0
LIGHT SNOW                0     SLEET                      0
FOG                      17     FOG W/VIS <= 1/4 MILE      3
HAZE                      8

-  INDICATES NEGATIVE NUMBERS.
R  INDICATES RECORD WAS SET OR TIED.
MM INDICATES DATA IS MISSING.
T  INDICATES TRACE AMOUNT.

&&

RECORDS ESTABLISHED DURING NOVEMBER 2016:
- TIED RECORD WARM LOW TEMPERATURE ON NOVEMBER 1 WITH 60 DEGREES.
- SET DAILY RECORD RAINFALL ON NOVEMBER 2 WITH 1.10 INCHES.
- TIED RECORD HIGH TEMPERATURE ON NOVEMBER 17 WITH 75 DEGREES.
- 6TH WARMEST NOVEMBER ON RECORD.

$$
