085
CXUS55 KPIH 051738
CLMPIH

CLIMATE REPORT NATIONAL WEATHER SERVICE POCATELLO ID

945 AM MDT FRI MAY 1 2015

...................................

...THE POCATELLO CLIMATE SUMMARY FOR THE MONTH OF APRIL 2015...

CLIMATE NORMAL PERIOD 1981 TO 2010
CLIMATE RECORD PERIOD 1939 TO 2015

WEATHER         OBSERVED          NORMAL  DEPART  LAST YEAR`S
                 VALUE   DATE(S)  VALUE   FROM    VALUE  DATE(S)
                                          NORMAL
................................................................
TEMPERATURE (F)
RECORD
 HIGH              86   04/23/2012
                        04/21/1994
                        04/29/1992
 LOW               12   04/03/1945
HIGHEST            78   04/29        86      -8       74  04/21
LOWEST             17   04/03        13       4       16  04/14
AVG. MAXIMUM     61.0              58.3     2.7     59.8
AVG. MINIMUM     31.7              32.9    -1.2     32.4
MEAN             46.3              45.6     0.7     46.1
DAYS MAX >= 90      0               0.0     0.0        0
DAYS MAX <= 32      0               0.0     0.0        0
DAYS MIN <= 32     19              12.9     6.1       14
DAYS MIN <= 0       0               0.0     0.0        0

PRECIPITATION (INCHES)
RECORD
 MAXIMUM         3.30   1963
 MINIMUM         0.06   1977
TOTALS           0.41              1.15   -0.74     1.37
DAILY AVG.       0.01              0.04   -0.03     0.05
DAYS >= .01         7               9.0    -2.0        8
DAYS >= .10         2               4.1    -2.1        4
DAYS >= .50         0               0.2    -0.2        0
DAYS >= 1.00        0               0.0     0.0        0
GREATEST
 24 HR. TOTAL    0.20   04/14 TO 04/15              0.45

SNOWFALL (INCHES)
RECORDS
 TOTAL           15.5   1976
TOTALS            2.9               3.2    -0.3      3.3
SINCE 7/1        20.3              42.6   -22.3     29.4
SNOWDEPTH AVG.      0                MM      MM        0
DAYS >= 1.0         2               1.0     1.0        1
GREATEST
 SNOW DEPTH         2   04/15                          2  04/02
 24 HR TOTAL      1.9   MM                           3.3

DEGREE_DAYS
HEATING TOTAL     553               582     -29      559
 SINCE 7/1       5531              6694   -1163     6270
COOLING TOTAL       0                 0       0        0
 SINCE 1/1          0                 0       0        0
.................................................................

WIND (MPH)
AVERAGE WIND SPEED              10.8
HIGHEST WIND SPEED/DIRECTION    40/250    DATE  04/14
HIGHEST GUST SPEED/DIRECTION    46/170    DATE  04/14

SKY COVER
POSSIBLE SUNSHINE (PERCENT)   MM
AVERAGE SKY COVER           0.30
NUMBER OF DAYS FAIR           20
NUMBER OF DAYS PC              7
NUMBER OF DAYS CLOUDY          3

AVERAGE RH (PERCENT)     53

WEATHER CONDITIONS. NUMBER OF DAYS WITH
THUNDERSTORM              2     MIXED PRECIP               0
HEAVY RAIN                0     RAIN                       0
LIGHT RAIN               10     FREEZING RAIN              0
LT FREEZING RAIN          0     HAIL                       0
HEAVY SNOW                0     SNOW                       1
LIGHT SNOW                3     SLEET                      0
FOG                       3     FOG W/VIS <= 1/4 MILE      0
HAZE                      4

-  INDICATES NEGATIVE NUMBERS.
R  INDICATES RECORD WAS SET OR TIED.
MM INDICATES DATA IS MISSING.
T  INDICATES TRACE AMOUNT.

SNOWFALL/DEPTH ALWAYS AUGMENTED BY WFO POCATELLO

#FINAL-04-15#
