680
CXUS53 KABR 011231
CLMPIR


CLIMATE REPORT
NATIONAL WEATHER SERVICE ABERDEEN SD
724 AM CDT FRI JUL 1 2016

...................................

...THE PIERRE SD CLIMATE SUMMARY FOR THE MONTH OF JUNE 2016...

CLIMATE NORMAL PERIOD 1981 TO 2010
CLIMATE RECORD PERIOD 1892 TO 2016

WEATHER         OBSERVED          NORMAL  DEPART  LAST YEAR`S
                 VALUE   DATE(S)  VALUE   FROM    VALUE  DATE(S)
                                          NORMAL
................................................................
TEMPERATURE (F)
RECORD
 HIGH             112   06/24/1988
 LOW               34   06/03/1998
HIGHEST           102   06/24        MM      MM       96  06/09
LOWEST             45   06/07        MM      MM       49  06/12
                        06/02
AVG. MAXIMUM     86.1              80.0     6.1     80.7
AVG. MINIMUM     57.7              55.4     2.3     57.5
MEAN             71.9              67.7     4.2     69.1
DAYS MAX >= 90      8               4.2     3.8        2
DAYS MAX <= 32      0               0.0     0.0        0
DAYS MIN <= 32      0               0.0     0.0        0
DAYS MIN <= 0       0               0.0     0.0        0

PRECIPITATION (INCHES)
RECORD
 MAXIMUM         8.31   2011
 MINIMUM         0.32   1913
TOTALS           1.83              3.57   -1.74     6.16
DAYS >= .01         7              10.7    -3.7       14
DAYS >= .10         4               6.3    -2.3        9
DAYS >= .50         1               2.4    -1.4        5
DAYS >= 1.00        0               0.8    -0.8        3

SNOWFALL (INCHES)
RECORDS
 TOTAL             MM   MM
 SNOW DEPTH        MM   MM
TOTALS            0.0               0.0     0.0      0.0
SINCE 7/1        28.7              31.9    -3.2     27.1
SNOWDEPTH AVG.      0                MM      MM        0
DAYS >= TRACE       0               0.0     0.0        0
DAYS >= 1.0         0               0.0     0.0        0
GREATEST
 SNOW DEPTH         0   MM                             0  MM

DEGREE_DAYS
HEATING TOTAL      12                53     -41        5
 SINCE 7/1       6342              7290    -948     7019
COOLING TOTAL     227               134      93      135
 SINCE 1/1        250               166      84      149

FREEZE DATES
RECORD
 EARLIEST     MM
 LATEST       MM
EARLIEST      10/16             MM
LATEST        05/15             MM
.................................................................

WIND (MPH)
AVERAGE WIND SPEED              11.4
RESULTANT WIND SPEED/DIRECTION   2/051
HIGHEST WIND SPEED/DIRECTION    37/350    DATE  06/02
HIGHEST GUST SPEED/DIRECTION    45/350    DATE  06/02

SKY COVER
POSSIBLE SUNSHINE (PERCENT)   MM
AVERAGE SKY COVER           0.10
NUMBER OF DAYS FAIR           29
NUMBER OF DAYS PC              1
NUMBER OF DAYS CLOUDY          0

AVERAGE RH (PERCENT)     60

WEATHER CONDITIONS. NUMBER OF DAYS WITH
THUNDERSTORM              0     MIXED PRECIP               0
HEAVY RAIN                3     RAIN                       4
LIGHT RAIN                8     FREEZING RAIN              0
LT FREEZING RAIN          0     HAIL                       0
HEAVY SNOW                0     SNOW                       0
LIGHT SNOW                0     SLEET                      0
FOG                       7     FOG W/VIS <= 1/4 MILE      0
HAZE                      0

-  INDICATES NEGATIVE NUMBERS.
R  INDICATES RECORD WAS SET OR TIED.
MM INDICATES DATA IS MISSING.
T  INDICATES TRACE AMOUNT.

$$
