000
CXUS51 KRLX 071802
CLMPKB


CLIMATE REPORT
NATIONAL WEATHER SERVICE CHARLESTON WV
151 PM EDT THU JUL 7 2016

...................................

...THE PARKERSBURG CLIMATE SUMMARY FOR THE MONTH OF JUNE 2016...

CLIMATE NORMAL PERIOD 1981 TO 2010
CLIMATE RECORD PERIOD 1889 TO 2016

WEATHER         OBSERVED          NORMAL  DEPART  LAST YEAR`S
                 VALUE   DATE(S)  VALUE   FROM    VALUE  DATE(S)
                                          NORMAL
................................................................
TEMPERATURE (F)
RECORD
 HIGH             102   06/25/1988
 LOW                0   06/15/2003
HIGHEST            93   06/11        MM      MM       91  06/12
LOWEST             46   06/09        MM      MM       51  06/01
AVG. MAXIMUM     83.7              81.8     1.9     81.2
AVG. MINIMUM     60.7              59.7     1.0     62.2
MEAN             72.2              70.8     1.4     71.7
DAYS MAX >= 90      3               2.2     0.8        2
DAYS MAX <= 32      0               0.0     0.0        0
DAYS MIN <= 32      0               0.0     0.0        0
DAYS MIN <= 0       0               0.0     0.0        0

PRECIPITATION (INCHES)
RECORD
 MAXIMUM        13.20   1998
 MINIMUM         0.45   1984
TOTALS           3.84              4.02   -0.18     5.89
DAILY AVG.       0.13              0.13    0.00     0.20
DAYS >= .01        11              10.8     0.2       15
DAYS >= .10         3               6.7    -3.7       11
DAYS >= .50         1               2.7    -1.7
DAYS >= 1.00        1               0.9     0.1        1
GREATEST
 24 HR. TOTAL    2.79   06/23 TO 06/23           06/20 TO 06/20
                        06/22 TO 06/23                    06/20 TO 06/20
                        06/23 TO 06/23                    06/20 TO 06/20
 STORM TOTAL       MM                                 MM
 (MM/DD(HH))            MM                    06/20(00) TO 06/20(00)
                                                 06/20(00) TO 06/20(00)0
                                                 06/20(00) TO 06/20(00)0

SNOWFALL (INCHES)
TOTALS             MM

DEGREE_DAYS
HEATING TOTAL       7                19     -12       15
 SINCE 7/1       4148              4972    -824     5357
COOLING TOTAL     232               191      41      223
 SINCE 1/1        320               275      45      384
.................................................

WIND (MPH)
AVERAGE WIND SPEED              4.6
HIGHEST WIND SPEED/DIRECTION    25/320    DATE  06/23
HIGHEST GUST SPEED/DIRECTION    35/340    DATE  06/23

SKY COVER
POSSIBLE SUNSHINE (PERCENT)   MM
AVERAGE SKY COVER           0.30
NUMBER OF DAYS FAIR           20
NUMBER OF DAYS PC              9
NUMBER OF DAYS CLOUDY          1

AVERAGE RH (PERCENT)     70

WEATHER CONDITIONS. NUMBER OF DAYS WITH
THUNDERSTORM              0     MIXED PRECIP               0
HEAVY RAIN                4     RAIN                       3
LIGHT RAIN               12     FREEZING RAIN              0
LT FREEZING RAIN          0     HAIL                       0
HEAVY SNOW                0     SNOW                       0
LIGHT SNOW                0     SLEET                      0
FOG                      18     FOG W/VIS <= 1/4 MILE      7
HAZE                     11

-  INDICATES NEGATIVE NUMBERS.
R  INDICATES RECORD WAS SET OR TIED.
MM INDICATES DATA IS MISSING.
T  INDICATES TRACE AMOUNT.

$$
