000
CXUS54 KMOB 011502
CLMPNS


CLIMATE REPORT
NATIONAL WEATHER SERVICE MOBILE AL
955 AM CDT FRI SEP 1 2017

...................................

...THE PENSACOLA CLIMATE SUMMARY FOR THE MONTH OF AUGUST 2017...

CLIMATE NORMAL PERIOD 1981 TO 2010
CLIMATE RECORD PERIOD 1879 TO 2017

WEATHER         OBSERVED          NORMAL  DEPART  LAST YEAR`S
                 VALUE   DATE(S)  VALUE   FROM    VALUE  DATE(S)
                                          NORMAL
................................................................
TEMPERATURE (F)
RECORD
 HIGH             104   08/01/1986
 LOW               60   08/14/2004
HIGHEST            97   08/19        MM      MM       95  08/23
                                                          08/07
                                                          08/06
LOWEST             73   08/02        74      -1       74  08/04
                        08/01
AVG. MAXIMUM     90.6              89.4     1.2     89.8
AVG. MINIMUM     77.0              74.2     2.8     76.8
MEAN             83.8              81.8     2.0     83.3
DAYS MAX >= 90     21              14.1     6.9       20
DAYS MAX <= 32      0               0.0     0.0        0
DAYS MIN <= 32      0               0.0     0.0        0
DAYS MIN <= 0       0               0.0     0.0        0

PRECIPITATION (INCHES)
RECORD
 MAXIMUM        12.04   2016
 MINIMUM         1.37   2014
TOTALS          20.44R             6.76   13.68    12.04
DAILY AVG.       0.66              0.22    0.44     0.39
DAYS >= .01        16              13.6     2.4       17
DAYS >= .10        12               9.4     2.6       12
DAYS >= .50        11               4.5     6.5        5
DAYS >= 1.00        6               2.0     4.0        5
GREATEST
 24 HR. TOTAL    5.46   08/30 TO 08/30

DEGREE_DAYS
COOLING TOTAL     592               521      71      576
 SINCE 1/1       2479              1967     512     2303
.................................................................

WIND (MPH)
AVERAGE WIND SPEED              6.0
HIGHEST WIND SPEED/DIRECTION    38/230    DATE  08/31
HIGHEST GUST SPEED/DIRECTION    51/220    DATE  08/31

SKY COVER
POSSIBLE SUNSHINE (PERCENT)   MM
AVERAGE SKY COVER           0.20
NUMBER OF DAYS FAIR           23
NUMBER OF DAYS PC              7
NUMBER OF DAYS CLOUDY          1

AVERAGE RH (PERCENT)     72

WEATHER CONDITIONS. NUMBER OF DAYS WITH
THUNDERSTORM             19     MIXED PRECIP               0
HEAVY RAIN               12     RAIN                      14
LIGHT RAIN               17     FREEZING RAIN              0
LT FREEZING RAIN          0     HAIL                       0
HEAVY SNOW                0     SNOW                       0
LIGHT SNOW                0     SLEET                      0
FOG                      12     FOG W/VIS <= 1/4 MILE      2
HAZE                      4

-  INDICATES NEGATIVE NUMBERS.
R  INDICATES RECORD WAS SET OR TIED.
MM INDICATES DATA IS MISSING.
T  INDICATES TRACE AMOUNT.

$$
