664
CXUS54 KMOB 010652
CLMPNS


CLIMATE REPORT
NATIONAL WEATHER SERVICE MOBILE AL
151 AM CDT MON MAY 1 2017

...................................

...THE PENSACOLA CLIMATE SUMMARY FOR THE MONTH OF APRIL 2017...

CLIMATE NORMAL PERIOD 1981 TO 2010
CLIMATE RECORD PERIOD 1879 TO 2017

WEATHER         OBSERVED          NORMAL  DEPART  LAST YEAR`S
                 VALUE   DATE(S)  VALUE   FROM    VALUE  DATE(S)
                                          NORMAL
................................................................
TEMPERATURE (F)
RECORD
 HIGH              96   04/22/1987
 LOW               33   04/04/1987
HIGHEST            85   04/27        MM      MM       85  04/29
LOWEST             48   04/08        MM      MM       47  04/03
AVG. MAXIMUM     79.9              75.7     4.2     77.3
AVG. MINIMUM     63.0              57.6     5.4     61.0
MEAN             71.5              66.6     4.9     69.2
DAYS MAX >= 90      0               0.1    -0.1        0
DAYS MAX <= 32      0               0.0     0.0        0
DAYS MIN <= 32      0               0.0     0.0        0
DAYS MIN <= 0       0               0.0     0.0        0

PRECIPITATION (INCHES)
RECORD
 MAXIMUM           MM   MM
 MINIMUM           MM   MM
TOTALS           3.71              4.32   -0.61     6.00
DAILY AVG.       0.12              0.14   -0.02     0.20
DAYS >= .01         6               6.5    -0.5        7
DAYS >= .10         5               4.4     0.6        5
DAYS >= .50         1               2.5    -1.5        4
DAYS >= 1.00        1               1.4    -0.4        2
GREATEST
 24 HR. TOTAL    2.36   04/03 TO 04/03

DEGREE_DAYS
HEATING TOTAL       9                51     -42       11
 SINCE 7/1        634              1535    -901      965
COOLING TOTAL     210               101     109      141
 SINCE 1/1        448               148     300      245
.................................................................

WIND (MPH)
AVERAGE WIND SPEED              9.5
HIGHEST WIND SPEED/DIRECTION    44/130    DATE  04/30
HIGHEST GUST SPEED/DIRECTION    57/130    DATE  04/30

SKY COVER
POSSIBLE SUNSHINE (PERCENT)   MM
AVERAGE SKY COVER           0.40
NUMBER OF DAYS FAIR           17
NUMBER OF DAYS PC              9
NUMBER OF DAYS CLOUDY          4

AVERAGE RH (PERCENT)     69

WEATHER CONDITIONS. NUMBER OF DAYS WITH
THUNDERSTORM              0     MIXED PRECIP               0
HEAVY RAIN                6     RAIN                       4
LIGHT RAIN                7     FREEZING RAIN              0
LT FREEZING RAIN          0     HAIL                       0
HEAVY SNOW                0     SNOW                       0
LIGHT SNOW                0     SLEET                      0
FOG                      14     FOG W/VIS <= 1/4 MILE      4
HAZE                      5

-  INDICATES NEGATIVE NUMBERS.
R  INDICATES RECORD WAS SET OR TIED.
MM INDICATES DATA IS MISSING.
T  INDICATES TRACE AMOUNT.

$$
