000
CXUS56 KPDT 011440 RRB
CLMPSC

CLIMATE REPORT
NATIONAL WEATHER SERVICE PENDLETON OREGON
639 AM PST WED FEB 01 2017

....................................

...THE PASCO WA CLIMATE SUMMARY FOR THE MONTH OF JANUARY 2017...

CLIMATE NORMAL PERIOD 1981 TO 2010
CLIMATE RECORD PERIOD 1942 TO 2017

WEATHER         OBSERVED          NORMAL  DEPART  LAST YEAR`S
                 VALUE   DATE(S)  VALUE   FROM    VALUE  DATE(S)
                                          NORMAL

................................................................

TEMPERATURE (F)
RECORD
 HIGH              67   1/ 7/2002
 LOW              -19   1/ 4/2004
HIGHEST            41   1/19       24        17            59   1/22
LOWEST             -8   1/ 5        4       -12             8   1/ 3
AVG. MAXIMUM     28.1            41.8      -13.          41.3
AVG. MINUMUM     14.8            27.9      -13.          29.0
MEAN             21.5            34.8      -13.          35.1
DAYS MAX >= 90      0               0         0             0
DAYS MAX <= 32     18              20        -2             5
DAYS MIN <= 32     29              27         2            21
DAYS MIN <= 0       6              19       -13            21


PRECIPITATION (INCHES)
RECORD
 MAXIMUM          1.73   2004
 MINIMUM          0.35   2002
TOTALS            0.95            1.22     -0.27          1.19
DAILY AVG.        0.03            0.04     -0.01          0.04
DAYS >=  0.01       10               4         6            12
DAYS >=  0.10        5               1         4             5
DAYS >=  0.50        0               0         0             0
DAYS >=  1.00        0               0         0             0
GREATEST
 24 HR. TOTAL     0.22   1/ 8



SNOWFALL (INCHES)
RECORD
 MAXIMUM           1.0   2011
 MINIMUM           0.0   2010
TOTALS            14.9             0.0      14.9             T
SINCE 7/1         23.9             0.0      23.9           4.2
DAYS >=  TRACE      15               0        14             5
DAYS >=  1.0         5               0         5             0
GREATEST
 24 HR. TOTAL      5.0   1/ 1


DEGREE DAYS
HEATING TOTAL     1340             934       406           916
 SINCE 7/1        3427            3144       283          2901
COOLING TOTAL        0               0         0             0
 SINCE 1/1           0               0         0             0

.............................................................

WIND (MPH)
AVERAGE WIND SPEED                     4.8
RESULTANT WIND SPEED/DIRECTION         4/228
HIGHEST WIND SPEED/DIRECTION          22/340      DATE          01/11
HIGHEST GUST SPEED/DIRECTION          29/340      DATE          01/10


WEATHER CONDITIONS. NUMBER OF DAYS WITH
THUNDERSTORM               0    MIXED PRECIP                           1
HEAVY RAIN                 0    RAIN                                   2
LIGHT RAIN                 3    FREEZING RAIN                          2
LT FREEZING RAIN           1    HAIL                                   0
HEAVY SNOW                 2    SNOW                                   5
LIGHT SNOW                12    SLEET                                  1
FOG                       29    FOG W/VIS <=1/4 MILE                  11
HAZE                       9

-  INDICATES NEGATIVE NUMBERS.
R  INDICATES RECORD WAS SET OR TIED.
MM INDICATES DATA IS MISSING.
T  INDICATES TRACE AMOUNT.

$$
