000
CXUS55 KPUB 011641
CLMPUB


CLIMATE REPORT
NATIONAL WEATHER SERVICE PUEBLO
1037 AM MDT THU SEP 1 2016

...................................

...THE PUEBLO CO CLIMATE SUMMARY FOR THE MONTH OF AUGUST 2016...

CLIMATE NORMAL PERIOD 1981 TO 2010
CLIMATE RECORD PERIOD 1888 TO 2016

WEATHER         OBSERVED          NORMAL  DEPART  LAST YEAR`S
                 VALUE   DATE(S)  VALUE   FROM    VALUE  DATE(S)
                                          NORMAL
................................................................
TEMPERATURE (F)
RECORD
 HIGH             105   08/02/2008
 LOW               39   08/26/1910
HIGHEST           101   08/10        91      10      103  08/06
LOWEST             50   08/25        55      -5       50  08/20
AVG. MAXIMUM     90.4              89.4     1.0     93.7
AVG. MINIMUM     59.3              57.5     1.8     61.4
MEAN             74.9              73.4     1.5     77.6
DAYS MAX >= 90     18              17.0     1.0
DAYS MAX <= 32      0               0.0     0.0
DAYS MIN <= 32      0               0.0     0.0
DAYS MIN <= 0       0               0.0     0.0

PRECIPITATION (INCHES)
RECORD
 MAXIMUM         5.85   1955
 MINIMUM            T   1900
TOTALS           1.32              2.32   -1.00     4.24
DAILY AVG.       0.04              0.08   -0.04
DAYS >= .01        10               9.5     0.5
DAYS >= .10         5               5.1    -0.1
DAYS >= .50         0               1.3    -1.3
DAYS >= 1.00        0               0.5    -0.5
GREATEST
 24 HR. TOTAL    0.40   08/16

SNOWFALL (INCHES)
RECORDS
 TOTAL              T   2014
TOTALS              T               0.0     0.0      0.0
SINCE 7/1           T               0.0     0.0      0.0
SNOWDEPTH AVG.      0
DAYS >= 1.0         0               0.0     0.0
GREATEST
 SNOW DEPTH         0                                0
 24 HR TOTAL        T                                0.0

DEGREE_DAYS
HEATING TOTAL       0                 4      -4        0
 SINCE 7/1          0                 5      -5        0
COOLING TOTAL     312               266      46      399
 SINCE 1/1       1165               811     354     1046
.................................................................

WIND (MPH)
AVERAGE WIND SPEED              8.5
HIGHEST WIND SPEED/DIRECTION    41/010    DATE  08/08
HIGHEST GUST SPEED/DIRECTION    55/050    DATE  08/15

SKY COVER
POSSIBLE SUNSHINE (PERCENT)   MM
AVERAGE SKY COVER           0.20
NUMBER OF DAYS FAIR           25
NUMBER OF DAYS PC              6
NUMBER OF DAYS CLOUDY          0

AVERAGE RH (PERCENT)     50

WEATHER CONDITIONS. NUMBER OF DAYS WITH
THUNDERSTORM             13     MIXED PRECIP               0
HEAVY RAIN                5     RAIN                       8
LIGHT RAIN               20     FREEZING RAIN              0
LT FREEZING RAIN          0     HAIL                       1
HEAVY SNOW                0     SNOW                       0
LIGHT SNOW                0     SLEET                      0
FOG                       0     FOG W/VIS <= 1/4 MILE      0
HAZE                      0

-  INDICATES NEGATIVE NUMBERS.
R  INDICATES RECORD WAS SET OR TIED.
MM INDICATES DATA IS MISSING.
T  INDICATES TRACE AMOUNT.

$$
