000
CXUS55 KPUB 011852 CCA
CLMPUB

CLIMATE REPORT...COR FOR TSTM DATA
NATIONAL WEATHER SERVICE PUEBLO
501 AM MDT WED JUL 1 2015

...................................

...THE PUEBLO CO CLIMATE SUMMARY FOR THE MONTH OF JUNE 2015...

CLIMATE NORMAL PERIOD 1981 TO 2010
CLIMATE RECORD PERIOD 1888 TO 2015

WEATHER         OBSERVED          NORMAL  DEPART  LAST YEAR`S
                 VALUE   DATE(S)  VALUE   FROM    VALUE  DATE(S)
                                          NORMAL
................................................................
TEMPERATURE (F)
RECORD
 HIGH             108   06/29/1990
 LOW               32   06/02/1919
HIGHEST           101   06/24        90      11      103  06/30
LOWEST             50   06/08        50       0       41  06/10
                        06/07
AVG. MAXIMUM     88.5              87.2     1.3     89.8
AVG. MINIMUM     57.2              52.8     4.4     55.5
MEAN             72.8              70.0     2.8     72.7
DAYS MAX >= 90     12              13.0    -1.0
DAYS MAX <= 32      0               0.0     0.0
DAYS MIN <= 32      0               0.0     0.0
DAYS MIN <= 0       0               0.0     0.0

PRECIPITATION (INCHES)
RECORD
 MAXIMUM         7.14   1921
 MINIMUM            T   1990
TOTALS           1.22              1.36   -0.14     0.86
DAILY AVG.       0.04              0.05   -0.01
DAYS >= .01        10               7.1     2.9
DAYS >= .10         4               3.2     0.8
DAYS >= .50         1               0.8     0.2
DAYS >= 1.00        0               0.1    -0.1
GREATEST
 24 HR. TOTAL    0.69   06/11 TO 06/12

SNOWFALL (INCHES)
RECORDS
 TOTAL              T   2014
                        2013
TOTALS            0.0               0.0     0.0        T
SINCE 7/1        42.8              31.8    11.0     29.3
SNOWDEPTH AVG.      0
DAYS >= 1.0         0               0.0     0.0
GREATEST
 SNOW DEPTH         0   MM                             0
 24 HR TOTAL      0.0   06/30 TO 06/30                 T

DEGREE_DAYS
HEATING TOTAL       0                25     -25        3
 SINCE 7/1       5254              5638    -384     5416
COOLING TOTAL     243               175      68      240
 SINCE 1/1        247               209      38      292
.................................................................

WIND (MPH)
AVERAGE WIND SPEED              7.4
HIGHEST WIND SPEED/DIRECTION    43/210    DATE  06/23
HIGHEST GUST SPEED/DIRECTION    54/220    DATE  06/23

SKY COVER
POSSIBLE SUNSHINE (PERCENT)   MM
AVERAGE SKY COVER           0.10
NUMBER OF DAYS FAIR           27
NUMBER OF DAYS PC              3
NUMBER OF DAYS CLOUDY          0

AVERAGE RH (PERCENT)     57

WEATHER CONDITIONS. NUMBER OF DAYS WITH
THUNDERSTORM             12     MIXED PRECIP               0
HEAVY RAIN                3     RAIN                       4
LIGHT RAIN               12     FREEZING RAIN              0
LT FREEZING RAIN          0     HAIL                       0
HEAVY SNOW                0     SNOW                       0
LIGHT SNOW                0     SLEET                      0
FOG                       6     FOG W/VIS <= 1/4 MILE      0
HAZE                      1

-  INDICATES NEGATIVE NUMBERS.
R  INDICATES RECORD WAS SET OR TIED.
MM INDICATES DATA IS MISSING.
T  INDICATES TRACE AMOUNT.

$$
