000
CXUS56 KOTX 012031
CLMPUW


CLIMATE REPORT
NATIONAL WEATHER SERVICE SPOKANE, WA
1227 PM PST MON FEB 1 2016

...................................

...THE PULLMAN-MOSCOW  AIRPORT CLIMATE SUMMARY FOR THE MONTH OF JANUARY 2016...

CLIMATE NORMAL PERIOD 1981 TO 2010
CLIMATE RECORD PERIOD 9999 TO 9999

WEATHER         OBSERVED          NORMAL  DEPART  LAST YEAR`S
                 VALUE   DATE(S)  VALUE   FROM    VALUE  DATE(S)
                                          NORMAL
................................................................
TEMPERATURE (F)
RECORD
 HIGH              58   01/26/2015
 LOW              -29   01/26/1957
HIGHEST            47   01/22        MM      MM       58  01/26
LOWEST             -3   01/02        MM      MM        6  01/01
AVG. MAXIMUM     38.1              36.5     1.6     40.4
AVG. MINIMUM     28.9              26.7     2.2     30.8
MEAN             33.5              31.6     1.9     35.6
DAYS MAX >= 90      0               0.0     0.0        0
DAYS MAX <= 32      3               8.4    -5.4        4
DAYS MIN <= 32     19              21.5    -2.5       22
DAYS MIN <= 0       2               0.6     1.4        0

PRECIPITATION (INCHES)
RECORD
 MAXIMUM         8.60   1953
 MINIMUM         0.40   2005
TOTALS           2.62              1.82    0.80     1.61
DAILY AVG.       0.08              0.06    0.02     0.05
DAYS >= .01        14                MM      MM        7
DAYS >= .10         8                MM      MM        4
DAYS >= .50         1                MM      MM        1
DAYS >= 1.00        0                MM      MM        0
GREATEST
 24 HR. TOTAL    0.62   01/12 TO 01/13           01/17 TO 01/18
                                                          01/18 TO 01/18
                                                          01/18 TO 01/18

SNOWFALL (INCHES)
RECORDS
 TOTAL           39.3   MM
TOTALS             MM                MM      MM       MM
SINCE 7/1           T                MM      MM       MM
SNOWDEPTH AVG.     MM                MM      MM       MM
DAYS >= 1.0        MM                MM      MM        0
GREATEST
 SNOW DEPTH        MM                                 MM  MM
 24 HR TOTAL       MM                                 MM

DEGREE_DAYS
HEATING TOTAL     969              1035     -66      904
 SINCE 7/1       3415              3859    -444     3172
COOLING TOTAL       0                 0       0        0
 SINCE 1/1          0                 0       0        0
.........................................................

WIND (MPH)
AVERAGE WIND SPEED              9.9
HIGHEST WIND SPEED/DIRECTION    38/240    DATE  01/29
HIGHEST GUST SPEED/DIRECTION    48/230    DATE  01/29

SKY COVER
POSSIBLE SUNSHINE (PERCENT)    0
AVERAGE SKY COVER           0.70
NUMBER OF DAYS FAIR            3
NUMBER OF DAYS PC             15
NUMBER OF DAYS CLOUDY         13

AVERAGE RH (PERCENT)     79

WEATHER CONDITIONS. NUMBER OF DAYS WITH
THUNDERSTORM              0     MIXED PRECIP               0
HEAVY RAIN                1     RAIN                       3
LIGHT RAIN               17     FREEZING RAIN              0
LT FREEZING RAIN          0     HAIL                       0
HEAVY SNOW                1     SNOW                       0
LIGHT SNOW               10     SLEET                      0
FOG                      20     FOG W/VIS <= 1/4 MILE      5
HAZE                      0

-  INDICATES NEGATIVE NUMBERS.
R  INDICATES RECORD WAS SET OR TIED.
MM INDICATES DATA IS MISSING.
T  INDICATES TRACE AMOUNT.

$$
