000
CXUS51 KPHI 011805
CLMRDG


CLIMATE REPORT
NATIONAL WEATHER SERVICE MOUNT HOLLY NJ
154 PM EDT SAT APR 1 2017

...................................

...THE READING PA CLIMATE SUMMARY FOR THE MONTH OF MARCH 2017...

CLIMATE NORMAL PERIOD 1981 TO 2010
CLIMATE RECORD PERIOD 1869 TO 2017

WEATHER         OBSERVED          NORMAL  DEPART  LAST YEAR`S
                 VALUE   DATE(S)  VALUE   FROM    VALUE
                                          NORMAL
.............................................................
TEMPERATURE (F)
RECORD
 HIGH              88   03/30/1998
 LOW               -2   03/10/1984
HIGHEST            72                MM      MM       80
LOWEST             11                MM      MM       21
AVG. MAXIMUM     47.8              50.7    -2.9     59.2
AVG. MINIMUM     30.4              31.4    -1.0     36.0
MEAN             39.1              41.1    -2.0     47.6
DAYS MAX >= 90      0               0.0     0.0        0
DAYS MAX <= 32      4               0.8     3.2        0
DAYS MIN <= 32     16              16.7    -0.7       12
DAYS MIN <= 0       0               0.0     0.0        0

PRECIPITATION (INCHES)
RECORD
 MAXIMUM         7.19   1913
 MINIMUM         0.62   2006
TOTALS           4.02              3.48    0.54     1.04
DAILY AVG.       0.13              0.11    0.02     0.03
DAYS >= .01        12                MM      MM        9
DAYS >= .10         9                MM      MM        4
DAYS >= .50         3                MM      MM        0
DAYS >= 1.00        1                MM      MM        0
GREATEST
 24 HR. TOTAL    1.26   03/31 TO 03/31              0.38

DEGREE_DAYS
HEATING TOTAL     794               743      51      533
 SINCE 7/1       4156              4785    -629     3880
COOLING TOTAL       0                 0       0        3
 SINCE 1/1          0                 0       0        3
..............................................................

WIND (MPH)
AVERAGE WIND SPEED              9.5
HIGHEST WIND SPEED/DIRECTION    36/320    DATE  03/10
HIGHEST GUST SPEED/DIRECTION    45/310    DATE  03/10

SKY COVER
POSSIBLE SUNSHINE (PERCENT)   MM
AVERAGE SKY COVER           0.50
NUMBER OF DAYS FAIR           11
NUMBER OF DAYS PC             13
NUMBER OF DAYS CLOUDY          7

AVERAGE RH (PERCENT)     64

WEATHER CONDITIONS. NUMBER OF DAYS WITH
THUNDERSTORM              0     MIXED PRECIP               0
HEAVY RAIN                4     RAIN                       5
LIGHT RAIN               15     FREEZING RAIN              0
LT FREEZING RAIN          0     HEAVY SNOW                 3
SNOW                      4     LIGHT SNOW                 5
SLEET                     0     FOG                       11
FOG W/VIS <= 1/4 MILE     3     HAZE                       3

-  INDICATES NEGATIVE NUMBERS.
R  INDICATES RECORD WAS SET OR TIED.
MM INDICATES DATA IS MISSING.
T  INDICATES TRACE AMOUNT.

$$
