000
CXUS51 KAKQ 011444
CLMRIC


CLIMATE REPORT
NATIONAL WEATHER SERVICE WAKEFIELD, VA
1034 AM EDT TUE AUG 1 2017

...................................

...THE RICHMOND VA CLIMATE SUMMARY FOR THE MONTH OF JULY 2017...

CLIMATE NORMAL PERIOD 1981 TO 2010
CLIMATE RECORD PERIOD 1871 TO 2017

WEATHER         OBSERVED          NORMAL  DEPART  LAST YEAR`S
                 VALUE   DATE(S)  VALUE   FROM    VALUE  DATE(S)
                                          NORMAL
................................................................
TEMPERATURE (F)
RECORD
 HIGH             105   07/25/2010
                        07/24/2010
                        07/06/1977
 LOW               51   07/02/1965
                        07/15/1940
HIGHEST           101   07/22        98       3       96  07/25
                                                          07/24
                                                          07/14
LOWEST             59   07/31        59       0       63  07/03
AVG. MAXIMUM     91.7              89.7     2.0     89.1
AVG. MINIMUM     70.8              68.9     1.9     70.6
MEAN             81.3              79.3     2.0     79.8
DAYS MAX >= 90     22              15.9     6.1       16
DAYS MAX <= 32      0               0.0     0.0        0
DAYS MIN <= 32      0               0.0     0.0        0
DAYS MIN <= 0       0               0.0     0.0        0

PRECIPITATION (INCHES)
RECORD
 MAXIMUM        18.87   1945
 MINIMUM         0.51   1983
TOTALS           2.25              4.51   -2.26     4.47
DAILY AVG.       0.07              0.15   -0.08     0.14
DAYS >= .01         8              11.4    -3.4       13
DAYS >= .10         5               7.3    -2.3       10
DAYS >= .50         2               3.0    -1.0        3
DAYS >= 1.00        0               1.3    -1.3        0
GREATEST
 24 HR. TOTAL    0.82   07/23 TO 07/23

DEGREE_DAYS
HEATING TOTAL       0
 SINCE 7/1          0                 0       0        0
COOLING TOTAL     514               443      71      468
 SINCE 1/1       1052               919     133      872
.................................................................

WIND (MPH)
AVERAGE WIND SPEED              7.3
HIGHEST WIND SPEED/DIRECTION    37/240    DATE  07/23
HIGHEST GUST SPEED/DIRECTION    56/230    DATE  07/23

SKY COVER
POSSIBLE SUNSHINE (PERCENT)   MM
AVERAGE SKY COVER           0.60

AVERAGE RH (PERCENT)     69

WEATHER CONDITIONS. NUMBER OF DAYS WITH
THUNDERSTORM              0     MIXED PRECIP               0
HEAVY RAIN                3     RAIN                       3
LIGHT RAIN                9     FREEZING RAIN              0
LT FREEZING RAIN          0     HAIL                       0
HEAVY SNOW                0     SNOW                       0
LIGHT SNOW                0     SLEET                      0
FOG                       9     FOG W/VIS <= 1/4 MILE      0
HAZE                      3

-  INDICATES NEGATIVE NUMBERS.
R  INDICATES RECORD WAS SET OR TIED.
MM INDICATES DATA IS MISSING.
T  INDICATES TRACE AMOUNT.

$$
