000
CXUS55 KCYS 031624
CLMRWL


CLIMATE REPORT
NATIONAL WEATHER SERVICE CHEYENNE WY
1024 AM MDT THU NOV 3 2016

...................................

...THE RAWLINS WY AIRPORT CLIMATE SUMMARY FOR THE MONTH OF OCTOBER 2016...

CLIMATE NORMAL PERIOD 1981 TO 2010
CLIMATE RECORD PERIOD 1951 TO 2016

WEATHER         OBSERVED          NORMAL  DEPART  LAST YEAR`S
                 VALUE   DATE(S)  VALUE   FROM    VALUE
                                          NORMAL
.............................................................
TEMPERATURE (F)
RECORD
 HIGH              81   10/11/1996
                        10/10/1996
 LOW               -7   10/31/1972
HIGHEST            73   10/02        MM      MM       79
LOWEST             14   10/12        MM      MM       28
AVG. MAXIMUM     62.4              56.3     6.1     63.7
AVG. MINIMUM     33.0              30.3     2.7     37.8
MEAN             47.7              43.3     4.4     50.8
DAYS MAX >= 90      0               0.0                0
DAYS MAX <= 32      0               0.7                0
DAYS MIN <= 32     15              17.2                9
DAYS MIN <= 0       0               0.1                0

PRECIPITATION (INCHES)
RECORD
 MAXIMUM         3.14   1971
 MINIMUM         0.02   1988
TOTALS           0.37              0.75   -0.38     0.34
DAYS >= .01         5               7.0    -2.0        4
DAYS >= .10         1               2.5    -1.5        1
DAYS >= .50         0               0.2    -0.2        0
DAYS >= 1.00        0               0.0     0.0        0
GREATEST
 24 HR. TOTAL    0.22   10/17 TO 10/17

DEGREE_DAYS
HEATING TOTAL     527               673    -146      435
 SINCE 7/1        893              1059    -166      660
COOLING TOTAL       0                 0       0        1
 SINCE 1/1        235               186      49      214
..............................................................

WIND (MPH)
AVERAGE WIND SPEED              13.6
HIGHEST WIND SPEED/DIRECTION    44/260    DATE  10/17
HIGHEST GUST SPEED/DIRECTION    57/250    DATE  10/03

SKY COVER
POSSIBLE SUNSHINE (PERCENT)   MM
AVERAGE SKY COVER           0.20
NUMBER OF DAYS FAIR           21
NUMBER OF DAYS PC             10
NUMBER OF DAYS CLOUDY          0

AVERAGE RH (PERCENT)     49

WEATHER CONDITIONS. NUMBER OF DAYS WITH
THUNDERSTORM              0     MIXED PRECIP               0
HEAVY RAIN                0     RAIN                       0
LIGHT RAIN                7     FREEZING RAIN              0
LT FREEZING RAIN          0     HAIL                       0
HEAVY SNOW                0     SNOW                       0
LIGHT SNOW                3     SLEET                      0
FOG                       4     FOG W/VIS <= 1/4 MILE      0
HAZE                      0

-  INDICATES NEGATIVE NUMBERS.
R  INDICATES RECORD WAS SET OR TIED.
MM INDICATES DATA IS MISSING.
T  INDICATES TRACE AMOUNT.

$$
