000
CXUS54 KEWX 011953
CLMSAT

SATCLMSAT 000
TTAA00 KEWX 011945


CLIMATE REPORT
NATIONAL WEATHER SERVICE AUSTIN/SAN ANTONIO, TX
155 PM CST WED MAR 1 2017

...................................

...THE SAN ANTONIO CLIMATE SUMMARY FOR THE MONTH OF FEBRUARY 2017...

CLIMATE NORMAL PERIOD 1981 TO 2010
CLIMATE RECORD PERIOD 1886 TO 2017

WEATHER         OBSERVED          NORMAL  DEPART  LAST YEAR`S
                 VALUE   DATE(S)  VALUE   FROM    VALUE  DATE(S)
                                          NORMAL
................................................................
TEMPERATURE (F)
HIGHEST            89   02/23                         82  02/12
LOWEST             37   02/16                         30  02/07
AVG. MAXIMUM     75.9              66.9     9.0     72.1
AVG. MINIMUM     52.4              44.2     8.2     46.3
MEAN             64.1              55.6     8.5     59.2
DAYS MAX >= 90      0                                  0
DAYS MAX <= 32      0                                  0
DAYS MIN <= 32      0                                  2
DAYS MIN <= 0       0                                  0

PRECIPITATION (INCHES)
TOTALS           3.61              1.79    1.82     1.55
DAILY AVG.       0.13              0.06    0.07     0.05
DAYS >= .01         4                                  3
DAYS >= .10         3                                  2
DAYS >= .50         3                                  1
DAYS >= 1.00        2                                  1
GREATEST
 24 HR. TOTAL    2.14   02/19 TO 02/20

SNOWFALL (INCHES)
TOTALS            0.0                 T     0.0      0.0
SINCE 7/1         0.0               0.7    -0.7      0.0

DEGREE_DAYS
HEATING TOTAL      95               283    -188      187
 SINCE 7/1        718              1301    -583      949
COOLING TOTAL      79                19      60       26
 SINCE 1/1        100                26      74       29
.................................................................

WIND (MPH)
AVERAGE WIND SPEED              8.3
HIGHEST WIND SPEED/DIRECTION    37/320    DATE  02/19
HIGHEST GUST SPEED/DIRECTION    52/310    DATE  02/19

SKY COVER
POSSIBLE SUNSHINE (PERCENT)   MM
AVERAGE SKY COVER           0.60
NUMBER OF DAYS FAIR            8
NUMBER OF DAYS PC              8
NUMBER OF DAYS CLOUDY         12

AVERAGE RH (PERCENT)     62

WEATHER CONDITIONS. NUMBER OF DAYS WITH
THUNDERSTORM              0     MIXED PRECIP               0
HEAVY RAIN                3     RAIN                       4
LIGHT RAIN                9     FREEZING RAIN              0
LT FREEZING RAIN          0     HAIL                       0
HEAVY SNOW                0     SNOW                       0
LIGHT SNOW                0     SLEET                      0
FOG                      12     FOG W/VIS <= 1/4 MILE      4
HAZE                     10

-  INDICATES NEGATIVE NUMBERS.
R  INDICATES RECORD WAS SET OR TIED.
MM INDICATES DATA IS MISSING.
T  INDICATES TRACE AMOUNT.

&&

FEBRUARY 2017 WAS THE WARMEST FEBRUARY ON RECORD...AND THE 13TH WETTEST.

SEA LEVEL PRESSURE DATA:
HIGHEST SLP 30.36 INCHES ON THE 3RD
LOWEST  SLP 29.51 INCHES ON THE 23RD


PRELIMINARY LOCAL CLIMATOLOGICAL DATA (WS FORM: F-6)

                                          STATION:   SAN ANTONIO
                                          MONTH:     FEBRUARY
                                          YEAR:      2017
                                          LATITUDE:   29 31 N
                                          LONGITUDE:  98 28 W

  TEMPERATURE IN F:       :PCPN:    SNOW:  WIND      :SUNSHINE: SKY     :PK WND
================================================================================
1   2   3   4   5  6A  6B    7    8   9   10  11  12  13   14  15   16   17  18
                                     12Z  AVG MX 2MIN
DY MAX MIN AVG DEP HDD CDD  WTR  SNW DPTH SPD SPD DIR MIN PSBL S-S WX    SPD DR
================================================================================

 1  81  46  64  11   1   0 0.00  0.0    0  4.6 13 190   M    M   1 128    16 220
 2  63  52  58   5   7   0 0.00  0.0    0 10.4 18  10   M    M  10        24 360
 3  53  47  50  -3  15   0    T  0.0    0 10.4 17  30   M    M  10        23  20
 4  52  47  50  -4  15   0    T  0.0    0  4.0  9  50   M    M  10 12     13  50
 5  69  52  61   7   4   0    T  0.0    0  3.7 15 160   M    M   9 128    19 150
 6  78  67  73  19   0   8    T  0.0    0  9.2 18 180   M    M  10 1      23 180
 7  86  54  70  16   0   5    T  0.0    0  6.3 15 260   M    M   8 18     19 270
 8  88  51  70  16   0   5 0.00  0.0    0 10.8 24  20   M    M   2        32  20
 9  70  48  59   5   6   0 0.00  0.0    0  8.4 17  10   M    M   3        23  10
10  77  50  64   9   1   0 0.00  0.0    0  7.2 16 160   M    M   6 8      22 170
11  85  65  75  20   0  10 0.00  0.0    0  8.3 15 130   M    M   6 18     19 140
12  84  65  75  20   0  10 0.00  0.0    0  8.8 18  30   M    M   6        24  20
13  77  57  67  12   0   2 0.08  0.0    0 13.5 26 120   M    M   9        35 120
14  68  49  59   4   6   0 1.39  0.0    0 13.7 25 330   M    M   9 13     31 320
15  65  42  54  -2  11   0 0.00  0.0    0  9.2 26 330   M    M   5        32 340
16  67  37  52  -4  13   0 0.00  0.0    0  5.1 14 200   M    M   6        17 190
17  77  48  63   7   2   0 0.00  0.0    0  6.8 18 190   M    M   4 8      24 180
18  85  57  71  15   0   6 0.00  0.0    0  7.2 24 140   M    M   6 12     32 150
19  81  58  70  14   0   5 1.51  0.0    0 14.0 37 320   M    M  10 138    52 310
20  75  55  65   8   0   0 0.63  0.0    0  5.3 22 360   M    M   7 13     27  10
21  84  50  67  10   0   2 0.00  0.0    0  9.7 22 320   M    M   0        28 320
22  88  49  69  12   0   4 0.00  0.0    0  5.2 17 210   M    M   0 8      23 210
23  89  49  69  12   0   4 0.00  0.0    0  7.9 17 140   M    M   0 8      22 140
24  82  50  66   8   0   1 0.00  0.0    0 10.1 25 340   M    M   1        36 350
25  66  46  56  -2   9   0 0.00  0.0    0  8.9 17  40   M    M   1        23  30
26  76  43  60   2   5   0    T  0.0    0  6.6 17 120   M    M   8        23 130
27  80  67  74  16   0   9 0.00  0.0    0  9.8 16 160   M    M   8 1      20 160
28  80  65  73  15   0   8    T  0.0    0  8.2 16 150   M    M   9 18     21 150
================================================================================
SM 2126 1466        95  79  3.61     0.0 233.3          M      164
================================================================================
AV 75.9 52.4                               8.3 FASTST   M    M   6    MAX(MPH)
                                 MISC ---->  # 37 320               # 52  310
================================================================================
NOTES:
# LAST OF SEVERAL OCCURRENCES

COLUMN 17 PEAK WIND IN M.P.H.

SYMBOLS USED IN COLUMN 16
1 = FOG OR MIST
2 = FOG REDUCING VISIBILITY
3 = THUNDER
4 = ICE PELLETS
5 = HAIL
6 = FREEZING RAIN OR DRIZZLE
7 = DUSTSTORM OR SANDSTORM:
8 = SMOKE OR HAZE
9 = BLOWING SNOW
X = TORNADO


$$
