000
CXUS54 KEWX 011607
CLMSAT

SATCLMSAT 000
TTAA00 KEWX 011603


CLIMATE REPORT
NATIONAL WEATHER SERVICE AUSTIN/SAN ANTONIO, TX
1107 AM CDT MON SEP 1 2014

...................................

...THE SAN ANTONIO CLIMATE SUMMARY FOR THE MONTH OF AUGUST 2014...

CLIMATE NORMAL PERIOD 1981 TO 2010
CLIMATE RECORD PERIOD 1886 TO 2014

WEATHER         OBSERVED          NORMAL  DEPART  LAST YEAR`S
                 VALUE   DATE(S)  VALUE   FROM    VALUE  DATE(S)
                                          NORMAL
................................................................
TEMPERATURE (F)
HIGHEST           102   08/21                        105  08/06
                        08/18
                        08/16
LOWEST             70   08/03                         71  08/20
                                                          08/18
AVG. MAXIMUM     99.4              96.0     3.4    100.7
AVG. MINIMUM     76.7              74.7     2.0     76.5
MEAN             88.1              85.3     2.8     88.6
DAYS MAX >= 90     31                                 31
DAYS MAX <= 32      0                                  0
DAYS MIN <= 32      0                                  0
DAYS MIN <= 0       0                                  0

PRECIPITATION (INCHES)
TOTALS           0.08              2.09   -2.01     0.85
DAILY AVG.       0.00              0.07   -0.07     0.03
DAYS >= .01         1                                  5
DAYS >= .10         0                                  3
DAYS >= .50         0                                  0
DAYS >= 1.00        0                                  0
GREATEST
 24 HR. TOTAL    0.08   08/12 TO 08/12
                        08/11 TO 08/12
                        08/12 TO 08/12

SNOWFALL (INCHES)
TOTALS            0.0               0.0     0.0      0.0
SINCE 7/1         0.0               0.0     0.0      0.0

DEGREE_DAYS
HEATING TOTAL       0                 0       0        0
 SINCE 7/1          0                 0       0        0
COOLING TOTAL     721               631      90      739
 SINCE 1/1       2600              2391     209     2593
.................................................................

WIND (MPH)
AVERAGE WIND SPEED              9.1
HIGHEST WIND SPEED/DIRECTION    29/130    DATE  08/26
HIGHEST GUST SPEED/DIRECTION    35/120    DATE  08/26

SKY COVER
POSSIBLE SUNSHINE (PERCENT)   MM
AVERAGE SKY COVER           0.50
NUMBER OF DAYS FAIR           10
NUMBER OF DAYS PC             18
NUMBER OF DAYS CLOUDY          3

AVERAGE RH (PERCENT)     56

WEATHER CONDITIONS. NUMBER OF DAYS WITH
THUNDERSTORM              0     MIXED PRECIP               0
HEAVY RAIN                0     RAIN                       1
LIGHT RAIN                1     FREEZING RAIN              0
LT FREEZING RAIN          0     HAIL                       0
HEAVY SNOW                0     SNOW                       0
LIGHT SNOW                0     SLEET                      0
FOG                       2     FOG W/VIS <= 1/4 MILE      0
HAZE                      1

-  INDICATES NEGATIVE NUMBERS.
R  INDICATES RECORD WAS SET OR TIED.
MM INDICATES DATA IS MISSING.
T  INDICATES TRACE AMOUNT.

&&

MONTHLY CLIMATOLOGICAL SUMMARY:
AUGUST 2014 WAS THE 5TH WARMEST AND 7TH DRIEST AUGUST SINCE
RECORD KEEPING BEGAN FOR THE SAN ANTONIO AREA.

SEA LEVEL PRESSURE DATA:
HIGHEST SLP OF 30.05 ON THE 13TH
LOWEST SLP OF 29.73 ON THE 29TH


PRELIMINARY LOCAL CLIMATOLOGICAL DATA (WS FORM: F-6)

                                          STATION:   SAN ANTONIO
                                          MONTH:     AUGUST
                                          YEAR:      2014
                                          LATITUDE:   29 31 N
                                          LONGITUDE:  98 28 W

  TEMPERATURE IN F:       :PCPN:    SNOW:  WIND      :SUNSHINE: SKY     :PK WND
================================================================================
1   2   3   4   5  6A  6B    7    8   9   10  11  12  13   14  15   16   17  18
                                     12Z  AVG MX 2MIN
DY MAX MIN AVG DEP HDD CDD  WTR  SNW DPTH SPD SPD DIR MIN PSBL S-S WX    SPD DR
================================================================================

 1  94  78  86   0   0  21 0.00  0.0    0  8.1 16  40   M    M   8        20  20
 2  92  72  82  -4   0  17 0.00  0.0    0  8.5 13  70   M    M   5        20  60
 3  96  70  83  -3   0  18 0.00  0.0    0  5.9 16 350   M    M   2        22  50
 4  97  75  86   0   0  21 0.00  0.0    0  5.7 17 100   M    M   4 1      25  30
 5  97  73  85  -1   0  20 0.00  0.0    0  5.4 23 130   M    M   4 1      27 130
 6 100  75  88   2   0  23 0.00  0.0    0  7.5 23 150   M    M   5 8      28 150
 7 102  78  90   4   0  25 0.00  0.0    0 11.0 25 130   M    M   4        29 120
 8 102  78  90   4   0  25 0.00  0.0    0 10.4 23 150   M    M   3        28 160
 9  99  78  89   3   0  24 0.00  0.0    0  9.7 18 160   M    M   4        24 160
10  99  78  89   3   0  24 0.00  0.0    0  7.9 22 120   M    M   4        26 120
11 102  79  91   5   0  26 0.00  0.0    0  8.3 29 360   M    M   5 3      35  20
12  99  74  87   1   0  22 0.08  0.0    0  5.8 26 290   M    M   6 3      33 300
13 101  74  88   2   0  23 0.00  0.0    0  6.2 20  80   M    M   2        28  80
14 101  71  86   0   0  21 0.00  0.0    0  5.7 18 160   M    M   1        23 160
15  99  75  87   1   0  22 0.00  0.0    0  7.0 18 150   M    M   5        24 120
16 102  78  90   4   0  25 0.00  0.0    0 10.0 25 140   M    M   5        30 140
17 101  81  91   5   0  26 0.00  0.0    0 13.1 23 140   M    M   8        29 150
18 102  79  91   5   0  26 0.00  0.0    0 12.7 26 150   M    M   7        32 150
19  98  77  88   2   0  23 0.00  0.0    0 11.5 26 140   M    M   9        32 150
20 101  79  90   4   0  25 0.00  0.0    0 15.6 26 140   M    M   5        35 140
21 102  81  92   7   0  27 0.00  0.0    0 16.5 26 140   M    M   4        32 140
22 101  79  90   5   0  25 0.00  0.0    0 13.4 23 140   M    M   3        30 160
23 101  78  90   5   0  25 0.00  0.0    0 10.8 23 150   M    M   3        28 150
24 100  78  89   4   0  24 0.00  0.0    0  9.0 22 150   M    M   4        27 150
25 101  79  90   5   0  25 0.00  0.0    0  7.3 18 140   M    M   3        24 100
26 101  78  90   5   0  25 0.00  0.0    0  5.6 29 130   M    M   6        35 120
27  99  76  88   3   0  23 0.00  0.0    0  5.7 17 120   M    M   2        21 130
28  98  76  87   3   0  22 0.00  0.0    0  8.5 25 110   M    M   4        33 110
29  99  77  88   4   0  23 0.00  0.0    0  9.2 22 110   M    M   7        26 100
30  98  76  87   3   0  22 0.00  0.0    0  8.6 24 130   M    M   6        29 120
31  98  78  88   4   0  23    T  0.0    0 12.1 28 120   M    M   6        33 120
================================================================================
SM 3082 2378         0 721  0.08     0.0 282.7          M      144
================================================================================
AV 99.4 76.7                               9.1 FASTST   M    M   5    MAX(MPH)
                                 MISC ---->  # 29 360               # 35   20
================================================================================

NOTES:
# LAST OF SEVERAL OCCURRENCES

COLUMN 17 PEAK WIND IN M.P.H.

SYMBOLS USED IN COLUMN 16

1 = FOG OR MIST
2 = FOG REDUCING VISIBILITY
    TO 1/4 MILE OR LESS
3 = THUNDER
4 = ICE PELLETS
5 = HAIL
6 = FREEZING RAIN OR DRIZZLE
7 = DUSTSTORM OR SANDSTORM:
    VSBY 1/2 MILE OR LESS
8 = SMOKE OR HAZE
9 = BLOWING SNOW
X = TORNADO

$$
