000
CXUS56 KSEW 022036
CLMSEW


CLIMATE REPORT
NATIONAL WEATHER SERVICE SEATTLE WA
135 PM PDT SAT APR 2 2016

...................................

...THE SEATTLE WA WFO CLIMATE SUMMARY FOR THE MONTH OF MARCH 2016...

CLIMATE NORMAL PERIOD 1981 TO 2010
CLIMATE RECORD PERIOD 1986 TO 2016

WEATHER         OBSERVED          NORMAL  DEPART  LAST YEAR`S
                 VALUE   DATE(S)  VALUE   FROM    VALUE  DATE(S)
                                          NORMAL
................................................................
TEMPERATURE (F)
RECORD
 HIGH              78   03/29/2004
 LOW               27   03/10/2009
HIGHEST            71   03/31        MM      MM       71  03/26
LOWEST             35   03/17        MM      MM       29  03/04
AVG. MAXIMUM     57.0              53.8     3.2     59.0
AVG. MINIMUM     41.7              39.3     2.4     42.4
MEAN             49.4              46.6     2.8     50.7
DAYS MAX >= 90      0               0.0     0.0        0
DAYS MAX <= 32      0               0.0     0.0        0
DAYS MIN <= 32      0               1.6    -1.6        2
DAYS MIN <= 0       0               0.0     0.0        0

PRECIPITATION (INCHES)
RECORD
 MAXIMUM         8.42   2014
 MINIMUM         1.62   1992
TOTALS           5.22              3.51    1.71     4.46
DAILY AVG.       0.17              0.11    0.06     0.14
DAYS >= .01        22              17.1     4.9       17
DAYS >= .10        15              10.1     4.9        8
DAYS >= .50         2               1.7     0.3        3
DAYS >= 1.00        0               0.4    -0.4        1

SNOWFALL (INCHES)
TOTALS            0.0                                0.0
SINCE 7/1           T                                  T
SNOWDEPTH AVG.      0                                  0
GREATEST
 SNOW DEPTH         0                                  0  MM

DEGREE_DAYS
HEATING TOTAL     477               572     -95      437
 SINCE 7/1       3282              3738    -456     2918
COOLING TOTAL       0                 0       0        0
 SINCE 1/1          0                 0       0        0
.................................................................

WIND (MPH)
HIGHEST GUST SPEED/DIRECTION    MM        DATE   MM


WEATHER CONDITIONS. NUMBER OF DAYS WITH
THUNDERSTORM              0     MIXED PRECIP               0
HEAVY RAIN                0     RAIN                       5
LIGHT RAIN               25     FREEZING RAIN              0
LT FREEZING RAIN          0     HAIL                       0
HEAVY SNOW                0     SNOW                       0
LIGHT SNOW                0     SLEET                      0
FOG                       6     FOG W/VIS <= 1/4 MILE      0
HAZE                      0

-  INDICATES NEGATIVE NUMBERS.
R  INDICATES RECORD WAS SET OR TIED.
MM INDICATES DATA IS MISSING.
T  INDICATES TRACE AMOUNT.

$$
