000
CXUS54 KSJT 012345 CCA
CLMSJT

CLIMATE REPORT...CORRECTION
NATIONAL WEATHER SERVICE SAN ANGELO TX
858 AM CST SUN FEB 1 2015

...................................

...THE SAN ANGELO CLIMATE SUMMARY FOR THE MONTH OF JANUARY 2015...

CLIMATE NORMAL PERIOD 1981 TO 2010
CLIMATE RECORD PERIOD 1907 TO 2015

WEATHER         OBSERVED          NORMAL  DEPART  LAST YEAR`S
                 VALUE   DATE(S)  VALUE   FROM    VALUE  DATE(S)
                                          NORMAL
................................................................
TEMPERATURE (F)
RECORD
 HIGH              91   01/31/1911
 LOW                1   01/05/1947
                        01/14/1944
                        01/18/1930
HIGHEST            81   01/28                         85  01/31
LOWEST             19   01/08                          9  01/29
AVG. MAXIMUM     55.9              59.5    -3.6     62.1
AVG. MINIMUM     33.0              33.3    -0.3     29.5
MEAN             44.5              46.4    -1.9     45.8
DAYS MAX >= 90      0               0.0     0.0        0
DAYS MAX <= 32      1               0.6     0.4        1
DAYS MIN <= 32     17              14.5     2.5       20
DAYS MIN <= 0       0               0.0     0.0        0

PRECIPITATION (INCHES)
RECORD
 MAXIMUM         5.41   1919
 MINIMUM         0.00   1967
                        1887
                        1871
TOTALS           2.03              0.93    1.10        T
DAILY AVG.       0.07              0.03    0.04        T
DAYS >= .01         8               4.6     3.4        0
DAYS >= .10         6               2.0     4.0        0
DAYS >= .50         1               0.6     0.4        0
DAYS >= 1.00        0               0.2    -0.2        0
GREATEST
 24 HR. TOTAL    0.78   01/21 TO 01/22           01/27 TO 01/27
                                                          01/09 TO 01/10
                                                          01/10 TO 01/10

SNOWFALL (INCHES)
RECORDS
 TOTAL           13.0   1926
TOTALS              T               1.2    -1.2        T
SINCE 7/1           T               1.8    -1.8      1.5
SNOWDEPTH AVG.      0                MM      MM        0
DAYS >= 1.0         0               0.5    -0.5        0
GREATEST
 SNOW DEPTH         0   MM                             0  MM

DEGREE_DAYS
HEATING TOTAL     630               577      53      589
 SINCE 7/1       1391              1544    -153     1688
COOLING TOTAL       0                 1      -1        0
 SINCE 1/1          0                 0       0        0
.................................................

WIND (MPH)
AVERAGE WIND SPEED              8.7
HIGHEST WIND SPEED/DIRECTION    30/020    DATE  01/07
HIGHEST GUST SPEED/DIRECTION    39/030    DATE  01/22

SKY COVER
AVERAGE SKY COVER           0.40

AVERAGE RH (PERCENT)     65

WEATHER CONDITIONS. NUMBER OF DAYS WITH
THUNDERSTORM              2     MIXED PRECIP               0
HEAVY RAIN                3     RAIN                       4
LIGHT RAIN                8     FREEZING RAIN              0
LT FREEZING RAIN          2     HAIL                       0
HEAVY SNOW                0     SNOW                       0
LIGHT SNOW                2     SLEET                      1
FOG                      10     FOG W/VIS <= 1/4 MILE      0
HAZE                      0

-  INDICATES NEGATIVE NUMBERS.
R  INDICATES RECORD WAS SET OR TIED.
MM INDICATES DATA IS MISSING.
T  INDICATES TRACE AMOUNT.

$$
