226
CXUS54 KSJT 011849
CLMSJT


CLIMATE REPORT
NATIONAL WEATHER SERVICE SAN ANGELO TX
146 PM CDT FRI APR 1 2016

...................................

...THE SAN ANGELO CLIMATE SUMMARY FOR THE MONTH OF MARCH 2016...

CLIMATE NORMAL PERIOD 1981 TO 2010
CLIMATE RECORD PERIOD 1907 TO 2016

WEATHER         OBSERVED          NORMAL  DEPART  LAST YEAR`S
                 VALUE   DATE(S)  VALUE   FROM    VALUE  DATE(S)
                                          NORMAL
................................................................
TEMPERATURE (F)
RECORD
 HIGH              98   03/17/1908
 LOW                8   03/02/1980
HIGHEST            89   03/30                         93  03/29
LOWEST             30   03/20                         22  03/06
AVG. MAXIMUM     74.9              71.1     3.8     69.6
AVG. MINIMUM     47.1              44.4     2.7     44.7
MEAN             61.0              57.8     3.2     57.1
DAYS MAX >= 90      0               0.6    -0.6        1
DAYS MAX <= 32      0               0.0     0.0        0
DAYS MIN <= 32      1               3.5    -2.5        4
DAYS MIN <= 0       0               0.0     0.0        0

PRECIPITATION (INCHES)
RECORD
 MAXIMUM         5.00   1953
 MINIMUM         0.00   1963
                        1925
                        1916
TOTALS           3.33              1.50    1.83     1.66
DAILY AVG.       0.11              0.05    0.06     0.05
DAYS >= .01         4               5.6    -1.6        7
DAYS >= .10         3               3.0     0.0        5
DAYS >= .50         2               1.1     0.9        1
DAYS >= 1.00        2               0.3     1.7        0
GREATEST
 24 HR. TOTAL    1.84   03/10 TO 03/11           03/20 TO 03/20


SNOWFALL (INCHES)
RECORDS
 TOTAL            3.1   1962
TOTALS              T               0.1    -0.1      0.2
SINCE 7/1         3.1               2.2     0.9      1.4
SNOWDEPTH AVG.      0                MM      MM        0
DAYS >= 1.0         0               0.0     0.0        0
GREATEST
 SNOW DEPTH         0                                  0

DEGREE_DAYS
HEATING TOTAL     155               257    -102      286
 SINCE 7/1       1748              2218    -470     2133
COOLING TOTAL      42                33       9       51
 SINCE 1/1         52                38      14       53
.................................................

WIND (MPH)
AVERAGE WIND SPEED              10.3
HIGHEST WIND SPEED/DIRECTION    35/330    DATE  03/23
HIGHEST GUST SPEED/DIRECTION    42/330    DATE  03/23

SKY COVER
AVERAGE SKY COVER           0.20

AVERAGE RH (PERCENT)     59

WEATHER CONDITIONS. NUMBER OF DAYS WITH
THUNDERSTORM              0     MIXED PRECIP               0
HEAVY RAIN                3     RAIN                       4
LIGHT RAIN                5     FREEZING RAIN              0
LT FREEZING RAIN          0     HAIL                       1
HEAVY SNOW                0     SNOW                       0
LIGHT SNOW                0     SLEET                      0
FOG                       8     FOG W/VIS <= 1/4 MILE      1
HAZE                      1

-  INDICATES NEGATIVE NUMBERS.
R  INDICATES RECORD WAS SET OR TIED.
MM INDICATES DATA IS MISSING.
T  INDICATES TRACE AMOUNT.

$$
