000
CXUS54 KSJT 011914
CLMSJT


CLIMATE REPORT
NATIONAL WEATHER SERVICE SAN ANGELO TX
102 PM CST MON FEB 1 2016

...................................

...THE SAN ANGELO CLIMATE SUMMARY FOR THE MONTH OF JANUARY 2016...

CLIMATE NORMAL PERIOD 1981 TO 2010
CLIMATE RECORD PERIOD 1907 TO 2016

WEATHER         OBSERVED          NORMAL  DEPART  LAST YEAR`S
                 VALUE   DATE(S)  VALUE   FROM    VALUE  DATE(S)
                                          NORMAL
................................................................
TEMPERATURE (F)
RECORD
 HIGH              91   01/31/1911
 LOW                1   01/05/1947
                        01/14/1944
                        01/18/1930
HIGHEST            85   01/30                         81  01/28
LOWEST             21   01/10                         19  01/08
AVG. MAXIMUM     61.3              59.5     1.8     55.9
AVG. MINIMUM     32.3              33.3    -1.0     33.0
MEAN             46.8              46.4     0.4     44.5
DAYS MAX >= 90      0               0.0     0.0        0
DAYS MAX <= 32      0               0.6    -0.6        1
DAYS MIN <= 32     17              14.5     2.5       17
DAYS MIN <= 0       0               0.0     0.0        0

PRECIPITATION (INCHES)
RECORD
 MAXIMUM         5.41   1919
 MINIMUM         0.00   1967
                        1887
                        1871
TOTALS           0.03              0.93   -0.90     2.03
DAILY AVG.       0.00              0.03   -0.03     0.07
DAYS >= .01         1               4.6    -3.6        8
DAYS >= .10         0               2.0    -2.0        6
DAYS >= .50         0               0.6    -0.6        1
DAYS >= 1.00        0               0.2    -0.2        0
GREATEST
 24 HR. TOTAL    0.03   01/25 TO 01/26           01/21 TO 01/22

SNOWFALL (INCHES)
RECORDS
 TOTAL           13.0   1926
TOTALS              T               1.2    -1.2        T
SINCE 7/1         3.1               1.8     1.3        T
SNOWDEPTH AVG.      0                MM      MM        0
DAYS >= 1.0         0               0.5    -0.5        0
GREATEST
 SNOW DEPTH         0                                  0

DEGREE_DAYS
HEATING TOTAL     555               577     -22      630
 SINCE 7/1       1261              1544    -283     1391
COOLING TOTAL       0                 1      -1        0
 SINCE 1/1          0                 0       0        0
....................................................

WIND (MPH)
AVERAGE WIND SPEED              8.7
HIGHEST WIND SPEED/DIRECTION    33/260    DATE  01/07
HIGHEST GUST SPEED/DIRECTION    40/260    DATE  01/07

SKY COVER
AVERAGE SKY COVER           0.20

AVERAGE RH (PERCENT)     60

WEATHER CONDITIONS. NUMBER OF DAYS WITH
THUNDERSTORM              0     MIXED PRECIP               0
HEAVY RAIN                0     RAIN                       0
LIGHT RAIN                2     FREEZING RAIN              0
LT FREEZING RAIN          0     HAIL                       0
HEAVY SNOW                0     SNOW                       0
LIGHT SNOW                1     SLEET                      0
FOG                       6     FOG W/VIS <= 1/4 MILE      0
HAZE                      3

-  INDICATES NEGATIVE NUMBERS.
R  INDICATES RECORD WAS SET OR TIED.
MM INDICATES DATA IS MISSING.
T  INDICATES TRACE AMOUNT.

$$
