000
CXUS54 KSJT 011409
CLMSJT


CLIMATE REPORT
NATIONAL WEATHER SERVICE SAN ANGELO TX
906 AM CDT FRI SEP 1 2017

...................................

...THE SAN ANGELO CLIMATE SUMMARY FOR THE MONTH OF AUGUST 2017...

CLIMATE NORMAL PERIOD 1981 TO 2010
CLIMATE RECORD PERIOD 1907 TO 2017

WEATHER         OBSERVED          NORMAL  DEPART  LAST YEAR`S
                 VALUE   DATE(S)  VALUE   FROM    VALUE  DATE(S)
                                          NORMAL
................................................................
TEMPERATURE (F)
RECORD
 HIGH             111   08/04/1943
 LOW               45   08/31/1915
HIGHEST           103   08/06                        105  08/11
                                                          08/10
LOWEST             56   08/31                         63  08/16
AVG. MAXIMUM     93.8              94.7    -0.9     95.4
AVG. MINIMUM     69.6              70.7    -1.1     72.9
MEAN             81.7              82.7    -1.0     84.1
DAYS MAX >= 90     23              25.3    -2.3       24
DAYS MAX <= 32      0               0.0     0.0        0
DAYS MIN <= 32      0               0.0     0.0        0
DAYS MIN <= 0       0               0.0     0.0        0

PRECIPITATION (INCHES)
RECORD
 MAXIMUM        14.03   1882
 MINIMUM         0.00   2000
TOTALS           2.41              2.26    0.15     2.87
DAILY AVG.       0.08              0.07    0.01     0.09
DAYS >= .01        12               5.5     6.5        5
DAYS >= .10         8               3.2     4.8        2
DAYS >= .50         2               1.4     0.6        2
DAYS >= 1.00        0               0.6    -0.6        1
GREATEST
 24 HR. TOTAL    0.67   08/15                    08/12 TO 08/13

SNOWFALL (INCHES)
RECORDS
 TOTAL            0.0   2013
                        2012
                        2011
TOTALS            0.0               0.0     0.0      0.0
SINCE 7/1         0.0               0.0     0.0      0.0
SNOWDEPTH AVG.      0                MM      MM        0
DAYS >= 1.0         0               0.0     0.0        0
GREATEST
 SNOW DEPTH         0   MM                             0  MM

DEGREE_DAYS
HEATING TOTAL       0                 0       0        0
 SINCE 7/1          0                 0       0        0
COOLING TOTAL     524               549     -25      602
 SINCE 1/1       2274              2036     238     2160
....................................................

WIND (MPH)
AVERAGE WIND SPEED              7.3
HIGHEST WIND SPEED/DIRECTION    32/350    DATE  08/22
HIGHEST GUST SPEED/DIRECTION    42/360    DATE  08/16

SKY COVER
AVERAGE SKY COVER           0.20

AVERAGE RH (PERCENT)     60

WEATHER CONDITIONS. NUMBER OF DAYS WITH
THUNDERSTORM              8     MIXED PRECIP               0
HEAVY RAIN                7     RAIN                       6
LIGHT RAIN               16     FREEZING RAIN              0
LT FREEZING RAIN          0     HAIL                       0
HEAVY SNOW                0     SNOW                       0
LIGHT SNOW                0     SLEET                      0
FOG                      11     FOG W/VIS <= 1/4 MILE      1
HAZE                      2

-  INDICATES NEGATIVE NUMBERS.
R  INDICATES RECORD WAS SET OR TIED.
MM INDICATES DATA IS MISSING.
T  INDICATES TRACE AMOUNT.

$$
