000
CXUS45 KSLC 032133
CLMSLC

SLCCLMSLC 000
TTAA00 KSLC 032131


CLIMATE REPORT
NATIONAL WEATHER SERVICE SALT LAKE CITY UT
330 PM MDT TUE OCT 3 2017

...................................

...THE SALT LAKE CITY UT CLIMATE SUMMARY FOR THE MONTH OF SEPTEMBER 2017...

CLIMATE NORMAL PERIOD 1981 TO 2010
CLIMATE RECORD PERIOD 1874 TO 2017

WEATHER         OBSERVED          NORMAL  DEPART  LAST YEAR`S
                 VALUE   DATE(S)  VALUE   FROM    VALUE  DATE(S)
                                          NORMAL
................................................................
TEMPERATURE (F)
RECORD
 HIGH             100   09/08/1979
 LOW               27   09/18/1965
HIGHEST            98   09/04                         93  09/01
                        09/03
LOWEST             40   09/23                         46  09/25
AVG. MAXIMUM     77.8              79.2    -1.4     79.3
AVG. MINIMUM     56.0              53.0     3.0     55.2
MEAN             66.9              66.1     0.8     67.3
DAYS MAX >= 90     10               3.3     6.7        4
DAYS MAX <= 32      0               0.0     0.0        0
DAYS MIN <= 32      0               0.0     0.0        0
DAYS MIN <= 0       0               0.0     0.0        0

PRECIPITATION (INCHES)
TOTALS           2.04              1.21    0.83     1.88
DAYS >= .01         9               5.8     3.2        7
DAYS >= .10         5               2.8     2.2        4
DAYS >= .50         1               0.7     0.3        1
DAYS >= 1.00        0               0.2    -0.2        0

SNOWFALL (INCHES)
TOTALS            0.0               0.0     0.0      0.0
SINCE 7/1         0.0               0.0              0.0

DEGREE_DAYS
HEATING TOTAL     131                84      47       51
 SINCE 7/1        131                89      42       52
COOLING TOTAL     196               117      79      127
 SINCE 1/1       1758              1153     605     1604
.................................................................

WIND (MPH)
AVERAGE WIND SPEED              7.8
HIGHEST WIND SPEED/DIRECTION    31/170    DATE  09/18
HIGHEST GUST SPEED/DIRECTION    40/160    DATE  09/14


WEATHER CONDITIONS. NUMBER OF DAYS WITH
THUNDERSTORM              6     RAIN                       9
HAIL                      0     SNOW                       0
FOG                       5     FOG W/VIS <= 1/4 MILE      0
HAZE                      7

-  INDICATES NEGATIVE NUMBERS.
R  INDICATES RECORD WAS SET OR TIED.
MM INDICATES DATA IS MISSING.
T  INDICATES TRACE AMOUNT.

$$
