000
CXUS46 KLOX 012051
CLMSMX


CLIMATE REPORT
NATIONAL WEATHER SERVICE LOS ANGELES/OXNARD CA
1250 PM PST SUN FEB 1 2015

...................................

...THE SANTA MARIA AIRPORT CA CLIMATE SUMMARY FOR THE MONTH OF JANUARY 2015...

CLIMATE NORMAL PERIOD 1981 TO 2010
CLIMATE RECORD PERIOD 1906 TO 2015

WEATHER         OBSERVED          NORMAL  DEPART  LAST YEAR`S
                 VALUE   DATE(S)  VALUE   FROM    VALUE
                                          NORMAL
.............................................................
TEMPERATURE (F)
HIGHEST            82   01/24
                        01/06
LOWEST             32   01/01
AVG. MAXIMUM     72.2              63.4     8.8
AVG. MINIMUM     44.0              39.5     4.5
MEAN             58.1              51.5     6.6
DAYS MAX >= 90      0
DAYS MAX <= 32      0
DAYS MIN <= 32      1
DAYS MIN <= 0       0

PRECIPITATION (INCHES)
TOTALS           0.32              2.75   -2.43
DAILY AVG.       0.01
DAYS >= .01         3
DAYS >= .10         2
DAYS >= .50         0
DAYS >= 1.00        0
GREATEST
 24 HR. TOTAL    0.29   01/10 TO 01/11

DEGREE_DAYS
HEATING TOTAL     208               420    -212      190
 SINCE 7/1        538              1492    -954      934
COOLING TOTAL       0                 0       0        2
 SINCE 1/1          0                 0       0        2
..............................................................

WIND (MPH)
AVERAGE WIND SPEED              3.9
HIGHEST WIND SPEED/DIRECTION    23/290    DATE  01/30
HIGHEST GUST SPEED/DIRECTION    27/280    DATE  01/30

SKY COVER
POSSIBLE SUNSHINE (PERCENT)   MM
AVERAGE SKY COVER           0.20
NUMBER OF DAYS FAIR           23
NUMBER OF DAYS PC              7
NUMBER OF DAYS CLOUDY          1

AVERAGE RH (PERCENT)     59

WEATHER CONDITIONS. NUMBER OF DAYS WITH
THUNDERSTORM              0     MIXED PRECIP               0
HEAVY RAIN                0     RAIN                       2
LIGHT RAIN                7     FREEZING RAIN              0
LT FREEZING RAIN          0     HAIL                       0
HEAVY SNOW                0     SNOW                       0
LIGHT SNOW                0     SLEET                      0
FOG                      10     FOG W/VIS <= 1/4 MILE      7
HAZE                     10

-  INDICATES NEGATIVE NUMBERS.
R  INDICATES RECORD WAS SET OR TIED.
MM INDICATES DATA IS MISSING.
T  INDICATES TRACE AMOUNT.

$$
