000
CXUS56 KMTR 012302
CLMSNS


CLIMATE REPORT
NATIONAL WEATHER SERVICE SAN FRANCISCO BAY AREA
302 PM PST THU JAN 1 2015

...................................

...THE SALINAS AIRPORT CLIMATE SUMMARY FOR THE MONTH OF DECEMBER 2014...

CLIMATE NORMAL PERIOD 1981 TO 2010
CLIMATE RECORD PERIOD 1930 TO 2014

WEATHER         OBSERVED          NORMAL  DEPART  LAST YEAR`S
                 VALUE   DATE(S)  VALUE   FROM    VALUE  DATE(S)
                                          NORMAL
................................................................
TEMPERATURE (F)
RECORD
 HIGH              84   12/16/1980
 LOW               23   12/27/1954
HIGHEST            74   12/23                         80  12/26
LOWEST             34   12/31                         26  12/09
AVG. MAXIMUM     64.2              61.1     3.1     65.7
AVG. MINIMUM     48.8              40.8     8.0     37.7
MEAN             56.5              50.9     5.6     51.7
DAYS MAX >= 90      0                                  0
DAYS MAX <= 32      0                                  0
DAYS MIN <= 32      0                                  9
DAYS MIN <= 0       0                                  0

PRECIPITATION (INCHES)
RECORD
 MAXIMUM           MM   MM
 MINIMUM           MM   MM
TOTALS           6.01              1.93    4.08     0.21
DAILY AVG.       0.19                               0.01
DAYS >= .01        11                                  2
DAYS >= .10         7                                  1
DAYS >= .50         4                                  0
DAYS >= 1.00        1                                  0
GREATEST
 24 HR. TOTAL    3.42   12/11 TO 12/12           12/07 TO 12/07
                                                          12/31 TO 12/31
                                                          12/31 TO 12/31

DEGREE_DAYS
HEATING TOTAL     256               435    -179      403
 SINCE 7/1        470              1053    -583      929
COOLING TOTAL       1                 0       1        0
 SINCE 1/1        270               130     140      155
..................................................

WIND (MPH)
AVERAGE WIND SPEED              7.8
RESULTANT WIND SPEED/DIRECTION   5/113
HIGHEST WIND SPEED/DIRECTION    40/110    DATE  12/11
HIGHEST GUST SPEED/DIRECTION    49/100    DATE  12/11

SKY COVER
POSSIBLE SUNSHINE (PERCENT)   MM
AVERAGE SKY COVER           0.40
NUMBER OF DAYS FAIR           15
NUMBER OF DAYS PC              9
NUMBER OF DAYS CLOUDY          7

AVERAGE RH (PERCENT)     72

WEATHER CONDITIONS. NUMBER OF DAYS WITH
THUNDERSTORM              0     MIXED PRECIP               0
HEAVY RAIN                3     RAIN                       5
LIGHT RAIN               13     FREEZING RAIN              0
LT FREEZING RAIN          0     HAIL                       0
HEAVY SNOW                0     SNOW                       0
LIGHT SNOW                0     SLEET                      0
FOG                      18     FOG W/VIS <= 1/4 MILE      7
HAZE                     10

-  INDICATES NEGATIVE NUMBERS.
R  INDICATES RECORD WAS SET OR TIED.
MM INDICATES DATA IS MISSING.
T  INDICATES TRACE AMOUNT.

$$
