000
CXUS56 KMTR 031547
CLMSNS


CLIMATE REPORT
NATIONAL WEATHER SERVICE SAN FRANCISCO BAY AREA
747 AM PST TUE FEB 3 2015

...................................

...THE SALINAS AIRPORT CLIMATE SUMMARY FOR THE MONTH OF JANUARY 2015...

CLIMATE NORMAL PERIOD 1981 TO 2010
CLIMATE RECORD PERIOD 1930 TO 2015

WEATHER         OBSERVED          NORMAL  DEPART  LAST YEAR`S
                 VALUE   DATE(S)  VALUE   FROM    VALUE  DATE(S)
                                          NORMAL
................................................................
TEMPERATURE (F)
RECORD
 HIGH              86   01/17/2014
 LOW               18   01/21/1937
HIGHEST            83   01/25                         86  01/17
LOWEST             34   01/02                         37  01/13
AVG. MAXIMUM     69.9              61.3     8.6     70.9
AVG. MINIMUM     44.8              41.3     3.5     43.3
MEAN             57.3              51.3     6.0     57.1
DAYS MAX >= 90      0                                  0
DAYS MAX <= 32      0                                  0
DAYS MIN <= 32      0                                  0
DAYS MIN <= 0       0                                  0

PRECIPITATION (INCHES)
RECORD
 MAXIMUM           MM   MM
 MINIMUM           MM   MM
TOTALS           0.01              2.60   -2.59     0.12
DAILY AVG.       0.00                               0.00
DAYS >= .01         1                                  3
DAYS >= .10         0                                  1
DAYS >= .50         0                                  0
DAYS >= 1.00        0                                  0
GREATEST
 24 HR. TOTAL    0.01   01/21 TO 01/21           01/30 TO 01/30
                                                          01/31 TO 01/31
                                                          01/31 TO 01/31

DEGREE_DAYS
HEATING TOTAL     230               425    -195      241
 SINCE 7/1        700              1478    -778     1170
COOLING TOTAL       1                 0       1        2
 SINCE 1/1          1                 0       1        2
..................................................

WIND (MPH)
AVERAGE WIND SPEED              6.0
RESULTANT WIND SPEED/DIRECTION   3/106
HIGHEST WIND SPEED/DIRECTION    26/110    DATE  01/07
HIGHEST GUST SPEED/DIRECTION    30/130    DATE  01/27

SKY COVER
POSSIBLE SUNSHINE (PERCENT)   MM
AVERAGE SKY COVER           0.10
NUMBER OF DAYS FAIR           27
NUMBER OF DAYS PC              3
NUMBER OF DAYS CLOUDY          1

AVERAGE RH (PERCENT)     60

WEATHER CONDITIONS. NUMBER OF DAYS WITH
THUNDERSTORM              0     MIXED PRECIP               0
HEAVY RAIN                0     RAIN                       0
LIGHT RAIN                0     FREEZING RAIN              0
LT FREEZING RAIN          0     HAIL                       0
HEAVY SNOW                0     SNOW                       0
LIGHT SNOW                0     SLEET                      0
FOG                      12     FOG W/VIS <= 1/4 MILE      7
HAZE                     12

-  INDICATES NEGATIVE NUMBERS.
R  INDICATES RECORD WAS SET OR TIED.
MM INDICATES DATA IS MISSING.
T  INDICATES TRACE AMOUNT.

$$
