000
CXUS55 KCYS 031934
CLMSNY


CLIMATE REPORT
NATIONAL WEATHER SERVICE CHEYENNE WY
134 PM MDT THU SEP 3 2015

...................................

...THE SIDNEY NE AIRPORT CLIMATE SUMMARY FOR THE MONTH OF AUGUST 2015...

CLIMATE NORMAL PERIOD 1981 TO 2010
CLIMATE RECORD PERIOD 1948 TO 2015

WEATHER         OBSERVED          NORMAL  DEPART  LAST YEAR`S
                 VALUE   DATE(S)  VALUE   FROM    VALUE
                                          NORMAL
.............................................................
TEMPERATURE (F)
RECORD
 HIGH             104   08/08/1969
 LOW               35   08/23/2015
HIGHEST           101   08/26        MM      MM       98
LOWEST             35R  08/23        MM      MM       48
AVG. MAXIMUM     87.9              88.2    -0.3     88.2
AVG. MINIMUM     53.6              58.4    -4.8     55.1
MEAN             70.8              73.3    -2.5     71.6
DAYS MAX >= 90     15              13.7               18
DAYS MAX <= 32      0               0.0                0
DAYS MIN <= 32      0               0.0                0
DAYS MIN <= 0       0               0.0                0

PRECIPITATION (INCHES)
RECORD
 MAXIMUM         7.15   1968
 MINIMUM         0.12   1964
TOTALS           0.54              2.26   -1.72     2.91
DAYS >= .01         7               9.7    -2.7       11
DAYS >= .10         2               4.9    -2.9        6
DAYS >= .50         0               1.6    -1.6        2
DAYS >= 1.00        0               0.1    -0.1        1
GREATEST
 24 HR. TOTAL    0.17   08/05 TO 08/05

DEGREE_DAYS
HEATING TOTAL      31                 8      23        3
 SINCE 7/1         38                11      27       12
COOLING TOTAL     219               264     -45      215
 SINCE 1/1        568               742    -174      558
..............................................................

WIND (MPH)
AVERAGE WIND SPEED              10.5
HIGHEST WIND SPEED/DIRECTION    37/330    DATE  08/07
HIGHEST GUST SPEED/DIRECTION    49/320    DATE  08/07

SKY COVER
POSSIBLE SUNSHINE (PERCENT)   MM
AVERAGE SKY COVER           0.10
NUMBER OF DAYS FAIR           26
NUMBER OF DAYS PC              4
NUMBER OF DAYS CLOUDY          1

AVERAGE RH (PERCENT)     59

WEATHER CONDITIONS. NUMBER OF DAYS WITH
THUNDERSTORM              0     MIXED PRECIP               0
HEAVY RAIN                2     RAIN                       2
LIGHT RAIN               11     FREEZING RAIN              0
LT FREEZING RAIN          0     HAIL                       0
HEAVY SNOW                0     SNOW                       0
LIGHT SNOW                0     SLEET                      0
FOG                       9     FOG W/VIS <= 1/4 MILE      4
HAZE                      3

-  INDICATES NEGATIVE NUMBERS.
R  INDICATES RECORD WAS SET OR TIED.
MM INDICATES DATA IS MISSING.
T  INDICATES TRACE AMOUNT.

$$
